CRAN Package Check Results for Package yaml

Last updated on 2017-04-26 23:53:33.

Flavor Version Tinstall Tcheck Ttotal Status Flags
r-devel-linux-x86_64-debian-clang 2.1.14 5.64 10.98 16.62 NOTE
r-devel-linux-x86_64-debian-gcc 2.1.14 5.26 10.73 15.99 NOTE
r-devel-linux-x86_64-fedora-clang 2.1.14 28.77 NOTE --no-stop-on-test-error
r-devel-linux-x86_64-fedora-gcc 2.1.14 26.89 NOTE --no-stop-on-test-error
r-devel-windows-ix86+x86_64 2.1.14 36.00 36.00 72.00 OK
r-patched-linux-x86_64 2.1.14 5.09 11.17 16.26 NOTE
r-patched-solaris-sparc 2.1.14 180.00 OK
r-patched-solaris-x86 2.1.14 39.70 OK
r-release-linux-x86_64 2.1.14 5.10 10.79 15.89 NOTE
r-release-windows-ix86+x86_64 2.1.14 27.00 31.00 58.00 OK
r-release-osx-x86_64 2.1.14 OK
r-oldrel-windows-ix86+x86_64 2.1.14 26.00 38.00 64.00 OK
r-oldrel-osx-x86_64 2.1.14 OK

Check Details

Version: 2.1.14
Check: compiled code
Result: NOTE
    File ‘yaml/libs/yaml.so’:
     Found no call to: ‘R_useDynamicSymbols’
    
    It is good practice to register native routines and to disable symbol
    search.
    
    See ‘Writing portable packages’ in the ‘Writing R Extensions’ manual.
Flavors: r-devel-linux-x86_64-debian-clang, r-devel-linux-x86_64-debian-gcc, r-patched-linux-x86_64, r-release-linux-x86_64

Version: 2.1.14
Flags: --no-stop-on-test-error
Check: compiled code
Result: NOTE
    File ‘yaml/libs/yaml.so’:
     Found no call to: ‘R_useDynamicSymbols’
    
    It is good practice to register native routines and to disable symbol
    search.
    
    See ‘Writing portable packages’ in the ‘Writing R Extensions’ manual.
Flavors: r-devel-linux-x86_64-fedora-clang, r-devel-linux-x86_64-fedora-gcc