CRAN Package Check Results for Package yaml

Last updated on 2017-08-23 01:46:53.

Flavor Version Tinstall Tcheck Ttotal Status Flags
r-devel-linux-x86_64-debian-clang 2.1.14 5.55 11.93 17.47 NOTE
r-devel-linux-x86_64-debian-gcc 2.1.14 5.57 11.24 16.81 NOTE
r-devel-linux-x86_64-fedora-clang 2.1.14 28.43 NOTE
r-devel-linux-x86_64-fedora-gcc 2.1.14 27.36 NOTE
r-devel-windows-ix86+x86_64 2.1.14 26.00 46.00 72.00 OK
r-patched-linux-x86_64 2.1.14 5.38 11.88 17.26 NOTE
r-patched-solaris-x86 2.1.14 42.10 OK
r-release-linux-x86_64 2.1.14 6.76 11.37 18.13 NOTE
r-release-windows-ix86+x86_64 2.1.14 25.00 40.00 65.00 OK
r-release-osx-x86_64 2.1.14 OK
r-oldrel-windows-ix86+x86_64 2.1.14 25.00 30.00 55.00 OK
r-oldrel-osx-x86_64 2.1.14 OK

Additional issues

rchk

Check Details

Version: 2.1.14
Check: compiled code
Result: NOTE
    File ‘yaml/libs/yaml.so’:
     Found no call to: ‘R_useDynamicSymbols’
    
    It is good practice to register native routines and to disable symbol
    search.
    
    See ‘Writing portable packages’ in the ‘Writing R Extensions’ manual.
Flavors: r-devel-linux-x86_64-debian-clang, r-devel-linux-x86_64-debian-gcc, r-devel-linux-x86_64-fedora-clang, r-devel-linux-x86_64-fedora-gcc, r-patched-linux-x86_64, r-release-linux-x86_64