CRAN Package Check Results for Package yaml

Last updated on 2017-06-25 18:48:09.

Flavor Version Tinstall Tcheck Ttotal Status Flags
r-devel-linux-x86_64-debian-clang 2.1.14 5.64 11.53 17.16 NOTE
r-devel-linux-x86_64-debian-gcc 2.1.14 5.45 10.88 16.33 NOTE
r-devel-linux-x86_64-fedora-clang 2.1.14 30.66 NOTE
r-devel-linux-x86_64-fedora-gcc 2.1.14 26.95 NOTE
r-devel-windows-ix86+x86_64 2.1.14 34.00 47.00 81.00 OK
r-patched-linux-x86_64 2.1.14 4.85 10.71 15.56 NOTE
r-patched-solaris-sparc 2.1.14 180.00 OK
r-patched-solaris-x86 2.1.14 40.40 OK
r-release-linux-x86_64 2.1.14 5.45 11.20 16.65 NOTE
r-release-windows-ix86+x86_64 2.1.14 27.00 43.00 70.00 OK
r-release-osx-x86_64 2.1.14 OK
r-oldrel-windows-ix86+x86_64 2.1.14 27.00 44.00 71.00 OK
r-oldrel-osx-x86_64 2.1.14 OK

Additional issues

rchk

Check Details

Version: 2.1.14
Check: compiled code
Result: NOTE
    File ‘yaml/libs/yaml.so’:
     Found no call to: ‘R_useDynamicSymbols’
    
    It is good practice to register native routines and to disable symbol
    search.
    
    See ‘Writing portable packages’ in the ‘Writing R Extensions’ manual.
Flavors: r-devel-linux-x86_64-debian-clang, r-devel-linux-x86_64-debian-gcc, r-devel-linux-x86_64-fedora-clang, r-devel-linux-x86_64-fedora-gcc, r-patched-linux-x86_64, r-release-linux-x86_64