CRAN Package Check Results for Package yaml

Last updated on 2017-01-16 17:49:44.

Flavor Version Tinstall Tcheck Ttotal Status Flags
r-devel-linux-x86_64-debian-clang 2.1.14 5.31 10.56 15.87 OK
r-devel-linux-x86_64-debian-gcc 2.1.14 5.59 10.35 15.94 OK
r-devel-linux-x86_64-fedora-clang 2.1.14 27.87 OK --no-stop-on-test-error
r-devel-linux-x86_64-fedora-gcc 2.1.14 26.72 NOTE --no-stop-on-test-error
r-devel-macos-x86_64-clang 2.1.14 22.44 OK --no-stop-on-test-error
r-devel-windows-ix86+x86_64 2.1.14 88.00 40.00 128.00 OK
r-patched-linux-x86_64 2.1.14 5.02 8.57 13.59 OK
r-patched-solaris-sparc 2.1.14 131.90 OK
r-patched-solaris-x86 2.1.14 30.80 OK
r-release-linux-x86_64 2.1.14 4.90 8.91 13.81 OK
r-release-osx-x86_64-mavericks 2.1.14 OK
r-release-windows-ix86+x86_64 2.1.14 32.00 28.00 60.00 OK
r-oldrel-windows-ix86+x86_64 2.1.14 22.00 42.00 64.00 OK

Check Details

Version: 2.1.14
Flags: --no-stop-on-test-error
Check: compiled code
Result: NOTE
    File ‘yaml/libs/yaml.so’:
     Found no call to: ‘R_useDynamicSymbols’
    
    It is good practice to use registered native symbols and disable symbol
    search.
    
    See ‘Writing portable packages’ in the ‘Writing R Extensions’ manual.
Flavor: r-devel-linux-x86_64-fedora-gcc