CRAN Package Check Results for Package yaml

Last updated on 2017-03-26 21:48:21.

Flavor Version Tinstall Tcheck Ttotal Status Flags
r-devel-linux-x86_64-debian-clang 2.1.14 5.44 11.27 16.71 NOTE
r-devel-linux-x86_64-debian-gcc 2.1.14 5.50 11.01 16.51 NOTE
r-devel-linux-x86_64-fedora-clang 2.1.14 28.00 NOTE --no-stop-on-test-error
r-devel-linux-x86_64-fedora-gcc 2.1.14 26.90 NOTE --no-stop-on-test-error
r-devel-macos-x86_64-clang 2.1.14 22.56 NOTE --no-stop-on-test-error
r-devel-windows-ix86+x86_64 2.1.14 29.00 46.00 75.00 OK
r-patched-linux-x86_64 2.1.14 4.90 10.91 15.81 NOTE
r-patched-solaris-sparc 2.1.14 180.00 OK
r-patched-solaris-x86 2.1.14 48.40 OK
r-release-linux-x86_64 2.1.14 5.25 9.00 14.25 OK
r-release-osx-x86_64-mavericks 2.1.14 OK
r-release-windows-ix86+x86_64 2.1.14 36.00 30.00 66.00 OK
r-oldrel-windows-ix86+x86_64 2.1.14 30.00 29.00 59.00 OK

Check Details

Version: 2.1.14
Check: compiled code
Result: NOTE
    File ‘yaml/libs/yaml.so’:
     Found no call to: ‘R_useDynamicSymbols’
    
    It is good practice to register native routines and to disable symbol
    search.
    
    See ‘Writing portable packages’ in the ‘Writing R Extensions’ manual.
Flavors: r-devel-linux-x86_64-debian-clang, r-devel-linux-x86_64-debian-gcc, r-patched-linux-x86_64

Version: 2.1.14
Flags: --no-stop-on-test-error
Check: compiled code
Result: NOTE
    File ‘yaml/libs/yaml.so’:
     Found no call to: ‘R_useDynamicSymbols’
    
    It is good practice to register native routines and to disable symbol
    search.
    
    See ‘Writing portable packages’ in the ‘Writing R Extensions’ manual.
Flavors: r-devel-linux-x86_64-fedora-clang, r-devel-linux-x86_64-fedora-gcc, r-devel-macos-x86_64-clang