CRAN Package Check Results for Package yaml

Last updated on 2017-02-20 13:51:26.

Flavor Version Tinstall Tcheck Ttotal Status Flags
r-devel-linux-x86_64-debian-clang 2.1.14 5.38 11.43 16.81 NOTE
r-devel-linux-x86_64-debian-gcc 2.1.14 5.34 10.80 16.15 NOTE
r-devel-linux-x86_64-fedora-clang 2.1.14 27.05 NOTE --no-stop-on-test-error
r-devel-linux-x86_64-fedora-gcc 2.1.14 26.52 NOTE --no-stop-on-test-error
r-devel-macos-x86_64-clang 2.1.14 23.26 NOTE --no-stop-on-test-error
r-devel-windows-ix86+x86_64 2.1.14 22.00 30.00 52.00 OK
r-patched-linux-x86_64 2.1.14 4.79 9.00 13.79 OK
r-patched-solaris-sparc 2.1.14 131.90 OK
r-patched-solaris-x86 2.1.14 31.00 OK
r-release-linux-x86_64 2.1.14 5.12 8.97 14.09 OK
r-release-osx-x86_64-mavericks 2.1.14 OK
r-release-windows-ix86+x86_64 2.1.14 24.00 30.00 54.00 OK
r-oldrel-windows-ix86+x86_64 2.1.14 26.00 39.00 65.00 OK

Check Details

Version: 2.1.14
Check: compiled code
Result: NOTE
    File ‘yaml/libs/yaml.so’:
     Found no call to: ‘R_useDynamicSymbols’
    
    It is good practice to register native routines and to disable symbol
    search.
    
    See ‘Writing portable packages’ in the ‘Writing R Extensions’ manual.
Flavors: r-devel-linux-x86_64-debian-clang, r-devel-linux-x86_64-debian-gcc

Version: 2.1.14
Flags: --no-stop-on-test-error
Check: compiled code
Result: NOTE
    File ‘yaml/libs/yaml.so’:
     Found no call to: ‘R_useDynamicSymbols’
    
    It is good practice to register native routines and to disable symbol
    search.
    
    See ‘Writing portable packages’ in the ‘Writing R Extensions’ manual.
Flavors: r-devel-linux-x86_64-fedora-clang, r-devel-linux-x86_64-fedora-gcc, r-devel-macos-x86_64-clang