CRAN Package Check Results for Package yaml

Last updated on 2017-10-23 14:49:08.

Flavor Version Tinstall Tcheck Ttotal Status Flags
r-devel-linux-x86_64-debian-clang 2.1.14 5.36 11.21 16.57 NOTE
r-devel-linux-x86_64-debian-gcc 2.1.14 8.87 12.11 20.98 NOTE
r-devel-linux-x86_64-fedora-clang 2.1.14 28.10 NOTE
r-devel-linux-x86_64-fedora-gcc 2.1.14 27.99 NOTE
r-devel-windows-ix86+x86_64 2.1.14 35.00 33.00 68.00 OK
r-patched-linux-x86_64 2.1.14 5.51 11.03 16.54 NOTE
r-patched-solaris-x86 2.1.14 55.90 OK
r-release-linux-x86_64 2.1.14 5.38 11.31 16.69 NOTE
r-release-windows-ix86+x86_64 2.1.14 36.00 32.00 68.00 OK
r-release-osx-x86_64 2.1.14 OK
r-oldrel-windows-ix86+x86_64 2.1.14 24.00 30.00 54.00 OK
r-oldrel-osx-x86_64 2.1.14 OK

Additional issues

rchk

Check Details

Version: 2.1.14
Check: compiled code
Result: NOTE
    File ‘yaml/libs/yaml.so’:
     Found no call to: ‘R_useDynamicSymbols’
    
    It is good practice to register native routines and to disable symbol
    search.
    
    See ‘Writing portable packages’ in the ‘Writing R Extensions’ manual.
Flavors: r-devel-linux-x86_64-debian-clang, r-devel-linux-x86_64-debian-gcc, r-devel-linux-x86_64-fedora-clang, r-devel-linux-x86_64-fedora-gcc, r-patched-linux-x86_64, r-release-linux-x86_64