CRAN Package Check Results for Package yarr

Last updated on 2020-01-23 19:49:21 CET.

Flavor Version Tinstall Tcheck Ttotal Status Flags
r-devel-linux-x86_64-debian-clang 0.1.2 2.14 20.09 22.23 OK
r-devel-linux-x86_64-debian-gcc 0.1.2 1.48 16.04 17.52 OK
r-devel-linux-x86_64-fedora-clang 0.1.2 27.66 OK
r-devel-linux-x86_64-fedora-gcc 0.1.2 26.96 OK
r-devel-windows-ix86+x86_64 0.1.2 8.00 47.00 55.00 OK
r-devel-windows-ix86+x86_64-gcc8 0.1.2 7.00 48.00 55.00 OK
r-patched-linux-x86_64 0.1.2 1.40 18.42 19.82 OK
r-patched-solaris-x86 0.1.2 38.40 OK
r-release-linux-x86_64 0.1.2 1.62 18.60 20.22 OK
r-release-windows-ix86+x86_64 0.1.2 6.00 42.00 48.00 OK
r-release-osx-x86_64 0.1.2 OK
r-oldrel-osx-x86_64 0.1.2 ERROR

Check Details

Version: 0.1.2
Check: whether package can be installed
Result: ERROR
    Installation failed.
Flavor: r-oldrel-osx-x86_64