CRAN Package Check Results for Package yarr

Last updated on 2019-09-16 14:47:26 CEST.

Flavor Version Tinstall Tcheck Ttotal Status Flags
r-devel-linux-x86_64-debian-clang 0.1.2 1.95 17.49 19.44 OK
r-devel-linux-x86_64-debian-gcc 0.1.2 1.63 14.49 16.12 OK
r-devel-linux-x86_64-fedora-clang 0.1.2 24.55 OK
r-devel-linux-x86_64-fedora-gcc 0.1.2 23.88 OK
r-devel-windows-ix86+x86_64 0.1.2 8.00 32.00 40.00 OK
r-patched-linux-x86_64 0.1.2 1.71 18.08 19.79 OK
r-patched-solaris-x86 0.1.2 37.80 OK
r-release-linux-x86_64 0.1.2 1.68 18.30 19.98 OK
r-release-windows-ix86+x86_64 0.1.2 5.00 43.00 48.00 OK
r-release-osx-x86_64 0.1.2 OK
r-oldrel-osx-x86_64 0.1.2 ERROR

Check Details

Version: 0.1.2
Check: whether package can be installed
Result: ERROR
    Installation failed.
Flavor: r-oldrel-osx-x86_64