Last updated on 2025-01-25 06:49:29 CET.
Flavor | Version | Tinstall | Tcheck | Ttotal | Status | Flags |
---|---|---|---|---|---|---|
r-devel-linux-x86_64-debian-clang | 0.2.1 | 34.35 | 169.35 | 203.70 | NOTE | |
r-devel-linux-x86_64-debian-gcc | 0.2.1 | 24.58 | 104.02 | 128.60 | NOTE | |
r-devel-linux-x86_64-fedora-clang | 0.2.1 | 325.60 | OK | |||
r-devel-linux-x86_64-fedora-gcc | 0.2.1 | 322.10 | OK | |||
r-devel-windows-x86_64 | 0.2.1 | 36.00 | 178.00 | 214.00 | NOTE | |
r-patched-linux-x86_64 | 0.2.1 | 40.57 | 150.20 | 190.77 | OK | |
r-release-linux-x86_64 | 0.2.1 | 33.03 | 148.38 | 181.41 | OK | |
r-release-macos-arm64 | 0.2.1 | 88.00 | OK | |||
r-release-macos-x86_64 | 0.2.1 | 217.00 | OK | |||
r-release-windows-x86_64 | 0.2.1 | 36.00 | 174.00 | 210.00 | OK | |
r-oldrel-macos-arm64 | 0.2.1 | 93.00 | OK | |||
r-oldrel-macos-x86_64 | 0.2.1 | 179.00 | OK | |||
r-oldrel-windows-x86_64 | 0.2.1 | 40.00 | 215.00 | 255.00 | OK |
Version: 0.2.1
Check: Rd cross-references
Result: NOTE
Found the following Rd file(s) with Rd \link{} targets missing package
anchors:
ycevo.Rd: dplyr_tidy_select
Please provide package anchors for all Rd \link{} targets not in the
package itself and the base packages.
Flavors: r-devel-linux-x86_64-debian-clang, r-devel-linux-x86_64-debian-gcc, r-devel-windows-x86_64