CRAN Package Check Results for Package yesno

Last updated on 2021-11-29 03:53:26 CET.

Flavor Version Tinstall Tcheck Ttotal Status Flags
r-devel-linux-x86_64-debian-clang 0.1.2 NOTE
r-devel-linux-x86_64-debian-gcc 0.1.2 1.46 18.23 19.69 NOTE
r-devel-linux-x86_64-fedora-clang 0.1.2 41.42 NOTE
r-devel-linux-x86_64-fedora-gcc 0.1.2 28.52 NOTE
r-devel-windows-x86_64-new-UL 0.1.2 6.00 61.00 67.00 NOTE
r-devel-windows-x86_64-new-TK 0.1.2 NOTE
r-devel-windows-x86_64-old 0.1.2 4.00 43.00 47.00 NOTE
r-patched-linux-x86_64 0.1.2 1.75 20.48 22.23 NOTE
r-patched-solaris-x86 0.1.2 45.10 NOTE
r-release-linux-x86_64 0.1.2 1.67 20.66 22.33 NOTE
r-release-macos-arm64 0.1.2 NOTE
r-release-macos-x86_64 0.1.2 NOTE
r-release-windows-ix86+x86_64 0.1.2 5.00 29.00 34.00 NOTE
r-oldrel-macos-x86_64 0.1.2 OK
r-oldrel-windows-ix86+x86_64 0.1.2 3.00 40.00 43.00 OK

Check Details

Version: 0.1.2
Check: LazyData
Result: NOTE
     'LazyData' is specified without a 'data' directory
Flavors: r-devel-linux-x86_64-debian-clang, r-devel-linux-x86_64-debian-gcc, r-devel-linux-x86_64-fedora-clang, r-devel-linux-x86_64-fedora-gcc, r-devel-windows-x86_64-new-UL, r-devel-windows-x86_64-new-TK, r-devel-windows-x86_64-old, r-patched-linux-x86_64, r-patched-solaris-x86, r-release-linux-x86_64, r-release-macos-arm64, r-release-macos-x86_64, r-release-windows-ix86+x86_64