CRAN Package Check Results for Package yhat

Last updated on 2015-07-31 22:49:54.

Flavor Version Tinstall Tcheck Ttotal Status Flags
r-devel-linux-x86_64-debian-clang 2.0-0 0.68 21.53 22.21 NOTE
r-devel-linux-x86_64-debian-gcc 2.0-0 1.03 20.86 21.89 NOTE
r-devel-linux-x86_64-fedora-clang 2.0-0 41.82 NOTE
r-devel-linux-x86_64-fedora-gcc 2.0-0 39.44 NOTE
r-devel-osx-x86_64-clang 2.0-0 38.60 OK
r-devel-windows-ix86+x86_64 2.0-0 5.00 35.00 40.00 NOTE
r-patched-linux-x86_64 2.0-0 0.70 21.08 21.78 OK
r-patched-solaris-sparc 2.0-0 265.00 OK
r-patched-solaris-x86 2.0-0 52.50 OK
r-release-linux-x86_64 2.0-0 0.79 20.80 21.59 OK
r-release-osx-x86_64-mavericks 2.0-0 OK
r-release-windows-ix86+x86_64 2.0-0 5.00 56.00 61.00 OK
r-oldrel-windows-ix86+x86_64 2.0-0 4.00 44.00 48.00 OK

Check Details

Version: 2.0-0
Check: R code for possible problems
Result: NOTE
    aps: no visible global function definition for ‘na.omit’
    aps: no visible global function definition for ‘lm’
    aps: no visible binding for global variable ‘var’
    boot.yhat: no visible global function definition for ‘lm’
    boot.yhat: no visible global function definition for ‘cor.test’
    booteval.yhat: no visible global function definition for ‘combn’
    booteval.yhat: no visible global function definition for ‘sd’
    calc.yhat: no visible global function definition for ‘model.frame’
    calc.yhat: no visible global function definition for ‘model.matrix’
    calc.yhat: no visible global function definition for ‘na.omit’
    calc.yhat: no visible global function definition for ‘coef’
    calc.yhat: no visible global function definition for ‘cor’
    calc.yhat: no visible global function definition for ‘fitted.values’
    commonalityCoefficients: no visible global function definition for
     ‘na.omit’
    commonalityCoefficients: no visible global function definition for ‘lm’
    dombin: no visible global function definition for ‘combn’
    dombin: no visible global function definition for ‘na.omit’
    dominance: no visible global function definition for ‘combn’
    plotCI.yhat: no visible global function definition for ‘par’
    plotCI.yhat: no visible global function definition for ‘na.omit’
    plotCI.yhat: no visible global function definition for ‘axis’
    plotCI.yhat: no visible global function definition for ‘title’
    regr: no visible global function definition for ‘model.frame’
    regr: no visible global function definition for ‘model.matrix’
    regr: no visible global function definition for ‘na.omit’
    regr: no visible global function definition for ‘coef’
    regr: no visible global function definition for ‘cor’
    regr: no visible global function definition for ‘fitted.values’
    rlw: no visible global function definition for ‘na.omit’
    rlw: no visible global function definition for ‘cor’
    Undefined global functions or variables:
     axis coef combn cor cor.test fitted.values lm model.frame
     model.matrix na.omit par sd title var
    Consider adding
     importFrom("graphics", "axis", "par", "title")
     importFrom("stats", "coef", "cor", "cor.test", "fitted.values", "lm",
     "model.frame", "model.matrix", "na.omit", "sd", "var")
     importFrom("utils", "combn")
    to your NAMESPACE.
Flavors: r-devel-linux-x86_64-debian-clang, r-devel-linux-x86_64-debian-gcc, r-devel-linux-x86_64-fedora-clang, r-devel-linux-x86_64-fedora-gcc, r-devel-windows-ix86+x86_64