CRAN Package Check Results for Package yhat

Last updated on 2015-04-21 03:49:47.

Flavor Version Tinstall Tcheck Ttotal Status Flags
r-devel-linux-x86_64-debian-clang 2.0-0 0.71 21.79 22.50 OK
r-devel-linux-x86_64-debian-gcc 2.0-0 0.70 21.09 21.79 OK
r-devel-linux-x86_64-fedora-clang 2.0-0 43.66 OK
r-devel-linux-x86_64-fedora-gcc 2.0-0 40.53 OK
r-devel-osx-x86_64-clang 2.0-0 41.30 OK
r-devel-windows-ix86+x86_64 2.0-0 5.00 34.00 39.00 OK
r-patched-linux-x86_64 2.0-0 0.70 21.34 22.04 OK
r-patched-solaris-sparc 2.0-0 261.80 OK
r-patched-solaris-x86 2.0-0 51.00 OK
r-release-linux-x86_64 2.0-0 0.71 20.91 21.62 OK
r-release-osx-x86_64-mavericks 2.0-0 OK
r-release-osx-x86_64-snowleopard 2.0-0 ERROR
r-release-windows-ix86+x86_64 2.0-0 3.00 34.00 37.00 OK
r-oldrel-windows-ix86+x86_64 2.0-0 3.00 35.00 38.00 OK

Check Details

Version: 2.0-0
Check: package dependencies
Result: ERROR
    Package required but not available: ‘miscTools’
    
    See section ‘The DESCRIPTION file’ in the ‘Writing R Extensions’
    manual.
Flavor: r-release-osx-x86_64-snowleopard