CRAN Package Check Results for Package yhat

Last updated on 2016-06-25 06:47:37.

Flavor Version Tinstall Tcheck Ttotal Status Flags
r-devel-linux-x86_64-debian-gcc 2.0-0 0.83 21.22 22.05 NOTE
r-devel-linux-x86_64-fedora-clang 2.0-0 39.49 NOTE
r-devel-linux-x86_64-fedora-gcc 2.0-0 22.69 NOTE
r-devel-osx-x86_64-clang 2.0-0 32.32 NOTE
r-devel-windows-ix86+x86_64 2.0-0 4.00 67.00 71.00 NOTE
r-patched-linux-x86_64 2.0-0 0.82 12.86 13.68 ERROR
r-patched-solaris-x86 2.0-0 46.20 NOTE
r-release-linux-x86_64 2.0-0 0.77 13.05 13.82 ERROR
r-release-osx-x86_64-mavericks 2.0-0 NOTE
r-release-windows-ix86+x86_64 2.0-0 6.00 43.00 49.00 NOTE
r-oldrel-windows-ix86+x86_64 2.0-0 5.00 64.00 69.00 OK

Check Details

Version: 2.0-0
Check: R code for possible problems
Result: NOTE
    aps: no visible global function definition for ‘na.omit’
    aps: no visible global function definition for ‘lm’
    aps: no visible binding for global variable ‘var’
    boot.yhat: no visible global function definition for ‘lm’
    boot.yhat: no visible global function definition for ‘cor.test’
    booteval.yhat: no visible global function definition for ‘combn’
    booteval.yhat: no visible global function definition for ‘sd’
    calc.yhat: no visible global function definition for ‘model.frame’
    calc.yhat: no visible global function definition for ‘model.matrix’
    calc.yhat: no visible global function definition for ‘na.omit’
    calc.yhat: no visible global function definition for ‘coef’
    calc.yhat: no visible global function definition for ‘cor’
    calc.yhat: no visible global function definition for ‘fitted.values’
    commonalityCoefficients: no visible global function definition for
     ‘na.omit’
    commonalityCoefficients: no visible global function definition for ‘lm’
    dombin: no visible global function definition for ‘combn’
    dombin: no visible global function definition for ‘na.omit’
    dominance: no visible global function definition for ‘combn’
    plotCI.yhat: no visible global function definition for ‘par’
    plotCI.yhat: no visible global function definition for ‘na.omit’
    plotCI.yhat: no visible global function definition for ‘axis’
    plotCI.yhat: no visible global function definition for ‘title’
    regr: no visible global function definition for ‘model.frame’
    regr: no visible global function definition for ‘model.matrix’
    regr: no visible global function definition for ‘na.omit’
    regr: no visible global function definition for ‘coef’
    regr: no visible global function definition for ‘cor’
    regr: no visible global function definition for ‘fitted.values’
    rlw: no visible global function definition for ‘na.omit’
    rlw: no visible global function definition for ‘cor’
    Undefined global functions or variables:
     axis coef combn cor cor.test fitted.values lm model.frame
     model.matrix na.omit par sd title var
    Consider adding
     importFrom("graphics", "axis", "par", "title")
     importFrom("stats", "coef", "cor", "cor.test", "fitted.values", "lm",
     "model.frame", "model.matrix", "na.omit", "sd", "var")
     importFrom("utils", "combn")
    to your NAMESPACE file.
Flavors: r-devel-linux-x86_64-debian-gcc, r-devel-linux-x86_64-fedora-clang, r-devel-linux-x86_64-fedora-gcc, r-devel-osx-x86_64-clang, r-devel-windows-ix86+x86_64, r-patched-linux-x86_64, r-patched-solaris-sparc, r-patched-solaris-x86, r-release-linux-x86_64, r-release-osx-x86_64-mavericks, r-release-windows-ix86+x86_64

Version: 2.0-0
Check: package dependencies
Result: NOTE
    Package suggested but not available for checking: ‘MBESS’
Flavors: r-patched-linux-x86_64, r-release-linux-x86_64

Version: 2.0-0
Check: examples
Result: ERROR
    Running examples in ‘yhat-Ex.R’ failed
    The error most likely occurred in:
    
    > ### Name: aps
    > ### Title: All Possible Subsets Regression
    > ### Aliases: aps
    > ### Keywords: models regression
    >
    > ### ** Examples
    >
    > ## APS regression predicting miles per gallon based
    > ## on vehicle weight, type of
    > ## carborator, & number of engine cylinders
    > apsOut<-aps(mtcars,"mpg",list("wt","carb","cyl"))
    >
    > ## APS regression predicting paragraph comprehension based
    > ## on thre verbal tests: general info, sentence comprehension,
    > ## & word classification
    >
    > ## Use HS dataset in MBESS
    > require ("MBESS")
    Loading required package: MBESS
    Warning in library(package, lib.loc = lib.loc, character.only = TRUE, logical.return = TRUE, :
     there is no package called ‘MBESS’
    > data(HS.data)
    Warning in data(HS.data) : data set ‘HS.data’ not found
    > ## APS
    > apsOut<-aps(HS.data,"paragrap",list("general","sentence",
    + "wordc"))
    Error in is.data.frame(x) : object 'HS.data' not found
    Calls: aps -> match -> colnames -> is.data.frame
    Execution halted
Flavors: r-patched-linux-x86_64, r-release-linux-x86_64