CRAN Package Check Results for Package yhat

Last updated on 2015-05-22 23:48:17.

Flavor Version Tinstall Tcheck Ttotal Status Flags
r-devel-linux-x86_64-debian-clang 2.0-0 0.70 23.15 23.84 OK
r-devel-linux-x86_64-debian-gcc 2.0-0 0.69 21.26 21.95 OK
r-devel-linux-x86_64-fedora-clang 2.0-0 42.86 OK
r-devel-linux-x86_64-fedora-gcc 2.0-0 40.61 OK
r-devel-osx-x86_64-clang 2.0-0 41.74 OK
r-devel-windows-ix86+x86_64 2.0-0 4.00 38.00 42.00 OK
r-patched-linux-x86_64 2.0-0 0.68 21.07 21.75 OK
r-patched-solaris-sparc 2.0-0 257.50 OK
r-patched-solaris-x86 2.0-0 53.20 OK
r-release-linux-x86_64 2.0-0 0.74 21.24 21.98 OK
r-release-osx-x86_64-mavericks 2.0-0 OK
r-release-osx-x86_64-snowleopard 2.0-0 ERROR
r-release-windows-ix86+x86_64 2.0-0 3.00 37.00 40.00 OK
r-oldrel-windows-ix86+x86_64 2.0-0 4.00 57.00 61.00 OK

Check Details

Version: 2.0-0
Check: package dependencies
Result: ERROR
    Package required but not available: ‘miscTools’
    
    See section ‘The DESCRIPTION file’ in the ‘Writing R Extensions’
    manual.
Flavor: r-release-osx-x86_64-snowleopard