CRAN Package Check Results for Package yhat

Last updated on 2020-07-13 13:49:07 CEST.

Flavor Version Tinstall Tcheck Ttotal Status Flags
r-devel-linux-x86_64-debian-clang 2.0-2 4.28 44.01 48.29 OK
r-devel-linux-x86_64-debian-gcc 2.0-2 2.55 33.07 35.62 OK
r-devel-linux-x86_64-fedora-clang 2.0-2 63.07 OK
r-devel-linux-x86_64-fedora-gcc 2.0-2 58.86 OK
r-devel-windows-ix86+x86_64 2.0-2 10.00 73.00 83.00 OK
r-patched-linux-x86_64 2.0-2 3.71 43.08 46.79 OK
r-patched-solaris-x86 2.0-2 75.50 OK
r-release-linux-x86_64 2.0-2 3.38 43.35 46.73 OK
r-release-macos-x86_64 2.0-2 ERROR
r-release-windows-ix86+x86_64 2.0-2 13.00 59.00 72.00 OK
r-oldrel-macos-x86_64 2.0-2 OK
r-oldrel-windows-ix86+x86_64 2.0-2 11.00 66.00 77.00 OK

Check Details

Version: 2.0-2
Check: whether package can be installed
Result: ERROR
    Installation failed.
Flavor: r-release-macos-x86_64