CRAN Package Check Results for Package yhat

Last updated on 2014-04-17 05:47:20.

Flavor Version Tinstall Tcheck Ttotal Status Flags
r-devel-linux-x86_64-debian-clang 2.0-0 0.90 24.85 25.75 OK
r-devel-linux-x86_64-debian-gcc 2.0-0 0.86 25.39 26.25 OK
r-devel-linux-x86_64-fedora-clang 2.0-0 49.87 OK
r-devel-linux-x86_64-fedora-gcc 2.0-0 47.27 OK
r-devel-macosx-x86_64-clang 2.0-0 46.88 OK
r-devel-macosx-x86_64-gcc 2.0-0 ERROR
r-devel-windows-ix86+x86_64 2.0-0 4.00 39.00 43.00 OK
r-patched-linux-x86_64 2.0-0 0.89 24.76 25.65 OK
r-patched-solaris-sparc 2.0-0 275.20 OK
r-patched-solaris-x86 2.0-0 59.20 OK
r-release-linux-ix86 2.0-0 3.00 42.00 45.00 OK
r-release-linux-x86_64 2.0-0 0.88 25.11 26.00 OK
r-release-macosx-x86_64 2.0-0 OK
r-release-windows-ix86+x86_64 2.0-0 3.00 39.00 42.00 OK
r-oldrel-windows-ix86+x86_64 2.0-0 4.00 38.00 42.00 OK

Check Details

Version: 2.0-0
Check: package dependencies
Result: ERROR
    Package required but not available: ‘miscTools’
    
    See the information on DESCRIPTION files in the chapter ‘Creating R
    packages’ of the ‘Writing R Extensions’ manual.
Flavor: r-devel-macosx-x86_64-gcc