Last updated on 2023-12-03 04:56:26 CET.
Flavor | Version | Tinstall | Tcheck | Ttotal | Status | Flags |
---|---|---|---|---|---|---|
r-devel-linux-x86_64-debian-clang | 2.0-4 | 4.20 | 48.45 | 52.65 | NOTE | |
r-devel-linux-x86_64-debian-gcc | 2.0-4 | 2.76 | 37.32 | 40.08 | NOTE | |
r-devel-linux-x86_64-fedora-clang | 2.0-4 | 65.36 | OK | |||
r-devel-linux-x86_64-fedora-gcc | 2.0-4 | 66.31 | OK | |||
r-devel-windows-x86_64 | 2.0-4 | 5.00 | 64.00 | 69.00 | OK | |
r-patched-linux-x86_64 | 2.0-4 | 4.52 | 46.44 | 50.96 | OK | |
r-release-linux-x86_64 | 2.0-4 | 4.23 | 48.75 | 52.98 | OK | |
r-release-macos-arm64 | 2.0-4 | 23.00 | OK | |||
r-release-macos-x86_64 | 2.0-4 | 57.00 | OK | |||
r-release-windows-x86_64 | 2.0-4 | 5.00 | 69.00 | 74.00 | OK | |
r-oldrel-macos-arm64 | 2.0-4 | 27.00 | OK | |||
r-oldrel-macos-x86_64 | 2.0-4 | 39.00 | OK | |||
r-oldrel-windows-x86_64 | 2.0-4 | 5.00 | 71.00 | 76.00 | OK |
Version: 2.0-4
Check: Rd files
Result: NOTE
checkRd: (-1) boot.yhat.Rd:3: Lost braces
3 | \title{Bootstrap metrics produced from /code{calc.yhat}}
| ^
checkRd: (-1) boot.yhat.Rd:19: Lost braces
19 | Ouput of /code{lm}
| ^
checkRd: (-1) boot.yhat.Rd:22: Lost braces
22 | Output of /code{calc.yhat}
| ^
checkRd: (-1) booteval.yhat.rd:3: Lost braces
3 | \title{Evaluate bootstrap metrics produced from /code{calc.yhat}}
| ^
checkRd: (-1) booteval.yhat.rd:5: Lost braces
5 | This function evaluates the bootstrap metrics produced from /code{boot.yhat}.
| ^
checkRd: (-1) combCI.rd:26: Lost braces
26 | This function evaluates the bootstrap metrics produced from /code{boot.yhat}.
| ^
checkRd: (-1) commonality.rd:12: Lost braces
12 | Output from /code{aps}
| ^
checkRd: (-1) dombin.rd:12: Lost braces
12 | Output from /code{dominance}
| ^
checkRd: (-1) dominance.rd:12: Lost braces
12 | Output from /code{aps}
| ^
checkRd: (-1) plotCI.yhat.rd:5: Lost braces
5 | This function plots CIs that have been produced from /code{booteval.yhat}.
| ^
checkRd: (-1) plotCI.yhat.rd:32: Lost braces
32 | This function plots CIs that have been produced from /code{booteval.yhat}.
| ^
checkRd: (-1) plotCI.yhat.rd:35: Lost braces
35 | This returns a plot of CIs that have been produced from /code{booteval.yhat}.
| ^
Flavors: r-devel-linux-x86_64-debian-clang, r-devel-linux-x86_64-debian-gcc