Last updated on 2019-12-10 21:47:53 CET.
Flavor | Version | Tinstall | Tcheck | Ttotal | Status | Flags |
---|---|---|---|---|---|---|
r-devel-linux-x86_64-debian-clang | 2.0-0 | 3.62 | 42.30 | 45.92 | NOTE | |
r-devel-linux-x86_64-debian-gcc | 2.0-0 | 2.65 | 31.88 | 34.53 | NOTE | |
r-devel-linux-x86_64-fedora-clang | 2.0-0 | 51.21 | NOTE | |||
r-devel-linux-x86_64-fedora-gcc | 2.0-0 | 48.67 | NOTE | |||
r-devel-windows-ix86+x86_64 | 2.0-0 | 7.00 | 75.00 | 82.00 | NOTE | |
r-devel-windows-ix86+x86_64-gcc8 | 2.0-0 | 7.00 | 55.00 | 62.00 | NOTE | |
r-patched-linux-x86_64 | 2.0-0 | 2.90 | 38.29 | 41.19 | NOTE | |
r-patched-solaris-x86 | 2.0-0 | 67.80 | NOTE | |||
r-release-linux-x86_64 | 2.0-0 | 2.85 | 37.84 | 40.69 | NOTE | |
r-release-windows-ix86+x86_64 | 2.0-0 | 5.00 | 54.00 | 59.00 | NOTE | |
r-release-osx-x86_64 | 2.0-0 | NOTE | ||||
r-oldrel-windows-ix86+x86_64 | 2.0-0 | 4.00 | 46.00 | 50.00 | NOTE | |
r-oldrel-osx-x86_64 | 2.0-0 | NOTE |
Version: 2.0-0
Check: R code for possible problems
Result: NOTE
aps: no visible global function definition for 'na.omit'
aps: no visible global function definition for 'lm'
aps: no visible binding for global variable 'var'
boot.yhat: no visible global function definition for 'lm'
boot.yhat: no visible global function definition for 'cor.test'
booteval.yhat: no visible global function definition for 'combn'
booteval.yhat: no visible global function definition for 'sd'
calc.yhat: no visible global function definition for 'model.frame'
calc.yhat: no visible global function definition for 'model.matrix'
calc.yhat: no visible global function definition for 'na.omit'
calc.yhat: no visible global function definition for 'coef'
calc.yhat: no visible global function definition for 'cor'
calc.yhat: no visible global function definition for 'fitted.values'
commonalityCoefficients: no visible global function definition for
'na.omit'
commonalityCoefficients: no visible global function definition for 'lm'
dombin: no visible global function definition for 'combn'
dombin: no visible global function definition for 'na.omit'
dominance: no visible global function definition for 'combn'
plotCI.yhat: no visible global function definition for 'par'
plotCI.yhat: no visible global function definition for 'na.omit'
plotCI.yhat: no visible global function definition for 'axis'
plotCI.yhat: no visible global function definition for 'title'
regr: no visible global function definition for 'model.frame'
regr: no visible global function definition for 'model.matrix'
regr: no visible global function definition for 'na.omit'
regr: no visible global function definition for 'coef'
regr: no visible global function definition for 'cor'
regr: no visible global function definition for 'fitted.values'
rlw: no visible global function definition for 'na.omit'
rlw: no visible global function definition for 'cor'
Undefined global functions or variables:
axis coef combn cor cor.test fitted.values lm model.frame
model.matrix na.omit par sd title var
Consider adding
importFrom("graphics", "axis", "par", "title")
importFrom("stats", "coef", "cor", "cor.test", "fitted.values", "lm",
"model.frame", "model.matrix", "na.omit", "sd", "var")
importFrom("utils", "combn")
to your NAMESPACE file.
Flavors: r-devel-linux-x86_64-debian-clang, r-devel-linux-x86_64-debian-gcc, r-devel-linux-x86_64-fedora-clang, r-devel-linux-x86_64-fedora-gcc, r-devel-windows-ix86+x86_64, r-devel-windows-ix86+x86_64-gcc8, r-patched-linux-x86_64, r-patched-solaris-x86, r-release-linux-x86_64, r-release-windows-ix86+x86_64, r-release-osx-x86_64, r-oldrel-windows-ix86+x86_64, r-oldrel-osx-x86_64