CRAN Package Check Results for Package yhatr

Last updated on 2015-07-03 07:48:26.

Flavor Version Tinstall Tcheck Ttotal Status Flags
r-devel-linux-x86_64-debian-clang 0.13.6 0.61 8.84 9.44 NOTE
r-devel-linux-x86_64-debian-gcc 0.13.6 0.58 9.50 10.08 NOTE
r-devel-linux-x86_64-fedora-clang 0.13.6 19.12 NOTE
r-devel-linux-x86_64-fedora-gcc 0.13.6 17.82 NOTE
r-devel-osx-x86_64-clang 0.13.6 19.19 OK
r-devel-windows-ix86+x86_64 0.13.6 3.00 18.00 21.00 NOTE
r-patched-linux-x86_64 0.13.6 0.60 10.00 10.60 OK
r-patched-solaris-sparc 0.13.6 147.30 OK
r-patched-solaris-x86 0.13.6 28.90 OK
r-release-linux-x86_64 0.13.6 0.69 10.06 10.75 OK
r-release-osx-x86_64-mavericks 0.13.6 OK
r-release-windows-ix86+x86_64 0.13.6 3.00 19.00 22.00 OK
r-oldrel-windows-ix86+x86_64 0.13.6 3.00 19.00 22.00 OK

Check Details

Version: 0.13.6
Check: R code for possible problems
Result: NOTE
    capture.packages: no visible global function definition for
     ‘sessionInfo’
    capture.packages : <anonymous>: no visible global function definition
     for ‘packageDescription’
    capture.src: no visible global function definition for ‘capture.output’
    check.image.size: no visible global function definition for
     ‘object.size’
    check.image.size: no visible global function definition for
     ‘capture.output’
    yhat.spider.func: no visible global function definition for
     ‘getAnywhere’
    Undefined global functions or variables:
     capture.output getAnywhere object.size packageDescription sessionInfo
Flavors: r-devel-linux-x86_64-debian-clang, r-devel-linux-x86_64-debian-gcc, r-devel-linux-x86_64-fedora-clang, r-devel-linux-x86_64-fedora-gcc, r-devel-windows-ix86+x86_64