CRAN Package Check Results for Package yhatr

Last updated on 2014-04-23 20:47:25.

Flavor Version Tinstall Tcheck Ttotal Status Flags
r-devel-linux-x86_64-debian-clang 0.8.1 0.70 9.54 10.23 OK
r-devel-linux-x86_64-debian-gcc 0.8.1 0.70 9.73 10.43 OK
r-devel-linux-x86_64-fedora-clang 0.8.1 20.23 OK
r-devel-linux-x86_64-fedora-gcc 0.8.1 18.72 OK
r-devel-osx-x86_64-clang 0.8.1 23.78 OK
r-devel-osx-x86_64-gcc 0.8.1 OK
r-devel-windows-ix86+x86_64 0.8.1 2.00 17.00 19.00 OK
r-patched-linux-x86_64 0.8.1 0.69 9.77 10.46 OK
r-patched-solaris-sparc 0.8.1 108.40 OK
r-patched-solaris-x86 0.8.1 29.30 OK
r-release-linux-ix86 0.8.1 2.00 22.00 24.00 OK
r-release-linux-x86_64 0.8.1 0.69 9.52 10.20 OK
r-release-osx-x86_64-mavericks 0.8.1 WARN
r-release-osx-x86_64-snowleopard 0.8.1 OK
r-release-windows-ix86+x86_64 0.8.1 3.00 18.00 21.00 OK
r-oldrel-windows-ix86+x86_64 0.8.1 3.00 18.00 21.00 OK

Check Details

Version: 0.8.1
Check: PDF version of manual
Result: WARNING
    LaTeX errors when creating PDF version.
    This typically indicates Rd problems.
    LaTeX errors found:
    ! LaTeX Error: File `upquote.sty' not found.
    
    Type X to quit or <RETURN> to proceed,
    or enter new name. (Default extension: sty)
    
    26c89d/Rd2.tex:8: ==> Fatal error occurred, no output PDF file produced!
Flavor: r-release-osx-x86_64-mavericks