CRAN Package Check Results for Package ykmeans

Last updated on 2020-07-11 19:47:31 CEST.

Flavor Version Tinstall Tcheck Ttotal Status Flags
r-devel-linux-x86_64-debian-clang 1.0 2.59 25.38 27.97 NOTE
r-devel-linux-x86_64-debian-gcc 1.0 2.06 20.50 22.56 NOTE
r-devel-linux-x86_64-fedora-gcc 1.0 33.64 NOTE
r-devel-windows-ix86+x86_64 1.0 6.00 55.00 61.00 NOTE
r-patched-linux-x86_64 1.0 2.42 25.27 27.69 NOTE
r-patched-solaris-x86 1.0 54.60 NOTE
r-release-linux-x86_64 1.0 2.54 25.19 27.73 NOTE
r-release-macos-x86_64 1.0 NOTE
r-release-windows-ix86+x86_64 1.0 8.00 41.00 49.00 NOTE
r-oldrel-macos-x86_64 1.0 NOTE
r-oldrel-windows-ix86+x86_64 1.0 8.00 55.00 63.00 NOTE

Check Details

Version: 1.0
Check: R code for possible problems
Result: NOTE
    kmeansN: no visible global function definition for 'kmeans'
    kmeansN: no visible global function definition for 'aggregate'
    kmeansN2: no visible global function definition for 'aggregate'
    kmeansN2: no visible binding for global variable 'sd'
    Undefined global functions or variables:
     aggregate kmeans sd
    Consider adding
     importFrom("stats", "aggregate", "kmeans", "sd")
    to your NAMESPACE file.
Flavors: r-devel-linux-x86_64-debian-clang, r-devel-linux-x86_64-debian-gcc, r-devel-linux-x86_64-fedora-gcc, r-devel-windows-ix86+x86_64, r-patched-linux-x86_64, r-patched-solaris-x86, r-release-linux-x86_64, r-release-macos-x86_64, r-release-windows-ix86+x86_64, r-oldrel-macos-x86_64, r-oldrel-windows-ix86+x86_64