CRAN Package Check Results for Package yodel

Last updated on 2024-06-13 18:50:13 CEST.

Flavor Version Tinstall Tcheck Ttotal Status Flags
r-devel-linux-x86_64-debian-clang 1.0.0 4.76 42.76 47.52 OK
r-devel-linux-x86_64-debian-gcc 1.0.0 0.36 1.67 2.03 ERROR
r-devel-linux-x86_64-fedora-clang 1.0.0 58.17 OK
r-devel-linux-x86_64-fedora-gcc 1.0.0 58.23 OK
r-devel-windows-x86_64 1.0.0 5.00 50.00 55.00 OK
r-patched-linux-x86_64 1.0.0 3.59 40.48 44.07 OK
r-release-linux-x86_64 1.0.0 3.54 40.24 43.78 OK
r-release-macos-arm64 1.0.0 21.00 OK
r-release-macos-x86_64 1.0.0 34.00 OK
r-release-windows-x86_64 1.0.0 5.00 57.00 62.00 OK
r-oldrel-macos-arm64 1.0.0 30.00 OK
r-oldrel-macos-x86_64 1.0.0 48.00 OK
r-oldrel-windows-x86_64 1.0.0 6.00 58.00 64.00 OK

Check Details

Version: 1.0.0
Check: package dependencies
Result: ERROR Packages required but not available: 'dplyr', 'purrr' Package suggested but not available for checking: ‘testthat’ See section ‘The DESCRIPTION file’ in the ‘Writing R Extensions’ manual. Flavor: r-devel-linux-x86_64-debian-gcc