CRAN Package Check Results for Package yuimaGUI

Last updated on 2020-07-12 14:47:55 CEST.

Flavor Version Tinstall Tcheck Ttotal Status Flags
r-devel-linux-x86_64-debian-clang 1.3.0 11.64 93.28 104.92 OK
r-devel-linux-x86_64-debian-gcc 1.3.0 9.13 72.00 81.13 OK
r-devel-linux-x86_64-fedora-clang 1.3.0 133.89 NOTE
r-devel-linux-x86_64-fedora-gcc 1.3.0 127.55 NOTE
r-devel-windows-ix86+x86_64 1.3.0 30.00 139.00 169.00 OK
r-patched-linux-x86_64 1.3.0 12.61 90.98 103.59 OK
r-patched-solaris-x86 1.3.0 187.50 NOTE
r-release-linux-x86_64 1.3.0 12.05 90.87 102.92 OK
r-release-macos-x86_64 1.3.0 NOTE
r-release-windows-ix86+x86_64 1.3.0 39.00 104.00 143.00 OK
r-oldrel-macos-x86_64 1.3.0 NOTE
r-oldrel-windows-ix86+x86_64 1.3.0 27.00 98.00 125.00 OK

Check Details

Version: 1.3.0
Check: dependencies in R code
Result: NOTE
    Namespace in Imports field not imported from: ‘ghyp’
     All declared Imports should be used.
Flavors: r-devel-linux-x86_64-fedora-clang, r-devel-linux-x86_64-fedora-gcc, r-patched-solaris-x86, r-release-macos-x86_64, r-oldrel-macos-x86_64