CRAN Package Check Results for Package zctaCrosswalk

Last updated on 2024-02-25 01:49:16 CET.

Flavor Version Tinstall Tcheck Ttotal Status Flags
r-devel-linux-x86_64-debian-clang 2.0.0 4.77 59.30 64.07 OK
r-devel-linux-x86_64-debian-gcc 2.0.0 4.27 45.11 49.38 OK
r-devel-linux-x86_64-fedora-clang 2.0.0 78.68 NOTE
r-devel-linux-x86_64-fedora-gcc 2.0.0 89.43 NOTE
r-devel-windows-x86_64 2.0.0 6.00 70.00 76.00 OK
r-patched-linux-x86_64 2.0.0 6.12 56.67 62.79 OK
r-release-linux-x86_64 2.0.0 3.77 57.63 61.40 OK
r-release-macos-arm64 2.0.0 45.00 OK
r-release-macos-x86_64 2.0.0 75.00 OK
r-release-windows-x86_64 2.0.0 8.00 77.00 85.00 OK
r-oldrel-macos-arm64 2.0.0 36.00 OK
r-oldrel-windows-x86_64 2.0.0 8.00 81.00 89.00 OK

Check Details

Version: 2.0.0
Check: data for non-ASCII characters
Result: NOTE Note: found 76 marked UTF-8 strings Flavors: r-devel-linux-x86_64-fedora-clang, r-devel-linux-x86_64-fedora-gcc