CRAN Package Check Results for Package zctaCrosswalk

Last updated on 2025-01-25 15:49:28 CET.

Flavor Version Tinstall Tcheck Ttotal Status Flags
r-devel-linux-x86_64-debian-clang 2.0.0 4.90 47.97 52.87 NOTE
r-devel-linux-x86_64-debian-gcc 2.0.0 3.23 34.79 38.02 NOTE
r-devel-linux-x86_64-fedora-clang 2.0.0 85.56 OK
r-devel-linux-x86_64-fedora-gcc 2.0.0 98.12 NOTE
r-devel-windows-x86_64 2.0.0 5.00 73.00 78.00 OK
r-patched-linux-x86_64 2.0.0 4.77 44.83 49.60 OK
r-release-linux-x86_64 2.0.0 3.61 44.63 48.24 OK
r-release-macos-arm64 2.0.0 49.00 OK
r-release-macos-x86_64 2.0.0 66.00 OK
r-release-windows-x86_64 2.0.0 6.00 70.00 76.00 OK
r-oldrel-macos-arm64 2.0.0 45.00 OK
r-oldrel-macos-x86_64 2.0.0 75.00 OK
r-oldrel-windows-x86_64 2.0.0 7.00 80.00 87.00 OK

Check Details

Version: 2.0.0
Check: DESCRIPTION meta-information
Result: NOTE Missing dependency on R >= 4.1.0 because package code uses the pipe |> or function shorthand \(...) syntax added in R 4.1.0. File(s) using such syntax: ‘zcta.R’ Flavors: r-devel-linux-x86_64-debian-clang, r-devel-linux-x86_64-debian-gcc, r-devel-linux-x86_64-fedora-gcc