CRAN Package Check Results for Package zendeskR

Last updated on 2015-05-30 03:49:04.

Flavor Version Tinstall Tcheck Ttotal Status Flags
r-devel-linux-x86_64-debian-clang 0.4 0.92 13.75 14.67 NOTE
r-devel-linux-x86_64-debian-gcc 0.4 0.85 12.72 13.58 NOTE
r-devel-linux-x86_64-fedora-clang 0.4 27.22 NOTE
r-devel-linux-x86_64-fedora-gcc 0.4 26.05 NOTE
r-devel-osx-x86_64-clang 0.4 30.92 NOTE
r-devel-windows-ix86+x86_64 0.4 3.00 21.00 24.00 NOTE
r-patched-linux-x86_64 0.4 0.85 13.46 14.31 NOTE
r-patched-solaris-sparc 0.4 175.40 NOTE
r-patched-solaris-x86 0.4 40.20 NOTE
r-release-linux-x86_64 0.4 0.86 13.26 14.12 NOTE
r-release-osx-x86_64-mavericks 0.4 NOTE
r-release-osx-x86_64-snowleopard 0.4 NOTE
r-release-windows-ix86+x86_64 0.4 3.00 23.00 26.00 NOTE
r-oldrel-windows-ix86+x86_64 0.4 4.00 26.00 30.00 OK

Check Details

Version: 0.4
Check: DESCRIPTION meta-information
Result: NOTE
    Malformed Description field: should contain one or more complete sentences.
Flavors: r-devel-linux-x86_64-debian-clang, r-devel-linux-x86_64-debian-gcc, r-devel-linux-x86_64-fedora-clang, r-devel-linux-x86_64-fedora-gcc, r-devel-osx-x86_64-clang, r-devel-windows-ix86+x86_64, r-patched-linux-x86_64, r-patched-solaris-sparc, r-patched-solaris-x86, r-release-linux-x86_64, r-release-osx-x86_64-mavericks, r-release-osx-x86_64-snowleopard, r-release-windows-ix86+x86_64