CRAN Package Check Results for Package zendeskR

Last updated on 2018-01-21 08:48:50 CET.

Flavor Version Tinstall Tcheck Ttotal Status Flags
r-devel-linux-x86_64-debian-clang 0.4 0.98 22.94 23.92 NOTE
r-devel-linux-x86_64-debian-gcc 0.4 0.99 18.22 19.21 NOTE
r-devel-linux-x86_64-fedora-clang 0.4 28.20 NOTE
r-devel-linux-x86_64-fedora-gcc 0.4 26.93 NOTE
r-devel-windows-ix86+x86_64 0.4 3.00 36.00 39.00 NOTE
r-patched-linux-x86_64 0.4 1.17 22.25 23.42 NOTE
r-patched-solaris-x86 0.4 43.80 NOTE
r-release-linux-x86_64 0.4 1.19 22.01 23.20 NOTE
r-release-windows-ix86+x86_64 0.4 3.00 50.00 53.00 NOTE
r-release-osx-x86_64 0.4 NOTE
r-oldrel-windows-ix86+x86_64 0.4 5.00 39.00 44.00 NOTE
r-oldrel-osx-x86_64 0.4 NOTE

Check Details

Version: 0.4
Check: DESCRIPTION meta-information
Result: NOTE
    Malformed Description field: should contain one or more complete sentences.
Flavors: r-devel-linux-x86_64-debian-clang, r-devel-linux-x86_64-debian-gcc, r-devel-linux-x86_64-fedora-clang, r-devel-linux-x86_64-fedora-gcc, r-devel-windows-ix86+x86_64, r-patched-linux-x86_64, r-patched-solaris-x86, r-release-linux-x86_64, r-release-windows-ix86+x86_64, r-release-osx-x86_64, r-oldrel-windows-ix86+x86_64, r-oldrel-osx-x86_64