CRAN Package Check Results for Package zendeskR

Last updated on 2016-05-01 11:47:30.

Flavor Version Tinstall Tcheck Ttotal Status Flags
r-devel-linux-x86_64-debian-gcc 0.4 0.89 12.62 13.51 NOTE
r-devel-linux-x86_64-fedora-clang 0.4 23.97 NOTE
r-devel-linux-x86_64-fedora-gcc 0.4 22.10 NOTE
r-devel-osx-x86_64-clang 0.4 26.57 NOTE
r-devel-windows-ix86+x86_64 0.4 3.00 30.00 33.00 NOTE
r-patched-linux-x86_64 0.4 0.84 13.29 14.13 NOTE
r-patched-solaris-sparc 0.4 155.00 NOTE
r-patched-solaris-x86 0.4 35.50 NOTE
r-release-linux-x86_64 0.4 1.10 14.01 15.11 NOTE
r-release-osx-x86_64-mavericks 0.4 NOTE
r-release-windows-ix86+x86_64 0.4 4.00 30.00 34.00 NOTE
r-oldrel-windows-ix86+x86_64 0.4 6.00 48.00 54.00 OK

Check Details

Version: 0.4
Check: DESCRIPTION meta-information
Result: NOTE
    Malformed Description field: should contain one or more complete sentences.
Flavors: r-devel-linux-x86_64-debian-gcc, r-devel-linux-x86_64-fedora-clang, r-devel-linux-x86_64-fedora-gcc, r-devel-osx-x86_64-clang, r-devel-windows-ix86+x86_64, r-patched-linux-x86_64, r-patched-solaris-sparc, r-patched-solaris-x86, r-release-linux-x86_64, r-release-osx-x86_64-mavericks, r-release-windows-ix86+x86_64