CRAN Package Check Results for Package zendeskR

Last updated on 2015-07-31 15:47:53.

Flavor Version Tinstall Tcheck Ttotal Status Flags
r-devel-linux-x86_64-debian-clang 0.4 0.96 17.67 18.63 NOTE
r-devel-linux-x86_64-debian-gcc 0.4 1.14 12.93 14.07 NOTE
r-devel-linux-x86_64-fedora-clang 0.4 27.26 NOTE
r-devel-linux-x86_64-fedora-gcc 0.4 25.62 NOTE
r-devel-osx-x86_64-clang 0.4 26.57 NOTE
r-devel-windows-ix86+x86_64 0.4 3.00 22.00 25.00 NOTE
r-patched-linux-x86_64 0.4 0.85 13.09 13.94 NOTE
r-patched-solaris-sparc 0.4 171.90 NOTE
r-patched-solaris-x86 0.4 40.30 NOTE
r-release-linux-x86_64 0.4 0.86 12.95 13.81 NOTE
r-release-osx-x86_64-mavericks 0.4 NOTE
r-release-windows-ix86+x86_64 0.4 4.00 22.00 26.00 NOTE
r-oldrel-windows-ix86+x86_64 0.4 6.00 26.00 32.00 OK

Check Details

Version: 0.4
Check: DESCRIPTION meta-information
Result: NOTE
    Malformed Description field: should contain one or more complete sentences.
Flavors: r-devel-linux-x86_64-debian-clang, r-devel-linux-x86_64-debian-gcc, r-devel-linux-x86_64-fedora-clang, r-devel-linux-x86_64-fedora-gcc, r-devel-osx-x86_64-clang, r-devel-windows-ix86+x86_64, r-patched-linux-x86_64, r-patched-solaris-sparc, r-patched-solaris-x86, r-release-linux-x86_64, r-release-osx-x86_64-mavericks, r-release-windows-ix86+x86_64