CRAN Package Check Results for Package zendeskR

Last updated on 2016-02-13 06:48:12.

Flavor Version Tinstall Tcheck Ttotal Status Flags
r-devel-linux-x86_64-debian-gcc 0.4 0.80 11.79 12.59 NOTE
r-devel-linux-x86_64-fedora-clang 0.4 22.81 NOTE
r-devel-linux-x86_64-fedora-gcc 0.4 21.79 NOTE
r-devel-osx-x86_64-clang 0.4 27.50 NOTE
r-devel-windows-ix86+x86_64 0.4 7.00 31.00 38.00 NOTE
r-patched-linux-x86_64 0.4 0.89 13.41 14.30 NOTE
r-patched-solaris-sparc 0.4 157.90 NOTE
r-patched-solaris-x86 0.4 36.40 NOTE
r-release-linux-x86_64 0.4 0.95 13.20 14.15 NOTE
r-release-osx-x86_64-mavericks 0.4 NOTE
r-release-windows-ix86+x86_64 0.4 3.00 39.00 42.00 NOTE
r-oldrel-windows-ix86+x86_64 0.4 6.00 26.00 32.00 OK

Check Details

Version: 0.4
Check: DESCRIPTION meta-information
Result: NOTE
    Malformed Description field: should contain one or more complete sentences.
Flavors: r-devel-linux-x86_64-debian-gcc, r-devel-linux-x86_64-fedora-clang, r-devel-linux-x86_64-fedora-gcc, r-devel-osx-x86_64-clang, r-devel-windows-ix86+x86_64, r-patched-linux-x86_64, r-patched-solaris-sparc, r-patched-solaris-x86, r-release-linux-x86_64, r-release-osx-x86_64-mavericks, r-release-windows-ix86+x86_64