CRAN Package Check Results for Package zendeskR

Last updated on 2018-06-23 15:53:50 CEST.

Flavor Version Tinstall Tcheck Ttotal Status Flags
r-devel-linux-x86_64-debian-clang 0.4 1.88 25.19 27.07 NOTE
r-devel-linux-x86_64-debian-gcc 0.4 1.09 19.82 20.91 NOTE
r-devel-linux-x86_64-fedora-clang 0.4 31.27 NOTE
r-devel-linux-x86_64-fedora-gcc 0.4 29.53 NOTE
r-devel-windows-ix86+x86_64 0.4 5.00 35.00 40.00 NOTE
r-patched-linux-x86_64 0.4 1.64 22.53 24.17 NOTE
r-patched-solaris-x86 0.4 45.70 NOTE
r-release-linux-x86_64 0.4 1.44 22.54 23.98 NOTE
r-release-windows-ix86+x86_64 0.4 3.00 34.00 37.00 NOTE
r-release-osx-x86_64 0.4 NOTE
r-oldrel-windows-ix86+x86_64 0.4 4.00 55.00 59.00 NOTE
r-oldrel-osx-x86_64 0.4 NOTE

Check Details

Version: 0.4
Check: DESCRIPTION meta-information
Result: NOTE
    Malformed Description field: should contain one or more complete sentences.
Flavors: r-devel-linux-x86_64-debian-clang, r-devel-linux-x86_64-debian-gcc, r-devel-linux-x86_64-fedora-clang, r-devel-linux-x86_64-fedora-gcc, r-devel-windows-ix86+x86_64, r-patched-linux-x86_64, r-patched-solaris-x86, r-release-linux-x86_64, r-release-windows-ix86+x86_64, r-release-osx-x86_64, r-oldrel-windows-ix86+x86_64, r-oldrel-osx-x86_64