CRAN Package Check Results for Package zendeskR

Last updated on 2017-11-20 00:54:56.

Flavor Version Tinstall Tcheck Ttotal Status Flags
r-devel-linux-x86_64-debian-clang 0.4 0.82 15.18 16.00 NOTE
r-devel-linux-x86_64-debian-gcc 0.4 0.93 30.82 31.76 NOTE
r-devel-linux-x86_64-fedora-clang 0.4 27.75 NOTE
r-devel-linux-x86_64-fedora-gcc 0.4 45.20 NOTE
r-devel-windows-ix86+x86_64 0.4 4.00 35.00 39.00 NOTE
r-patched-linux-x86_64 0.4 0.90 15.48 16.38 NOTE
r-patched-solaris-x86 0.4 41.40 NOTE
r-release-linux-x86_64 0.4 0.96 15.97 16.93 NOTE
r-release-windows-ix86+x86_64 0.4 3.00 34.00 37.00 NOTE
r-release-osx-x86_64 0.4 NOTE
r-oldrel-windows-ix86+x86_64 0.4 5.00 39.00 44.00 NOTE
r-oldrel-osx-x86_64 0.4 NOTE

Check Details

Version: 0.4
Check: DESCRIPTION meta-information
Result: NOTE
    Malformed Description field: should contain one or more complete sentences.
Flavors: r-devel-linux-x86_64-debian-clang, r-devel-linux-x86_64-debian-gcc, r-devel-linux-x86_64-fedora-clang, r-devel-linux-x86_64-fedora-gcc, r-devel-windows-ix86+x86_64, r-patched-linux-x86_64, r-patched-solaris-x86, r-release-linux-x86_64, r-release-windows-ix86+x86_64, r-release-osx-x86_64, r-oldrel-windows-ix86+x86_64, r-oldrel-osx-x86_64