CRAN Package Check Results for Package zendeskR

Last updated on 2016-12-08 22:48:29.

Flavor Version Tinstall Tcheck Ttotal Status Flags
r-devel-linux-x86_64-debian-clang 0.4 0.96 15.03 15.99 NOTE
r-devel-linux-x86_64-debian-gcc 0.4 0.93 15.26 16.19 NOTE
r-devel-linux-x86_64-fedora-clang 0.4 27.40 NOTE --no-stop-on-test-error
r-devel-linux-x86_64-fedora-gcc 0.4 26.77 NOTE --no-stop-on-test-error
r-devel-macos-x86_64-clang 0.4 24.66 NOTE
r-devel-windows-ix86+x86_64 0.4 4.00 35.00 39.00 NOTE
r-patched-linux-x86_64 0.4 0.90 13.25 14.15 NOTE
r-patched-solaris-sparc 0.4 150.60 NOTE
r-patched-solaris-x86 0.4 35.10 NOTE
r-release-linux-x86_64 0.4 0.83 13.03 13.86 NOTE
r-release-osx-x86_64-mavericks 0.4 NOTE
r-release-windows-ix86+x86_64 0.4 8.00 29.00 37.00 NOTE
r-oldrel-windows-ix86+x86_64 0.4 8.00 74.00 82.00 NOTE

Check Details

Version: 0.4
Check: DESCRIPTION meta-information
Result: NOTE
    Malformed Description field: should contain one or more complete sentences.
Flavors: r-devel-linux-x86_64-debian-clang, r-devel-linux-x86_64-debian-gcc, r-devel-macos-x86_64-clang, r-devel-windows-ix86+x86_64, r-patched-linux-x86_64, r-patched-solaris-sparc, r-patched-solaris-x86, r-release-linux-x86_64, r-release-osx-x86_64-mavericks, r-release-windows-ix86+x86_64, r-oldrel-windows-ix86+x86_64

Version: 0.4
Flags: --no-stop-on-test-error
Check: DESCRIPTION meta-information
Result: NOTE
    Malformed Description field: should contain one or more complete sentences.
Flavors: r-devel-linux-x86_64-fedora-clang, r-devel-linux-x86_64-fedora-gcc