CRAN Package Check Results for Package zendeskR

Last updated on 2017-03-26 21:48:21.

Flavor Version Tinstall Tcheck Ttotal Status Flags
r-devel-linux-x86_64-debian-clang 0.4 0.91 16.41 17.33 NOTE
r-devel-linux-x86_64-debian-gcc 0.4 0.96 16.52 17.48 NOTE
r-devel-linux-x86_64-fedora-clang 0.4 26.62 NOTE --no-stop-on-test-error
r-devel-linux-x86_64-fedora-gcc 0.4 25.31 NOTE --no-stop-on-test-error
r-devel-macos-x86_64-clang 0.4 23.41 NOTE --no-stop-on-test-error
r-devel-windows-ix86+x86_64 0.4 3.00 35.00 38.00 NOTE
r-patched-linux-x86_64 0.4 0.94 15.21 16.15 NOTE
r-patched-solaris-sparc 0.4 162.60 NOTE
r-patched-solaris-x86 0.4 40.20 NOTE
r-release-linux-x86_64 0.4 1.02 13.01 14.03 NOTE
r-release-osx-x86_64-mavericks 0.4 NOTE
r-release-windows-ix86+x86_64 0.4 8.00 29.00 37.00 NOTE
r-oldrel-windows-ix86+x86_64 0.4 8.00 74.00 82.00 NOTE

Check Details

Version: 0.4
Check: DESCRIPTION meta-information
Result: NOTE
    Malformed Description field: should contain one or more complete sentences.
Flavors: r-devel-linux-x86_64-debian-clang, r-devel-linux-x86_64-debian-gcc, r-devel-windows-ix86+x86_64, r-patched-linux-x86_64, r-patched-solaris-sparc, r-patched-solaris-x86, r-release-linux-x86_64, r-release-osx-x86_64-mavericks, r-release-windows-ix86+x86_64, r-oldrel-windows-ix86+x86_64

Version: 0.4
Flags: --no-stop-on-test-error
Check: DESCRIPTION meta-information
Result: NOTE
    Malformed Description field: should contain one or more complete sentences.
Flavors: r-devel-linux-x86_64-fedora-clang, r-devel-linux-x86_64-fedora-gcc, r-devel-macos-x86_64-clang