CRAN Package Check Results for Package zendeskR

Last updated on 2016-06-26 00:47:26.

Flavor Version Tinstall Tcheck Ttotal Status Flags
r-devel-linux-x86_64-debian-gcc 0.4 2.97 13.24 16.21 NOTE
r-devel-linux-x86_64-fedora-clang 0.4 23.16 NOTE
r-devel-linux-x86_64-fedora-gcc 0.4 21.69 NOTE
r-devel-osx-x86_64-clang 0.4 21.12 NOTE
r-devel-windows-ix86+x86_64 0.4 3.00 33.00 36.00 NOTE
r-patched-linux-x86_64 0.4 0.90 13.00 13.90 NOTE
r-patched-solaris-sparc 0.4 150.60 NOTE
r-patched-solaris-x86 0.4 35.80 NOTE
r-release-linux-x86_64 0.4 0.86 12.88 13.74 NOTE
r-release-osx-x86_64-mavericks 0.4 NOTE
r-release-windows-ix86+x86_64 0.4 3.00 40.00 43.00 NOTE
r-oldrel-windows-ix86+x86_64 0.4 4.00 30.00 34.00 NOTE

Check Details

Version: 0.4
Check: DESCRIPTION meta-information
Result: NOTE
    Malformed Description field: should contain one or more complete sentences.
Flavors: r-devel-linux-x86_64-debian-gcc, r-devel-linux-x86_64-fedora-clang, r-devel-linux-x86_64-fedora-gcc, r-devel-osx-x86_64-clang, r-devel-windows-ix86+x86_64, r-patched-linux-x86_64, r-patched-solaris-sparc, r-patched-solaris-x86, r-release-linux-x86_64, r-release-osx-x86_64-mavericks, r-release-windows-ix86+x86_64, r-oldrel-windows-ix86+x86_64