CRAN Package Check Results for Package zendeskR

Last updated on 2017-02-20 17:49:30.

Flavor Version Tinstall Tcheck Ttotal Status Flags
r-devel-linux-x86_64-debian-clang 0.4 1.01 15.47 16.47 NOTE
r-devel-linux-x86_64-debian-gcc 0.4 0.94 15.08 16.02 NOTE
r-devel-linux-x86_64-fedora-clang 0.4 25.88 NOTE --no-stop-on-test-error
r-devel-linux-x86_64-fedora-gcc 0.4 25.05 NOTE --no-stop-on-test-error
r-devel-macos-x86_64-clang 23.68 NOTE --no-stop-on-test-error
r-devel-windows-ix86+x86_64 0.4 5.00 36.00 41.00 NOTE
r-patched-linux-x86_64 0.4 0.83 13.65 14.48 NOTE
r-patched-solaris-sparc 0.4 155.60 NOTE
r-patched-solaris-x86 0.4 34.80 NOTE
r-release-linux-x86_64 0.4 0.89 13.03 13.92 NOTE
r-release-osx-x86_64-mavericks 0.4 NOTE
r-release-windows-ix86+x86_64 0.4 8.00 29.00 37.00 NOTE
r-oldrel-windows-ix86+x86_64 0.4 8.00 74.00 82.00 NOTE

Check Details

Version: 0.4
Check: DESCRIPTION meta-information
Result: NOTE
    Malformed Description field: should contain one or more complete sentences.
Flavors: r-devel-linux-x86_64-debian-clang, r-devel-linux-x86_64-debian-gcc, r-devel-windows-ix86+x86_64, r-patched-linux-x86_64, r-patched-solaris-sparc, r-patched-solaris-x86, r-release-linux-x86_64, r-release-osx-x86_64-mavericks, r-release-windows-ix86+x86_64, r-oldrel-windows-ix86+x86_64

Version: 0.4
Flags: --no-stop-on-test-error
Check: DESCRIPTION meta-information
Result: NOTE
    Malformed Description field: should contain one or more complete sentences.
Flavors: r-devel-linux-x86_64-fedora-clang, r-devel-linux-x86_64-fedora-gcc, r-devel-macos-x86_64-clang