CRAN Package Check Results for Package zendeskR

Last updated on 2017-01-17 12:51:24.

Flavor Version Tinstall Tcheck Ttotal Status Flags
r-devel-linux-x86_64-debian-clang 0.4 0.95 15.30 16.25 NOTE
r-devel-linux-x86_64-debian-gcc 0.4 0.95 15.23 16.17 NOTE
r-devel-linux-x86_64-fedora-clang 0.4 26.97 NOTE --no-stop-on-test-error
r-devel-linux-x86_64-fedora-gcc 0.4 27.35 NOTE --no-stop-on-test-error
r-devel-macos-x86_64-clang 0.4 23.25 NOTE --no-stop-on-test-error
r-devel-windows-ix86+x86_64 0.4 7.00 47.00 54.00 NOTE
r-patched-linux-x86_64 0.4 0.85 13.16 14.01 NOTE
r-patched-solaris-sparc 0.4 155.60 NOTE
r-patched-solaris-x86 0.4 34.90 NOTE
r-release-linux-x86_64 0.4 0.82 13.54 14.37 NOTE
r-release-osx-x86_64-mavericks 0.4 NOTE
r-release-windows-ix86+x86_64 0.4 8.00 29.00 37.00 NOTE
r-oldrel-windows-ix86+x86_64 0.4 8.00 74.00 82.00 NOTE

Check Details

Version: 0.4
Check: DESCRIPTION meta-information
Result: NOTE
    Malformed Description field: should contain one or more complete sentences.
Flavors: r-devel-linux-x86_64-debian-clang, r-devel-linux-x86_64-debian-gcc, r-devel-windows-ix86+x86_64, r-patched-linux-x86_64, r-patched-solaris-sparc, r-patched-solaris-x86, r-release-linux-x86_64, r-release-osx-x86_64-mavericks, r-release-windows-ix86+x86_64, r-oldrel-windows-ix86+x86_64

Version: 0.4
Flags: --no-stop-on-test-error
Check: DESCRIPTION meta-information
Result: NOTE
    Malformed Description field: should contain one or more complete sentences.
Flavors: r-devel-linux-x86_64-fedora-clang, r-devel-linux-x86_64-fedora-gcc, r-devel-macos-x86_64-clang