CRAN Package Check Results for Package zendeskR

Last updated on 2017-04-23 09:48:58.

Flavor Version Tinstall Tcheck Ttotal Status Flags
r-devel-linux-x86_64-debian-clang 0.4 0.93 15.47 16.40 NOTE
r-devel-linux-x86_64-debian-gcc 0.4 0.90 15.77 16.67 NOTE
r-devel-linux-x86_64-fedora-clang 0.4 28.67 NOTE --no-stop-on-test-error
r-devel-linux-x86_64-fedora-gcc 0.4 25.38 NOTE --no-stop-on-test-error
r-devel-windows-ix86+x86_64 0.4 3.00 35.00 38.00 NOTE
r-patched-linux-x86_64 0.4 0.90 15.12 16.01 NOTE
r-patched-solaris-sparc 0.4 162.60 NOTE
r-patched-solaris-x86 0.4 39.40 NOTE
r-release-linux-x86_64 0.4 0.89 15.22 16.11 NOTE
r-release-windows-ix86+x86_64 0.4 3.00 35.00 38.00 NOTE
r-release-osx-x86_64 0.4 NOTE
r-oldrel-windows-ix86+x86_64 0.4 10.00 42.00 52.00 NOTE
r-oldrel-osx-x86_64 0.4 NOTE

Check Details

Version: 0.4
Check: DESCRIPTION meta-information
Result: NOTE
    Malformed Description field: should contain one or more complete sentences.
Flavors: r-devel-linux-x86_64-debian-clang, r-devel-linux-x86_64-debian-gcc, r-devel-windows-ix86+x86_64, r-patched-linux-x86_64, r-patched-solaris-sparc, r-patched-solaris-x86, r-release-linux-x86_64, r-release-windows-ix86+x86_64, r-release-osx-x86_64, r-oldrel-windows-ix86+x86_64, r-oldrel-osx-x86_64

Version: 0.4
Flags: --no-stop-on-test-error
Check: DESCRIPTION meta-information
Result: NOTE
    Malformed Description field: should contain one or more complete sentences.
Flavors: r-devel-linux-x86_64-fedora-clang, r-devel-linux-x86_64-fedora-gcc