CRAN Package Check Results for Package zendeskR

Last updated on 2015-03-05 19:48:11.

Flavor Version Tinstall Tcheck Ttotal Status Flags
r-devel-linux-x86_64-debian-clang 0.4 0.93 13.12 14.06 NOTE
r-devel-linux-x86_64-debian-gcc 0.4 0.84 12.75 13.59 NOTE
r-devel-linux-x86_64-fedora-clang 0.4 27.09 NOTE
r-devel-linux-x86_64-fedora-gcc 0.4 26.86 NOTE
r-devel-osx-x86_64-clang 0.4 31.46 NOTE
r-devel-windows-ix86+x86_64 0.4 4.00 23.00 27.00 NOTE
r-patched-linux-x86_64 0.4 1.12 15.62 16.74 OK
r-patched-solaris-sparc 0.4 211.10 OK
r-patched-solaris-x86 0.4 47.90 OK
r-release-linux-ix86 0.4 1.38 21.73 23.11 OK
r-release-linux-x86_64 0.4 1.11 15.96 17.08 OK
r-release-osx-x86_64-mavericks 0.4 OK
r-release-osx-x86_64-snowleopard 0.4 OK
r-release-windows-ix86+x86_64 0.4 4.00 27.00 31.00 OK
r-oldrel-windows-ix86+x86_64 0.4 5.00 25.00 30.00 OK

Check Details

Version: 0.4
Check: DESCRIPTION meta-information
Result: NOTE
    Malformed Description field: should contain one or more complete sentences.
Flavors: r-devel-linux-x86_64-debian-clang, r-devel-linux-x86_64-debian-gcc, r-devel-linux-x86_64-fedora-clang, r-devel-linux-x86_64-fedora-gcc, r-devel-osx-x86_64-clang, r-devel-windows-ix86+x86_64