CRAN Package Check Results for Package zendeskR

Last updated on 2016-09-25 08:48:00.

Flavor Version Tinstall Tcheck Ttotal Status Flags
r-devel-linux-x86_64-debian-clang 0.4 0.88 13.13 14.01 NOTE
r-devel-linux-x86_64-debian-gcc 0.4 0.96 12.84 13.80 NOTE
r-devel-linux-x86_64-fedora-clang 0.4 23.04 NOTE
r-devel-linux-x86_64-fedora-gcc 0.4 21.77 NOTE
r-devel-macos-x86_64-clang 0.4 20.84 NOTE
r-devel-windows-ix86+x86_64 0.4 3.00 69.00 72.00 NOTE
r-patched-linux-x86_64 0.4 0.78 13.08 13.86 NOTE
r-patched-solaris-sparc 0.4 150.60 NOTE
r-patched-solaris-x86 0.4 34.80 NOTE
r-release-linux-x86_64 0.4 0.83 13.16 13.99 NOTE
r-release-osx-x86_64-mavericks 0.4 NOTE
r-release-windows-ix86+x86_64 0.4 4.00 30.00 34.00 NOTE
r-oldrel-windows-ix86+x86_64 0.4 4.00 30.00 34.00 NOTE

Check Details

Version: 0.4
Check: DESCRIPTION meta-information
Result: NOTE
    Malformed Description field: should contain one or more complete sentences.
Flavors: r-devel-linux-x86_64-debian-clang, r-devel-linux-x86_64-debian-gcc, r-devel-linux-x86_64-fedora-clang, r-devel-linux-x86_64-fedora-gcc, r-devel-macos-x86_64-clang, r-devel-windows-ix86+x86_64, r-patched-linux-x86_64, r-patched-solaris-sparc, r-patched-solaris-x86, r-release-linux-x86_64, r-release-osx-x86_64-mavericks, r-release-windows-ix86+x86_64, r-oldrel-windows-ix86+x86_64