CRAN Package Check Results for Package zendeskR

Last updated on 2018-04-21 22:48:47 CEST.

Flavor Version Tinstall Tcheck Ttotal Status Flags
r-devel-linux-x86_64-debian-clang 0.4 1.17 22.86 24.03 NOTE
r-devel-linux-x86_64-debian-gcc 0.4 1.38 18.35 19.73 NOTE
r-devel-linux-x86_64-fedora-clang 0.4 29.21 NOTE
r-devel-linux-x86_64-fedora-gcc 0.4 27.81 NOTE
r-devel-windows-ix86+x86_64 0.4 5.00 34.00 39.00 NOTE
r-devel-osx-x86_64 0.4 NOTE
r-patched-linux-x86_64 0.4 1.62 22.45 24.07 NOTE
r-patched-solaris-x86 0.4 46.50 NOTE
r-release-linux-x86_64 0.4 1.41 22.17 23.58 NOTE
r-release-windows-ix86+x86_64 0.4 4.00 47.00 51.00 NOTE
r-release-osx-x86_64 0.4 NOTE
r-oldrel-windows-ix86+x86_64 0.4 5.00 37.00 42.00 NOTE

Check Details

Version: 0.4
Check: DESCRIPTION meta-information
Result: NOTE
    Malformed Description field: should contain one or more complete sentences.
Flavors: r-devel-linux-x86_64-debian-clang, r-devel-linux-x86_64-debian-gcc, r-devel-linux-x86_64-fedora-clang, r-devel-linux-x86_64-fedora-gcc, r-devel-windows-ix86+x86_64, r-devel-osx-x86_64, r-patched-linux-x86_64, r-patched-solaris-x86, r-release-linux-x86_64, r-release-windows-ix86+x86_64, r-release-osx-x86_64, r-oldrel-windows-ix86+x86_64