CRAN Package Check Results for Package zendeskR

Last updated on 2015-04-21 06:47:46.

Flavor Version Tinstall Tcheck Ttotal Status Flags
r-devel-linux-x86_64-debian-clang 0.4 0.90 13.83 14.73 NOTE
r-devel-linux-x86_64-debian-gcc 0.4 0.86 13.16 14.01 NOTE
r-devel-linux-x86_64-fedora-clang 0.4 27.35 NOTE
r-devel-linux-x86_64-fedora-gcc 0.4 26.30 NOTE
r-devel-osx-x86_64-clang 0.4 30.51 NOTE
r-devel-windows-ix86+x86_64 0.4 4.00 29.00 33.00 NOTE
r-patched-linux-x86_64 0.4 0.86 13.24 14.10 NOTE
r-patched-solaris-sparc 0.4 163.50 NOTE
r-patched-solaris-x86 0.4 38.40 NOTE
r-release-linux-x86_64 0.4 0.85 13.14 13.98 NOTE
r-release-osx-x86_64-mavericks 0.4 NOTE
r-release-osx-x86_64-snowleopard 0.4 NOTE
r-release-windows-ix86+x86_64 0.4 3.00 25.00 28.00 NOTE
r-oldrel-windows-ix86+x86_64 0.4 4.00 26.00 30.00 OK

Check Details

Version: 0.4
Check: DESCRIPTION meta-information
Result: NOTE
    Malformed Description field: should contain one or more complete sentences.
Flavors: r-devel-linux-x86_64-debian-clang, r-devel-linux-x86_64-debian-gcc, r-devel-linux-x86_64-fedora-clang, r-devel-linux-x86_64-fedora-gcc, r-devel-osx-x86_64-clang, r-devel-windows-ix86+x86_64, r-patched-linux-x86_64, r-patched-solaris-sparc, r-patched-solaris-x86, r-release-linux-x86_64, r-release-osx-x86_64-mavericks, r-release-osx-x86_64-snowleopard, r-release-windows-ix86+x86_64