CRAN Package Check Results for Package zendeskR

Last updated on 2017-09-24 11:48:46.

Flavor Version Tinstall Tcheck Ttotal Status Flags
r-devel-linux-x86_64-debian-clang 0.4 0.94 16.63 17.57 NOTE
r-devel-linux-x86_64-debian-gcc 0.4 0.96 15.84 16.79 NOTE
r-devel-linux-x86_64-fedora-clang 0.4 30.91 NOTE
r-devel-linux-x86_64-fedora-gcc 0.4 27.71 NOTE
r-devel-windows-ix86+x86_64 0.4 3.00 39.00 42.00 NOTE
r-patched-linux-x86_64 0.4 0.88 15.69 16.57 NOTE
r-patched-solaris-x86 0.4 42.10 NOTE
r-release-linux-x86_64 0.4 0.87 15.57 16.44 NOTE
r-release-windows-ix86+x86_64 0.4 3.00 34.00 37.00 NOTE
r-release-osx-x86_64 0.4 NOTE
r-oldrel-windows-ix86+x86_64 0.4 5.00 39.00 44.00 NOTE
r-oldrel-osx-x86_64 0.4 NOTE

Check Details

Version: 0.4
Check: DESCRIPTION meta-information
Result: NOTE
    Malformed Description field: should contain one or more complete sentences.
Flavors: r-devel-linux-x86_64-debian-clang, r-devel-linux-x86_64-debian-gcc, r-devel-linux-x86_64-fedora-clang, r-devel-linux-x86_64-fedora-gcc, r-devel-windows-ix86+x86_64, r-patched-linux-x86_64, r-patched-solaris-x86, r-release-linux-x86_64, r-release-windows-ix86+x86_64, r-release-osx-x86_64, r-oldrel-windows-ix86+x86_64, r-oldrel-osx-x86_64