CRAN Package Check Results for Package zendeskR

Last updated on 2015-09-01 10:51:16.

Flavor Version Tinstall Tcheck Ttotal Status Flags
r-devel-linux-x86_64-debian-clang 0.4 0.82 12.52 13.33 NOTE
r-devel-linux-x86_64-debian-gcc 0.4 0.87 12.94 13.81 NOTE
r-devel-linux-x86_64-fedora-clang 0.4 25.58 NOTE
r-devel-linux-x86_64-fedora-gcc 0.4 24.52 NOTE
r-devel-osx-x86_64-clang 0.4 23.80 NOTE
r-devel-windows-ix86+x86_64 0.4 3.00 25.00 28.00 NOTE
r-patched-linux-x86_64 0.4 0.87 13.09 13.96 NOTE
r-patched-solaris-sparc 0.4 171.90 NOTE
r-patched-solaris-x86 0.4 40.80 NOTE
r-release-linux-x86_64 0.4 0.85 12.98 13.83 NOTE
r-release-osx-x86_64-mavericks 0.4 NOTE
r-release-windows-ix86+x86_64 0.4 6.00 23.00 29.00 NOTE
r-oldrel-windows-ix86+x86_64 0.4 6.00 26.00 32.00 OK

Check Details

Version: 0.4
Check: DESCRIPTION meta-information
Result: NOTE
    Malformed Description field: should contain one or more complete sentences.
Flavors: r-devel-linux-x86_64-debian-clang, r-devel-linux-x86_64-debian-gcc, r-devel-linux-x86_64-fedora-clang, r-devel-linux-x86_64-fedora-gcc, r-devel-osx-x86_64-clang, r-devel-windows-ix86+x86_64, r-patched-linux-x86_64, r-patched-solaris-sparc, r-patched-solaris-x86, r-release-linux-x86_64, r-release-osx-x86_64-mavericks, r-release-windows-ix86+x86_64