CRAN Package Check Results for Package zic

Last updated on 2015-09-02 05:47:32.

Flavor Version Tinstall Tcheck Ttotal Status Flags
r-devel-linux-x86_64-debian-clang 0.8.1 20.72 11.69 32.41 NOTE
r-devel-linux-x86_64-debian-gcc 0.8.1 21.50 11.84 33.34 NOTE
r-devel-linux-x86_64-fedora-clang 0.8.1 65.45 NOTE
r-devel-linux-x86_64-fedora-gcc 0.8.1 57.43 NOTE
r-devel-osx-x86_64-clang 0.8.1 43.88 NOTE
r-devel-windows-ix86+x86_64 0.8.1 87.00 39.00 126.00 NOTE
r-patched-linux-x86_64 0.8.1 20.68 12.30 32.99 NOTE
r-patched-solaris-sparc 0.8.1 390.00 NOTE
r-patched-solaris-x86 0.8.1 79.50 NOTE
r-release-linux-x86_64 0.8.1 21.17 12.67 33.84 NOTE
r-release-osx-x86_64-mavericks 0.8.1 NOTE
r-release-windows-ix86+x86_64 0.8.1 83.00 38.00 121.00 NOTE
r-oldrel-windows-ix86+x86_64 0.8.1 95.00 44.00 139.00 NOTE

Check Details

Version: 0.8.1
Check: dependencies in R code
Result: NOTE
    Packages in Depends field not imported from:
     ‘Rcpp’ ‘RcppArmadillo’ ‘coda’
     These packages need to be imported from (in the NAMESPACE file)
     for when this namespace is loaded but not attached.
Flavors: r-devel-linux-x86_64-debian-clang, r-devel-linux-x86_64-debian-gcc, r-devel-linux-x86_64-fedora-clang, r-devel-linux-x86_64-fedora-gcc, r-devel-osx-x86_64-clang, r-devel-windows-ix86+x86_64, r-patched-linux-x86_64, r-patched-solaris-sparc, r-patched-solaris-x86, r-release-linux-x86_64, r-release-osx-x86_64-mavericks, r-release-windows-ix86+x86_64, r-oldrel-windows-ix86+x86_64

Version: 0.8.1
Check: R code for possible problems
Result: NOTE
    get.scale: no visible binding for global variable ‘sd’
    zic: no visible global function definition for ‘model.frame’
    zic: no visible global function definition for ‘model.response’
    zic: no visible global function definition for ‘model.matrix’
    zic: no visible global function definition for ‘mcmc’
    zic: no visible global function definition for ‘varnames<-’
    zic.svs: no visible global function definition for ‘model.frame’
    zic.svs: no visible global function definition for ‘model.response’
    zic.svs: no visible global function definition for ‘model.matrix’
    zic.svs: no visible global function definition for ‘mcmc’
    zic.svs: no visible global function definition for ‘varnames<-’
    Undefined global functions or variables:
     mcmc model.frame model.matrix model.response sd varnames<-
    Consider adding
     importFrom("stats", "model.frame", "model.matrix", "model.response",
     "sd")
    to your NAMESPACE.
Flavors: r-devel-linux-x86_64-debian-clang, r-devel-linux-x86_64-debian-gcc, r-devel-linux-x86_64-fedora-clang, r-devel-linux-x86_64-fedora-gcc, r-devel-windows-ix86+x86_64

Version: 0.8.1
Check: R code for possible problems
Result: NOTE
    zic: no visible global function definition for ‘mcmc’
    zic: no visible global function definition for ‘varnames<-’
    zic.svs: no visible global function definition for ‘mcmc’
    zic.svs: no visible global function definition for ‘varnames<-’
    Undefined global functions or variables:
     mcmc varnames<-
Flavor: r-devel-osx-x86_64-clang

Version: 0.8.1
Check: R code for possible problems
Result: NOTE
    zic: no visible global function definition for ‘mcmc’
    zic: no visible global function definition for ‘varnames<-’
    zic.svs: no visible global function definition for ‘mcmc’
    zic.svs: no visible global function definition for ‘varnames<-’
Flavors: r-patched-linux-x86_64, r-patched-solaris-sparc, r-patched-solaris-x86, r-release-linux-x86_64, r-release-osx-x86_64-mavericks, r-release-windows-ix86+x86_64, r-oldrel-windows-ix86+x86_64