CRAN Package Check Results for Package zic

Last updated on 2015-07-02 07:49:09.

Flavor Version Tinstall Tcheck Ttotal Status Flags
r-devel-linux-x86_64-debian-clang 0.8.1 18.91 11.97 30.88 NOTE
r-devel-linux-x86_64-debian-gcc 0.8.1 21.24 11.92 33.16 NOTE
r-devel-linux-x86_64-fedora-clang 0.8.1 67.00 NOTE
r-devel-linux-x86_64-fedora-gcc 0.8.1 57.17 NOTE
r-devel-osx-x86_64-clang 0.8.1 44.82 NOTE
r-devel-windows-ix86+x86_64 0.8.1 62.00 33.00 95.00 NOTE
r-patched-linux-x86_64 0.8.1 20.84 12.52 33.36 NOTE
r-patched-solaris-sparc 0.8.1 409.20 NOTE
r-patched-solaris-x86 0.8.1 81.80 NOTE
r-release-linux-x86_64 0.8.1 20.81 12.76 33.58 NOTE
r-release-osx-x86_64-mavericks 0.8.1 NOTE
r-release-windows-ix86+x86_64 0.8.1 71.00 35.00 106.00 NOTE
r-oldrel-windows-ix86+x86_64 0.8.1 69.00 63.00 132.00 NOTE

Check Details

Version: 0.8.1
Check: dependencies in R code
Result: NOTE
    Packages in Depends field not imported from:
     ‘Rcpp’ ‘RcppArmadillo’ ‘coda’
     These packages need to be imported from (in the NAMESPACE file)
     for when this namespace is loaded but not attached.
Flavors: r-devel-linux-x86_64-debian-clang, r-devel-linux-x86_64-debian-gcc, r-devel-linux-x86_64-fedora-clang, r-devel-linux-x86_64-fedora-gcc, r-devel-osx-x86_64-clang, r-devel-windows-ix86+x86_64, r-patched-linux-x86_64, r-patched-solaris-sparc, r-patched-solaris-x86, r-release-linux-x86_64, r-release-osx-x86_64-mavericks, r-release-windows-ix86+x86_64, r-oldrel-windows-ix86+x86_64

Version: 0.8.1
Check: R code for possible problems
Result: NOTE
    get.scale: no visible binding for global variable ‘sd’
    zic: no visible global function definition for ‘model.frame’
    zic: no visible global function definition for ‘model.response’
    zic: no visible global function definition for ‘model.matrix’
    zic: no visible global function definition for ‘mcmc’
    zic: no visible global function definition for ‘varnames<-’
    zic.svs: no visible global function definition for ‘model.frame’
    zic.svs: no visible global function definition for ‘model.response’
    zic.svs: no visible global function definition for ‘model.matrix’
    zic.svs: no visible global function definition for ‘mcmc’
    zic.svs: no visible global function definition for ‘varnames<-’
Flavors: r-devel-linux-x86_64-debian-clang, r-devel-linux-x86_64-debian-gcc, r-devel-linux-x86_64-fedora-gcc, r-devel-windows-ix86+x86_64

Version: 0.8.1
Check: R code for possible problems
Result: NOTE
    get.scale: no visible binding for global variable ‘sd’
    zic: no visible global function definition for ‘model.frame’
    zic: no visible global function definition for ‘model.response’
    zic: no visible global function definition for ‘model.matrix’
    zic: no visible global function definition for ‘mcmc’
    zic: no visible global function definition for ‘varnames<-’
    zic.svs: no visible global function definition for ‘model.frame’
    zic.svs: no visible global function definition for ‘model.response’
    zic.svs: no visible global function definition for ‘model.matrix’
    zic.svs: no visible global function definition for ‘mcmc’
    zic.svs: no visible global function definition for ‘varnames<-’
    Undefined global functions or variables:
     mcmc model.frame model.matrix model.response sd varnames<-
Flavor: r-devel-linux-x86_64-fedora-clang

Version: 0.8.1
Check: R code for possible problems
Result: NOTE
    zic: no visible global function definition for ‘mcmc’
    zic: no visible global function definition for ‘varnames<-’
    zic.svs: no visible global function definition for ‘mcmc’
    zic.svs: no visible global function definition for ‘varnames<-’
Flavors: r-devel-osx-x86_64-clang, r-patched-linux-x86_64, r-patched-solaris-sparc, r-patched-solaris-x86, r-release-linux-x86_64, r-release-osx-x86_64-mavericks, r-release-windows-ix86+x86_64, r-oldrel-windows-ix86+x86_64