CRAN Package Check Results for Package zic

Last updated on 2014-07-23 04:48:34.

Flavor Version Tinstall Tcheck Ttotal Status Flags
r-devel-linux-x86_64-debian-clang 0.8.1 19.00 15.33 34.34 NOTE
r-devel-linux-x86_64-debian-gcc 0.8.1 20.45 15.12 35.57 NOTE
r-devel-linux-x86_64-fedora-clang 0.8.1 62.66 NOTE
r-devel-linux-x86_64-fedora-gcc 0.8.1 60.42 NOTE
r-devel-osx-x86_64-clang 0.8.1 61.13 NOTE
r-devel-windows-ix86+x86_64 0.8.1 66.00 39.00 105.00 NOTE
r-patched-linux-x86_64 0.8.1 20.19 15.18 35.37 NOTE
r-patched-solaris-sparc 0.8.1 409.40 NOTE
r-patched-solaris-x86 0.8.1 87.70 NOTE
r-release-linux-ix86 0.8.1 25.30 22.31 47.62 NOTE
r-release-linux-x86_64 0.8.1 20.21 15.64 35.85 NOTE
r-release-osx-x86_64-mavericks 0.8.1 NOTE
r-release-osx-x86_64-snowleopard 0.8.1 OK
r-release-windows-ix86+x86_64 0.8.1 66.00 41.00 107.00 NOTE
r-oldrel-windows-ix86+x86_64 0.8.1 66.00 45.00 111.00 NOTE

Check Details

Version: 0.8.1
Check: dependencies in R code
Result: NOTE
    Packages in Depends field not imported from:
     ‘Rcpp’ ‘RcppArmadillo’ ‘coda’
     These packages need to be imported from (in the NAMESPACE file)
     for when this namespace is loaded but not attached.
    See the information on DESCRIPTION files in the chapter ‘Creating R
    packages’ of the ‘Writing R Extensions’ manual.
Flavors: r-devel-linux-x86_64-debian-clang, r-devel-linux-x86_64-debian-gcc, r-devel-linux-x86_64-fedora-clang, r-devel-linux-x86_64-fedora-gcc, r-devel-osx-x86_64-clang, r-devel-windows-ix86+x86_64, r-patched-linux-x86_64, r-patched-solaris-sparc, r-patched-solaris-x86, r-release-linux-ix86, r-release-linux-x86_64, r-release-osx-x86_64-mavericks, r-release-windows-ix86+x86_64, r-oldrel-windows-ix86+x86_64