CRAN Package Check Results for Package zic

Last updated on 2016-06-26 11:48:32.

Flavor Version Tinstall Tcheck Ttotal Status Flags
r-devel-linux-x86_64-debian-gcc 0.9 30.86 13.53 44.40 OK
r-devel-linux-x86_64-fedora-clang 0.9 71.58 OK
r-devel-linux-x86_64-fedora-gcc 0.9 61.47 OK
r-devel-osx-x86_64-clang 0.9 46.02 OK
r-devel-windows-ix86+x86_64 0.9 101.00 50.00 151.00 OK
r-patched-linux-x86_64 0.9 20.80 13.32 34.12 OK
r-patched-solaris-sparc 0.9 375.40 NOTE
r-patched-solaris-x86 0.9 74.30 OK
r-release-linux-x86_64 0.9 20.96 13.23 34.20 OK
r-release-osx-x86_64-mavericks 0.9 OK
r-release-windows-ix86+x86_64 0.9 78.00 33.00 111.00 OK
r-oldrel-windows-ix86+x86_64 0.9 98.00 62.00 160.00 OK

Check Details

Version: 0.9
Check: installed package size
Result: NOTE
     installed size is 5.3Mb
     sub-directories of 1Mb or more:
     libs 5.3Mb
Flavor: r-patched-solaris-sparc