CRAN Package Check Results for Package zic

Last updated on 2017-07-27 19:49:42.

Flavor Version Tinstall Tcheck Ttotal Status Flags
r-devel-linux-x86_64-debian-clang 0.9 25.44 23.35 48.79 NOTE
r-devel-linux-x86_64-debian-gcc 0.9 26.94 22.34 49.28 NOTE
r-devel-linux-x86_64-fedora-clang 0.9 82.06 NOTE
r-devel-linux-x86_64-fedora-gcc 0.9 80.11 NOTE
r-devel-windows-ix86+x86_64 0.9 78.00 49.00 127.00 OK
r-patched-linux-x86_64 0.9 27.63 22.76 50.38 NOTE
r-patched-solaris-x86 0.9 86.70 OK
r-release-linux-x86_64 0.9 27.46 22.35 49.81 NOTE
r-release-windows-ix86+x86_64 0.9 117.00 63.00 180.00 OK
r-release-osx-x86_64 0.9 OK
r-oldrel-windows-ix86+x86_64 0.9 82.00 54.00 136.00 OK
r-oldrel-osx-x86_64 0.9 OK

Check Details

Version: 0.9
Check: compiled code
Result: NOTE
    File ‘zic/libs/zic.so’:
     Found no calls to: ‘R_registerRoutines’, ‘R_useDynamicSymbols’
    
    It is good practice to register native routines and to disable symbol
    search.
    
    See ‘Writing portable packages’ in the ‘Writing R Extensions’ manual.
Flavors: r-devel-linux-x86_64-debian-clang, r-devel-linux-x86_64-debian-gcc, r-devel-linux-x86_64-fedora-clang, r-devel-linux-x86_64-fedora-gcc, r-patched-linux-x86_64, r-release-linux-x86_64