CRAN Package Check Results for Package zic

Last updated on 2014-12-21 17:49:17.

Flavor Version Tinstall Tcheck Ttotal Status Flags
r-devel-linux-x86_64-debian-clang 0.8.1 18.07 15.61 33.68 NOTE
r-devel-linux-x86_64-debian-gcc 0.8.1 19.88 15.58 35.46 NOTE
r-devel-linux-x86_64-fedora-clang 0.8.1 71.99 NOTE
r-devel-linux-x86_64-fedora-gcc 0.8.1 63.80 NOTE
r-devel-osx-x86_64-clang 0.8.1 58.11 NOTE
r-devel-windows-ix86+x86_64 0.8.1 67.00 41.00 108.00 NOTE
r-patched-linux-x86_64 0.8.1 20.12 15.44 35.56 NOTE
r-patched-solaris-sparc 0.8.1 396.80 NOTE
r-patched-solaris-x86 0.8.1 90.30 NOTE
r-release-linux-ix86 0.8.1 24.13 21.02 45.15 NOTE
r-release-linux-x86_64 0.8.1 20.03 15.63 35.66 NOTE
r-release-osx-x86_64-mavericks 0.8.1 NOTE
r-release-osx-x86_64-snowleopard 0.8.1 OK
r-release-windows-ix86+x86_64 0.8.1 59.00 43.00 102.00 NOTE
r-oldrel-windows-ix86+x86_64 0.8.1 60.00 44.00 104.00 NOTE

Check Details

Version: 0.8.1
Check: dependencies in R code
Result: NOTE
    Packages in Depends field not imported from:
     ‘Rcpp’ ‘RcppArmadillo’ ‘coda’
     These packages need to be imported from (in the NAMESPACE file)
     for when this namespace is loaded but not attached.
    See the information on DESCRIPTION files in the chapter ‘Creating R
    packages’ of the ‘Writing R Extensions’ manual.
Flavors: r-devel-linux-x86_64-debian-clang, r-devel-linux-x86_64-debian-gcc, r-devel-linux-x86_64-fedora-clang, r-devel-linux-x86_64-fedora-gcc, r-devel-osx-x86_64-clang, r-devel-windows-ix86+x86_64, r-patched-linux-x86_64, r-patched-solaris-sparc, r-patched-solaris-x86, r-release-linux-ix86, r-release-linux-x86_64, r-release-osx-x86_64-mavericks, r-release-windows-ix86+x86_64, r-oldrel-windows-ix86+x86_64

Version: 0.8.1
Check: R code for possible problems
Result: NOTE
    zic: no visible global function definition for ‘mcmc’
    zic: no visible global function definition for ‘varnames<-’
    zic.svs: no visible global function definition for ‘mcmc’
    zic.svs: no visible global function definition for ‘varnames<-’
Flavors: r-devel-linux-x86_64-debian-clang, r-devel-linux-x86_64-debian-gcc, r-devel-linux-x86_64-fedora-clang, r-devel-linux-x86_64-fedora-gcc, r-devel-osx-x86_64-clang, r-devel-windows-ix86+x86_64, r-patched-linux-x86_64, r-patched-solaris-sparc, r-patched-solaris-x86, r-release-linux-ix86, r-release-linux-x86_64, r-release-windows-ix86+x86_64