CRAN Package Check Results for Package zic

Last updated on 2015-05-22 12:46:45.

Flavor Version Tinstall Tcheck Ttotal Status Flags
r-devel-linux-x86_64-debian-clang 0.8.1 19.18 12.59 31.78 NOTE
r-devel-linux-x86_64-debian-gcc 0.8.1 20.62 12.36 32.98 NOTE
r-devel-linux-x86_64-fedora-gcc 0.8.1 60.36 NOTE
r-devel-osx-x86_64-clang 0.8.1 50.21 NOTE
r-devel-windows-ix86+x86_64 0.8.1 82.00 37.00 119.00 NOTE
r-patched-linux-x86_64 0.8.1 20.63 12.93 33.56 NOTE
r-patched-solaris-sparc 0.8.1 395.40 NOTE
r-patched-solaris-x86 0.8.1 81.20 NOTE
r-release-linux-x86_64 0.8.1 21.38 12.44 33.82 NOTE
r-release-osx-x86_64-mavericks 0.8.1 NOTE
r-release-osx-x86_64-snowleopard 0.8.1 NOTE
r-release-windows-ix86+x86_64 0.8.1 60.00 34.00 94.00 NOTE
r-oldrel-windows-ix86+x86_64 0.8.1 71.00 67.00 138.00 NOTE

Check Details

Version: 0.8.1
Check: dependencies in R code
Result: NOTE
    Packages in Depends field not imported from:
     ‘Rcpp’ ‘RcppArmadillo’ ‘coda’
     These packages need to be imported from (in the NAMESPACE file)
     for when this namespace is loaded but not attached.
Flavors: r-devel-linux-x86_64-debian-clang, r-devel-linux-x86_64-debian-gcc, r-devel-linux-x86_64-fedora-gcc, r-devel-osx-x86_64-clang, r-devel-windows-ix86+x86_64, r-patched-linux-x86_64, r-patched-solaris-sparc, r-patched-solaris-x86, r-release-linux-x86_64, r-release-osx-x86_64-mavericks, r-release-osx-x86_64-snowleopard, r-release-windows-ix86+x86_64, r-oldrel-windows-ix86+x86_64

Version: 0.8.1
Check: R code for possible problems
Result: NOTE
    zic: no visible global function definition for ‘mcmc’
    zic: no visible global function definition for ‘varnames<-’
    zic.svs: no visible global function definition for ‘mcmc’
    zic.svs: no visible global function definition for ‘varnames<-’
Flavors: r-devel-linux-x86_64-debian-clang, r-devel-linux-x86_64-debian-gcc, r-devel-linux-x86_64-fedora-gcc, r-devel-osx-x86_64-clang, r-devel-windows-ix86+x86_64, r-patched-linux-x86_64, r-patched-solaris-sparc, r-patched-solaris-x86, r-release-linux-x86_64, r-release-osx-x86_64-mavericks, r-release-osx-x86_64-snowleopard, r-release-windows-ix86+x86_64, r-oldrel-windows-ix86+x86_64