CRAN Package Check Results for Package zic

Last updated on 2015-01-30 03:49:19.

Flavor Version Tinstall Tcheck Ttotal Status Flags
r-devel-linux-x86_64-debian-clang 0.8.1 17.74 13.26 31.01 NOTE
r-devel-linux-x86_64-debian-gcc 0.8.1 20.26 13.18 33.44 NOTE
r-devel-linux-x86_64-fedora-clang 0.8.1 68.66 NOTE
r-devel-linux-x86_64-fedora-gcc 0.8.1 61.36 NOTE
r-devel-osx-x86_64-clang 0.8.1 51.91 NOTE
r-devel-windows-ix86+x86_64 0.8.1 89.00 35.00 124.00 NOTE
r-patched-linux-x86_64 0.8.1 20.41 15.49 35.90 NOTE
r-patched-solaris-sparc 0.8.1 446.80 NOTE
r-patched-solaris-x86 0.8.1 89.80 NOTE
r-release-linux-ix86 0.8.1 24.20 21.12 45.32 NOTE
r-release-linux-x86_64 0.8.1 20.22 15.48 35.70 NOTE
r-release-osx-x86_64-mavericks 0.8.1 NOTE
r-release-osx-x86_64-snowleopard 0.8.1 OK
r-release-windows-ix86+x86_64 0.8.1 68.00 41.00 109.00 NOTE
r-oldrel-windows-ix86+x86_64 0.8.1 66.00 45.00 111.00 NOTE

Check Details

Version: 0.8.1
Check: dependencies in R code
Result: NOTE
    Packages in Depends field not imported from:
     ‘Rcpp’ ‘RcppArmadillo’ ‘coda’
     These packages need to be imported from (in the NAMESPACE file)
     for when this namespace is loaded but not attached.
Flavors: r-devel-linux-x86_64-debian-clang, r-devel-linux-x86_64-debian-gcc, r-devel-linux-x86_64-fedora-clang, r-devel-linux-x86_64-fedora-gcc, r-devel-osx-x86_64-clang, r-devel-windows-ix86+x86_64

Version: 0.8.1
Check: R code for possible problems
Result: NOTE
    zic: no visible global function definition for ‘mcmc’
    zic: no visible global function definition for ‘varnames<-’
    zic.svs: no visible global function definition for ‘mcmc’
    zic.svs: no visible global function definition for ‘varnames<-’
Flavors: r-devel-linux-x86_64-debian-clang, r-devel-linux-x86_64-debian-gcc, r-devel-linux-x86_64-fedora-clang, r-devel-linux-x86_64-fedora-gcc, r-devel-osx-x86_64-clang, r-devel-windows-ix86+x86_64, r-patched-linux-x86_64, r-patched-solaris-sparc, r-patched-solaris-x86, r-release-linux-ix86, r-release-linux-x86_64, r-release-osx-x86_64-mavericks, r-release-windows-ix86+x86_64

Version: 0.8.1
Check: dependencies in R code
Result: NOTE
    Packages in Depends field not imported from:
     ‘Rcpp’ ‘RcppArmadillo’ ‘coda’
     These packages need to be imported from (in the NAMESPACE file)
     for when this namespace is loaded but not attached.
    See the information on DESCRIPTION files in the chapter ‘Creating R
    packages’ of the ‘Writing R Extensions’ manual.
Flavors: r-patched-linux-x86_64, r-patched-solaris-sparc, r-patched-solaris-x86, r-release-linux-ix86, r-release-linux-x86_64, r-release-osx-x86_64-mavericks, r-release-windows-ix86+x86_64, r-oldrel-windows-ix86+x86_64