CRAN Package Check Results for Package zic

Last updated on 2014-04-23 12:48:31.

Flavor Version Tinstall Tcheck Ttotal Status Flags
r-devel-linux-x86_64-debian-clang 0.8.1 17.19 16.29 33.48 NOTE
r-devel-linux-x86_64-debian-gcc 0.8.1 20.29 16.34 36.63 NOTE
r-devel-linux-x86_64-fedora-clang 0.8.1 61.96 NOTE
r-devel-linux-x86_64-fedora-gcc 0.8.1 58.49 NOTE
r-devel-osx-x86_64-clang 0.8.1 51.52 NOTE
r-devel-osx-x86_64-gcc 0.8.1 NOTE
r-devel-windows-ix86+x86_64 0.8.1 65.00 41.00 106.00 NOTE
r-patched-linux-x86_64 0.8.1 20.05 16.49 36.54 NOTE
r-patched-solaris-sparc 0.8.1 409.40 NOTE
r-patched-solaris-x86 0.8.1 88.60 NOTE
r-release-linux-ix86 0.8.1 32.00 32.00 64.00 NOTE
r-release-linux-x86_64 0.8.1 20.15 16.14 36.29 NOTE
r-release-osx-x86_64-mavericks 0.8.1 WARN
r-release-osx-x86_64-snowleopard 0.8.1 OK
r-release-windows-ix86+x86_64 0.8.1 66.00 40.00 106.00 NOTE
r-oldrel-windows-ix86+x86_64 0.8.1 66.00 44.00 110.00 NOTE

Check Details

Version: 0.8.1
Check: dependencies in R code
Result: NOTE
    Packages in Depends field not imported from:
     ‘Rcpp’ ‘RcppArmadillo’ ‘coda’
     These packages need to be imported from (in the NAMESPACE file)
     for when this namespace is loaded but not attached.
    See the information on DESCRIPTION files in the chapter ‘Creating R
    packages’ of the ‘Writing R Extensions’ manual.
Flavors: r-devel-linux-x86_64-debian-clang, r-devel-linux-x86_64-debian-gcc, r-devel-linux-x86_64-fedora-clang, r-devel-linux-x86_64-fedora-gcc, r-devel-osx-x86_64-clang, r-devel-osx-x86_64-gcc, r-devel-windows-ix86+x86_64, r-patched-linux-x86_64, r-patched-solaris-sparc, r-patched-solaris-x86, r-release-linux-ix86, r-release-linux-x86_64, r-release-osx-x86_64-mavericks, r-release-windows-ix86+x86_64, r-oldrel-windows-ix86+x86_64

Version: 0.8.1
Check: PDF version of manual
Result: WARNING
    LaTeX errors when creating PDF version.
    This typically indicates Rd problems.
    LaTeX errors found:
    ! LaTeX Error: File `upquote.sty' not found.
    
    Type X to quit or <RETURN> to proceed,
    or enter new name. (Default extension: sty)
    
    8d4fe80/Rd2.tex:8: ==> Fatal error occurred, no output PDF file produced!
Flavor: r-release-osx-x86_64-mavericks