CRAN Package Check Results for Package zic

Last updated on 2014-09-23 11:48:26.

Flavor Version Tinstall Tcheck Ttotal Status Flags
r-devel-linux-x86_64-debian-clang 0.8.1 18.03 15.27 33.30 NOTE
r-devel-linux-x86_64-debian-gcc 0.8.1 20.46 14.75 35.22 NOTE
r-devel-linux-x86_64-fedora-clang 0.8.1 74.04 NOTE
r-devel-linux-x86_64-fedora-gcc 0.8.1 61.48 NOTE
r-devel-osx-x86_64-clang 0.8.1 60.47 NOTE
r-devel-windows-ix86+x86_64 0.8.1 68.00 38.00 106.00 NOTE
r-patched-linux-x86_64 0.8.1 20.34 15.76 36.10 NOTE
r-patched-solaris-sparc 0.8.1 415.90 NOTE
r-patched-solaris-x86 0.8.1 90.40 NOTE
r-release-linux-ix86 0.8.1 25.85 22.48 48.34 NOTE
r-release-linux-x86_64 0.8.1 23.30 15.85 39.15 NOTE
r-release-osx-x86_64-mavericks 0.8.1 NOTE
r-release-osx-x86_64-snowleopard 0.8.1 OK
r-release-windows-ix86+x86_64 0.8.1 62.00 45.00 107.00 NOTE
r-oldrel-windows-ix86+x86_64 0.8.1 68.00 42.00 110.00 NOTE

Check Details

Version: 0.8.1
Check: dependencies in R code
Result: NOTE
    Packages in Depends field not imported from:
     ‘Rcpp’ ‘RcppArmadillo’ ‘coda’
     These packages need to be imported from (in the NAMESPACE file)
     for when this namespace is loaded but not attached.
    See the information on DESCRIPTION files in the chapter ‘Creating R
    packages’ of the ‘Writing R Extensions’ manual.
Flavors: r-devel-linux-x86_64-debian-clang, r-devel-linux-x86_64-debian-gcc, r-devel-linux-x86_64-fedora-clang, r-devel-linux-x86_64-fedora-gcc, r-devel-osx-x86_64-clang, r-devel-windows-ix86+x86_64, r-patched-linux-x86_64, r-patched-solaris-sparc, r-patched-solaris-x86, r-release-linux-ix86, r-release-linux-x86_64, r-release-osx-x86_64-mavericks, r-release-windows-ix86+x86_64, r-oldrel-windows-ix86+x86_64

Version: 0.8.1
Check: R code for possible problems
Result: NOTE
    zic: no visible global function definition for ‘mcmc’
    zic: no visible global function definition for ‘varnames<-’
    zic.svs: no visible global function definition for ‘mcmc’
    zic.svs: no visible global function definition for ‘varnames<-’
Flavors: r-devel-linux-x86_64-debian-clang, r-devel-linux-x86_64-debian-gcc, r-devel-linux-x86_64-fedora-clang, r-devel-linux-x86_64-fedora-gcc, r-devel-osx-x86_64-clang, r-devel-windows-ix86+x86_64