CRAN Package Check Results for Package zic

Last updated on 2016-07-23 21:50:07.

Flavor Version Tinstall Tcheck Ttotal Status Flags
r-devel-linux-x86_64-debian-clang 0.9 29.57 16.12 45.69 OK
r-devel-linux-x86_64-debian-gcc 0.9 34.22 15.48 49.70 OK
r-devel-linux-x86_64-fedora-clang 0.9 73.31 OK
r-devel-linux-x86_64-fedora-gcc 0.9 63.08 OK
r-devel-osx-x86_64-clang 0.9 50.38 OK
r-devel-windows-ix86+x86_64 0.9 106.00 52.00 158.00 OK
r-patched-linux-x86_64 0.9 22.53 15.72 38.25 OK
r-patched-solaris-sparc 0.9 375.40 NOTE
r-patched-solaris-x86 0.9 75.60 OK
r-release-linux-x86_64 0.9 23.62 15.20 38.82 OK
r-release-osx-x86_64-mavericks 0.9 OK
r-release-windows-ix86+x86_64 0.9 76.00 49.00 125.00 OK
r-oldrel-windows-ix86+x86_64 0.9 96.00 43.00 139.00 OK

Check Details

Version: 0.9
Check: installed package size
Result: NOTE
     installed size is 5.3Mb
     sub-directories of 1Mb or more:
     libs 5.3Mb
Flavor: r-patched-solaris-sparc