CRAN Package Check Results for Package zic

Last updated on 2014-11-23 12:46:46.

Flavor Version Tinstall Tcheck Ttotal Status Flags
r-devel-linux-x86_64-debian-clang 0.8.1 19.53 15.85 35.38 NOTE
r-devel-linux-x86_64-debian-gcc 0.8.1 19.91 15.47 35.38 NOTE
r-devel-linux-x86_64-fedora-clang 0.8.1 69.50 NOTE
r-devel-linux-x86_64-fedora-gcc 0.8.1 62.02 NOTE
r-devel-osx-x86_64-clang 0.8.1 53.09 NOTE
r-devel-windows-ix86+x86_64 0.8.1 63.00 38.00 101.00 NOTE
r-patched-linux-x86_64 0.8.1 20.16 15.35 35.51 NOTE
r-patched-solaris-sparc 0.8.1 396.80 NOTE
r-patched-solaris-x86 0.8.1 90.20 NOTE
r-release-linux-ix86 0.8.1 24.09 22.22 46.31 NOTE
r-release-linux-x86_64 0.8.1 20.15 15.36 35.50 NOTE
r-release-osx-x86_64-mavericks 0.8.1 NOTE
r-release-osx-x86_64-snowleopard 0.8.1 OK
r-release-windows-ix86+x86_64 0.8.1 69.00 42.00 111.00 NOTE
r-oldrel-windows-ix86+x86_64 0.8.1 64.00 47.00 111.00 NOTE

Check Details

Version: 0.8.1
Check: dependencies in R code
Result: NOTE
    Packages in Depends field not imported from:
     ‘Rcpp’ ‘RcppArmadillo’ ‘coda’
     These packages need to be imported from (in the NAMESPACE file)
     for when this namespace is loaded but not attached.
    See the information on DESCRIPTION files in the chapter ‘Creating R
    packages’ of the ‘Writing R Extensions’ manual.
Flavors: r-devel-linux-x86_64-debian-clang, r-devel-linux-x86_64-debian-gcc, r-devel-linux-x86_64-fedora-clang, r-devel-linux-x86_64-fedora-gcc, r-devel-osx-x86_64-clang, r-devel-windows-ix86+x86_64, r-patched-linux-x86_64, r-patched-solaris-sparc, r-patched-solaris-x86, r-release-linux-ix86, r-release-linux-x86_64, r-release-osx-x86_64-mavericks, r-release-windows-ix86+x86_64, r-oldrel-windows-ix86+x86_64

Version: 0.8.1
Check: R code for possible problems
Result: NOTE
    zic: no visible global function definition for ‘mcmc’
    zic: no visible global function definition for ‘varnames<-’
    zic.svs: no visible global function definition for ‘mcmc’
    zic.svs: no visible global function definition for ‘varnames<-’
Flavors: r-devel-linux-x86_64-debian-clang, r-devel-linux-x86_64-debian-gcc, r-devel-linux-x86_64-fedora-clang, r-devel-linux-x86_64-fedora-gcc, r-devel-osx-x86_64-clang, r-devel-windows-ix86+x86_64, r-patched-linux-x86_64, r-patched-solaris-sparc, r-patched-solaris-x86, r-release-linux-ix86, r-release-linux-x86_64, r-release-windows-ix86+x86_64