CRAN Package Check Results for Package zic

Last updated on 2017-03-29 03:51:05.

Flavor Version Tinstall Tcheck Ttotal Status Flags
r-devel-linux-x86_64-debian-clang 0.9 24.80 16.93 41.73 NOTE
r-devel-linux-x86_64-debian-gcc 0.9 26.20 16.95 43.15 NOTE
r-devel-linux-x86_64-fedora-clang 0.9 80.48 NOTE --no-stop-on-test-error
r-devel-linux-x86_64-fedora-gcc 0.9 75.21 NOTE --no-stop-on-test-error
r-devel-macos-x86_64-clang 0.9 54.22 NOTE --no-stop-on-test-error
r-devel-windows-ix86+x86_64 0.9 78.00 62.00 140.00 OK
r-patched-linux-x86_64 0.9 20.55 17.05 37.59 NOTE
r-patched-solaris-sparc 0.9 388.20 OK
r-patched-solaris-x86 0.9 83.70 OK
r-release-linux-x86_64 0.9 20.34 14.18 34.52 OK
r-release-osx-x86_64-mavericks 0.9 OK
r-release-windows-ix86+x86_64 0.9 106.00 94.00 200.00 OK
r-oldrel-windows-ix86+x86_64 0.9 69.00 58.00 127.00 OK

Check Details

Version: 0.9
Check: compiled code
Result: NOTE
    File ‘zic/libs/zic.so’:
     Found no calls to: ‘R_registerRoutines’, ‘R_useDynamicSymbols’
    
    It is good practice to register native routines and to disable symbol
    search.
    
    See ‘Writing portable packages’ in the ‘Writing R Extensions’ manual.
Flavors: r-devel-linux-x86_64-debian-clang, r-devel-linux-x86_64-debian-gcc, r-patched-linux-x86_64

Version: 0.9
Flags: --no-stop-on-test-error
Check: compiled code
Result: NOTE
    File ‘zic/libs/zic.so’:
     Found no calls to: ‘R_registerRoutines’, ‘R_useDynamicSymbols’
    
    It is good practice to register native routines and to disable symbol
    search.
    
    See ‘Writing portable packages’ in the ‘Writing R Extensions’ manual.
Flavors: r-devel-linux-x86_64-fedora-clang, r-devel-linux-x86_64-fedora-gcc, r-devel-macos-x86_64-clang