CRAN Package Check Results for Package zic

Last updated on 2017-05-25 17:48:33.

Flavor Version Tinstall Tcheck Ttotal Status Flags
r-devel-linux-x86_64-debian-clang 0.9 25.57 17.73 43.30 NOTE
r-devel-linux-x86_64-debian-gcc 0.9 26.60 17.16 43.76 NOTE
r-devel-linux-x86_64-fedora-clang 0.9 78.74 NOTE --no-stop-on-test-error
r-devel-linux-x86_64-fedora-gcc 0.9 75.77 NOTE --no-stop-on-test-error
r-devel-windows-ix86+x86_64 0.9 82.00 74.00 156.00 OK
r-patched-linux-x86_64 0.9 20.76 16.78 37.54 NOTE
r-patched-solaris-sparc 0.9 388.20 OK
r-patched-solaris-x86 0.9 80.50 OK --no-stop-on-test-error
r-release-linux-x86_64 0.9 21.08 16.81 37.89 NOTE
r-release-windows-ix86+x86_64 0.9 114.00 48.00 162.00 OK
r-release-osx-x86_64 0.9 OK
r-oldrel-windows-ix86+x86_64 0.9 104.00 58.00 162.00 OK
r-oldrel-osx-x86_64 0.9 OK

Check Details

Version: 0.9
Check: compiled code
Result: NOTE
    File ‘zic/libs/zic.so’:
     Found no calls to: ‘R_registerRoutines’, ‘R_useDynamicSymbols’
    
    It is good practice to register native routines and to disable symbol
    search.
    
    See ‘Writing portable packages’ in the ‘Writing R Extensions’ manual.
Flavors: r-devel-linux-x86_64-debian-clang, r-devel-linux-x86_64-debian-gcc, r-patched-linux-x86_64, r-release-linux-x86_64

Version: 0.9
Flags: --no-stop-on-test-error
Check: compiled code
Result: NOTE
    File ‘zic/libs/zic.so’:
     Found no calls to: ‘R_registerRoutines’, ‘R_useDynamicSymbols’
    
    It is good practice to register native routines and to disable symbol
    search.
    
    See ‘Writing portable packages’ in the ‘Writing R Extensions’ manual.
Flavors: r-devel-linux-x86_64-fedora-clang, r-devel-linux-x86_64-fedora-gcc