CRAN Package Check Results for Package zic

Last updated on 2017-02-20 17:49:30.

Flavor Version Tinstall Tcheck Ttotal Status Flags
r-devel-linux-x86_64-debian-clang 0.9 23.88 16.67 40.55 NOTE
r-devel-linux-x86_64-debian-gcc 0.9 25.73 16.79 42.51 NOTE
r-devel-linux-x86_64-fedora-clang 0.9 77.65 NOTE --no-stop-on-test-error
r-devel-linux-x86_64-fedora-gcc 0.9 72.76 NOTE --no-stop-on-test-error
r-devel-macos-x86_64-clang 54.15 NOTE --no-stop-on-test-error
r-devel-windows-ix86+x86_64 0.9 117.00 50.00 167.00 OK
r-patched-linux-x86_64 0.9 20.69 14.01 34.70 OK
r-patched-solaris-sparc 0.9 373.40 OK
r-patched-solaris-x86 0.9 71.80 OK
r-release-linux-x86_64 0.9 20.52 14.07 34.59 OK
r-release-osx-x86_64-mavericks 0.9 OK
r-release-windows-ix86+x86_64 0.9 72.00 46.00 118.00 OK
r-oldrel-windows-ix86+x86_64 0.9 72.00 57.00 129.00 OK

Check Details

Version: 0.9
Check: compiled code
Result: NOTE
    File ‘zic/libs/zic.so’:
     Found no calls to: ‘R_registerRoutines’, ‘R_useDynamicSymbols’
    
    It is good practice to register native routines and to disable symbol
    search.
    
    See ‘Writing portable packages’ in the ‘Writing R Extensions’ manual.
Flavors: r-devel-linux-x86_64-debian-clang, r-devel-linux-x86_64-debian-gcc

Version: 0.9
Flags: --no-stop-on-test-error
Check: compiled code
Result: NOTE
    File ‘zic/libs/zic.so’:
     Found no calls to: ‘R_registerRoutines’, ‘R_useDynamicSymbols’
    
    It is good practice to register native routines and to disable symbol
    search.
    
    See ‘Writing portable packages’ in the ‘Writing R Extensions’ manual.
Flavors: r-devel-linux-x86_64-fedora-clang, r-devel-linux-x86_64-fedora-gcc, r-devel-macos-x86_64-clang