CRAN Package Check Results for Package zic

Last updated on 2014-08-27 10:48:04.

Flavor Version Tinstall Tcheck Ttotal Status Flags
r-devel-linux-x86_64-debian-clang 0.8.1 17.20 14.91 32.11 NOTE
r-devel-linux-x86_64-debian-gcc 0.8.1 20.46 14.95 35.41 NOTE
r-devel-linux-x86_64-fedora-clang 0.8.1 66.44 NOTE
r-devel-linux-x86_64-fedora-gcc 0.8.1 59.79 NOTE
r-devel-osx-x86_64-clang 0.8.1 52.37 NOTE
r-devel-windows-ix86+x86_64 0.8.1 61.00 39.00 100.00 NOTE
r-patched-linux-x86_64 0.8.1 21.36 15.57 36.93 NOTE
r-patched-solaris-sparc 0.8.1 415.90 NOTE
r-patched-solaris-x86 0.8.1 88.60 NOTE
r-release-linux-ix86 0.8.1 27.79 22.14 49.93 NOTE
r-release-linux-x86_64 0.8.1 20.52 15.54 36.06 NOTE
r-release-osx-x86_64-mavericks 0.8.1 NOTE
r-release-osx-x86_64-snowleopard 0.8.1 OK
r-release-windows-ix86+x86_64 0.8.1 64.00 40.00 104.00 NOTE
r-oldrel-windows-ix86+x86_64 0.8.1 70.00 42.00 112.00 NOTE

Check Details

Version: 0.8.1
Check: dependencies in R code
Result: NOTE
    Packages in Depends field not imported from:
     ‘Rcpp’ ‘RcppArmadillo’ ‘coda’
     These packages need to be imported from (in the NAMESPACE file)
     for when this namespace is loaded but not attached.
    See the information on DESCRIPTION files in the chapter ‘Creating R
    packages’ of the ‘Writing R Extensions’ manual.
Flavors: r-devel-linux-x86_64-debian-clang, r-devel-linux-x86_64-debian-gcc, r-devel-linux-x86_64-fedora-clang, r-devel-linux-x86_64-fedora-gcc, r-devel-osx-x86_64-clang, r-devel-windows-ix86+x86_64, r-patched-linux-x86_64, r-patched-solaris-sparc, r-patched-solaris-x86, r-release-linux-ix86, r-release-linux-x86_64, r-release-osx-x86_64-mavericks, r-release-windows-ix86+x86_64, r-oldrel-windows-ix86+x86_64

Version: 0.8.1
Check: R code for possible problems
Result: NOTE
    zic: no visible global function definition for ‘mcmc’
    zic: no visible global function definition for ‘varnames<-’
    zic.svs: no visible global function definition for ‘mcmc’
    zic.svs: no visible global function definition for ‘varnames<-’
Flavors: r-devel-linux-x86_64-debian-clang, r-devel-linux-x86_64-debian-gcc, r-devel-linux-x86_64-fedora-clang, r-devel-linux-x86_64-fedora-gcc, r-devel-osx-x86_64-clang, r-devel-windows-ix86+x86_64