CRAN Package Check Results for Package zip

Last updated on 2019-10-16 19:46:37 CEST.

Flavor Version Tinstall Tcheck Ttotal Status Flags
r-devel-linux-x86_64-debian-clang 2.0.4 16.08 19.67 35.75 OK
r-devel-linux-x86_64-debian-gcc 2.0.4 11.63 16.16 27.79 OK
r-devel-linux-x86_64-fedora-clang 2.0.4 47.37 OK
r-devel-linux-x86_64-fedora-gcc 2.0.4 45.69 OK
r-devel-windows-ix86+x86_64 2.0.4 69.00 49.00 118.00 OK
r-patched-linux-x86_64 2.0.4 14.04 19.31 33.35 OK
r-patched-solaris-x86 2.0.4 61.80 OK
r-release-linux-x86_64 2.0.4 13.75 19.56 33.31 OK
r-release-windows-ix86+x86_64 2.0.4 53.00 67.00 120.00 OK
r-release-osx-x86_64 2.0.4 OK
r-oldrel-windows-ix86+x86_64 2.0.4 78.00 43.00 121.00 ERROR
r-oldrel-osx-x86_64 2.0.4 OK

Check Details

Version: 2.0.4
Check: running examples for arch ‘x64’
Result: ERROR
    Running examples in 'zip-Ex.R' failed
    The error most likely occurred in:
    
    > ### Name: zip_process
    > ### Title: Class for an external zip process
    > ### Aliases: zip_process
    >
    > ### ** Examples
    >
    > dir.create(tmp <- tempfile())
    > write.table(iris, file = file.path(tmp, "iris.ssv"))
    > zipfile <- tempfile(fileext = ".zip")
    > zp <- zip_process()$new(zipfile, tmp)
    > zp$wait()
    > zp$get_exit_status()
    [1] 10
    > zip_list(zipfile)
    Warning in normalizePath(path.expand(path), winslash, mustWork) :
     path[1]="D:\temp\RtmpaA3Y5i\file282687f7e3cec.zip": Das System kann die angegebene Datei nicht finden
    Error in zip_list(zipfile) :
     Cannot open zip file `D:\temp\RtmpaA3Y5i\file282687f7e3cec.zip`
    Execution halted
Flavor: r-oldrel-windows-ix86+x86_64