CRAN Package Check Results for Package zipR

Last updated on 2022-12-07 16:49:41 CET.

Flavor Version Tinstall Tcheck Ttotal Status Flags
r-devel-linux-x86_64-debian-clang 0.1.1 1.59 24.38 25.97 NOTE
r-devel-linux-x86_64-debian-gcc 0.1.1 1.66 19.09 20.75 NOTE
r-devel-linux-x86_64-fedora-clang 0.1.1 42.76 NOTE
r-devel-linux-x86_64-fedora-gcc 0.1.1 51.72 NOTE
r-devel-windows-x86_64 0.1.1 11.00 55.00 66.00 NOTE
r-patched-linux-x86_64 0.1.1 1.75 23.00 24.75 NOTE
r-release-linux-x86_64 0.1.1 1.97 23.73 25.70 NOTE
r-release-macos-arm64 0.1.1 16.00 NOTE
r-release-macos-x86_64 0.1.1 21.00 NOTE
r-release-windows-x86_64 0.1.1 6.00 53.00 59.00 NOTE
r-oldrel-macos-arm64 0.1.1 21.00 NOTE
r-oldrel-macos-x86_64 0.1.1 26.00 NOTE
r-oldrel-windows-ix86+x86_64 0.1.1 4.00 48.00 52.00 NOTE

Check Details

Version: 0.1.1
Check: LazyData
Result: NOTE
     'LazyData' is specified without a 'data' directory
Flavors: r-devel-linux-x86_64-debian-clang, r-devel-linux-x86_64-debian-gcc, r-devel-linux-x86_64-fedora-clang, r-devel-linux-x86_64-fedora-gcc, r-devel-windows-x86_64, r-patched-linux-x86_64, r-release-linux-x86_64, r-release-macos-arm64, r-release-macos-x86_64, r-release-windows-x86_64, r-oldrel-macos-arm64, r-oldrel-macos-x86_64, r-oldrel-windows-ix86+x86_64