CRAN Package Check Results for Package zipcodeR

Last updated on 2021-04-14 18:51:22 CEST.

Flavor Version Tinstall Tcheck Ttotal Status Flags
r-devel-linux-x86_64-debian-clang 0.2.0 7.11 54.69 61.80 OK
r-devel-linux-x86_64-debian-gcc 0.2.0 7.14 43.31 50.45 OK
r-devel-linux-x86_64-fedora-clang 0.2.0 86.75 NOTE
r-devel-linux-x86_64-fedora-gcc 0.2.0 74.72 NOTE
r-devel-windows-ix86+x86_64 0.2.0 18.00 74.00 92.00 OK
r-devel-windows-x86_64-gcc10-UCRT 0.2.0 NOTE
r-patched-linux-x86_64 0.2.0 7.33 53.06 60.39 OK
r-patched-solaris-x86 0.2.0 123.30 NOTE
r-release-linux-x86_64 0.2.0 7.39 52.60 59.99 OK
r-release-macos-x86_64 0.2.0 NOTE
r-release-windows-ix86+x86_64 0.2.0 37.00 86.00 123.00 OK
r-oldrel-macos-x86_64 0.2.0 NOTE
r-oldrel-windows-ix86+x86_64 0.2.0 12.00 63.00 75.00 OK

Check Details

Version: 0.2.0
Check: data for non-ASCII characters
Result: NOTE
     Note: found 5 marked UTF-8 strings
Flavors: r-devel-linux-x86_64-fedora-clang, r-devel-linux-x86_64-fedora-gcc, r-devel-windows-x86_64-gcc10-UCRT, r-patched-solaris-x86, r-release-macos-x86_64, r-oldrel-macos-x86_64