CRAN Package Check Results for Package zipfR

Last updated on 2017-10-16 23:47:56.

Flavor Version Tinstall Tcheck Ttotal Status Flags
r-devel-linux-x86_64-debian-clang 0.6-10 1.91 40.47 42.37 OK
r-devel-linux-x86_64-debian-gcc 0.6-10 2.16 42.66 44.82 OK
r-devel-linux-x86_64-fedora-clang 0.6-10 82.17 OK
r-devel-linux-x86_64-fedora-gcc 0.6-10 76.87 OK
r-devel-windows-ix86+x86_64 0.6-10 11.00 90.00 101.00 OK
r-patched-linux-x86_64 0.6-10 1.90 38.35 40.26 OK
r-patched-solaris-x86 0.6-10 93.20 OK
r-release-linux-x86_64 0.6-10 1.92 38.55 40.47 OK
r-release-windows-ix86+x86_64 0.6-10 6.00 69.00 75.00 OK
r-release-osx-x86_64 0.6-10 NOTE
r-oldrel-windows-ix86+x86_64 0.6-10 6.00 79.00 85.00 OK
r-oldrel-osx-x86_64 0.6-10 OK

Check Details

Version: 0.6-10
Check: re-building of vignette outputs
Result: NOTE
    Error in re-building vignettes:
     ...
    Error in texi2dvi(file = file, pdf = TRUE, clean = clean, quiet = quiet, :
     Running 'texi2dvi' on 'zipfr-tutorial.tex' failed.
    LaTeX errors:
    ! LaTeX Error: File `vmargin.sty' not found.
    
    Type X to quit or <RETURN> to proceed,
    or enter new name. (Default extension: sty)
    
    ! Emergency stop.
    <read *>
    
    l.13 \setpapersize
     [portrait]{A4}^^M
    ! ==> Fatal error occurred, no output PDF file produced!
    Calls: buildVignettes -> texi2pdf -> texi2dvi
    Execution halted
Flavor: r-release-osx-x86_64