CRAN Package Check Results for Package zipfR

Last updated on 2015-05-25 11:48:41.

Flavor Version Tinstall Tcheck Ttotal Status Flags
r-devel-linux-x86_64-debian-clang 0.6-6 1.61 34.54 36.15 NOTE
r-devel-linux-x86_64-debian-gcc 0.6-6 1.52 28.68 30.20 NOTE
r-devel-linux-x86_64-fedora-clang 0.6-6 52.62 NOTE
r-devel-linux-x86_64-fedora-gcc 0.6-6 47.83 NOTE
r-devel-osx-x86_64-clang 0.6-6 55.30 NOTE
r-devel-windows-ix86+x86_64 0.6-6 6.00 47.00 53.00 OK
r-patched-linux-x86_64 0.6-6 1.54 28.83 30.38 NOTE
r-patched-solaris-sparc 0.6-6 375.00 NOTE
r-patched-solaris-x86 0.6-6 72.00 NOTE
r-release-linux-x86_64 0.6-6 1.60 29.74 31.33 NOTE
r-release-osx-x86_64-mavericks 0.6-6 OK
r-release-osx-x86_64-snowleopard 0.6-6 OK
r-release-windows-ix86+x86_64 0.6-6 5.00 55.00 60.00 OK
r-oldrel-windows-ix86+x86_64 0.6-6 9.00 52.00 61.00 OK

Check Details

Version: 0.6-6
Check: R code for possible problems
Result: NOTE
    Found an obsolete/platform-specific call in the following function:
     ‘zipfR.begin.plot’
    Found the platform-specific devices:
     ‘X11’ ‘quartz’
    dev.new() is the preferred way to open a new device, in the unlikely
    event one is needed.
Flavors: r-devel-linux-x86_64-debian-clang, r-devel-linux-x86_64-debian-gcc, r-devel-linux-x86_64-fedora-clang, r-devel-linux-x86_64-fedora-gcc, r-devel-osx-x86_64-clang, r-patched-linux-x86_64, r-patched-solaris-sparc, r-patched-solaris-x86, r-release-linux-x86_64

Version: 0.6-6
Check: Rd line widths
Result: NOTE
    Rd file 'lnre_bootstrap.Rd':
     \usage lines wider than 90 characters:
     lnre.bootstrap(model, N, ESTIMATOR, STATISTIC, replicates=100, simplify=FALSE, verbose=TRUE, ...)
    
    Rd file 'plot_spc.Rd':
     \examples lines wider than 100 characters:
     plot(zm.spc,log="x",main="Expected Spectrum with Confidence Interval",xlab="spectrum elements",ylab="expected type counts")
    
    These lines will be truncated in the PDF manual.
Flavors: r-devel-linux-x86_64-debian-clang, r-devel-linux-x86_64-debian-gcc, r-devel-linux-x86_64-fedora-clang, r-devel-linux-x86_64-fedora-gcc, r-patched-linux-x86_64, r-release-linux-x86_64