CRAN Package Check Results for Package zipfR

Last updated on 2015-04-01 02:48:33.

Flavor Version Tinstall Tcheck Ttotal Status Flags
r-devel-linux-x86_64-debian-clang 0.6-6 1.54 28.97 30.52 NOTE
r-devel-linux-x86_64-debian-gcc 0.6-6 1.46 28.50 29.96 NOTE
r-devel-linux-x86_64-fedora-clang 0.6-6 51.48 NOTE
r-devel-linux-x86_64-fedora-gcc 0.6-6 47.23 NOTE
r-devel-osx-x86_64-clang 0.6-6 59.02 NOTE
r-prerel-windows-ix86+x86_64 0.6-6 9.00 42.00 51.00 OK
r-prerel-linux-x86_64 0.6-6 1.47 28.56 30.03 NOTE
r-prerel-solaris-sparc 0.6-6 379.80 NOTE
r-prerel-solaris-x86 0.6-6 70.90 NOTE
r-release-linux-x86_64 0.6-6 1.78 32.38 34.15 NOTE
r-release-osx-x86_64-mavericks 0.6-6 OK
r-release-windows-ix86+x86_64 0.6-6 9.00 52.00 61.00 OK
r-oldrel-windows-ix86+x86_64 0.6-6 5.00 49.00 54.00 OK

Check Details

Version: 0.6-6
Check: R code for possible problems
Result: NOTE
    Found an obsolete/platform-specific call in the following function:
     ‘zipfR.begin.plot’
    Found the platform-specific devices:
     ‘X11’ ‘quartz’
    dev.new() is the preferred way to open a new device, in the unlikely
    event one is needed.
Flavors: r-devel-linux-x86_64-debian-clang, r-devel-linux-x86_64-debian-gcc, r-devel-linux-x86_64-fedora-clang, r-devel-linux-x86_64-fedora-gcc, r-devel-osx-x86_64-clang, r-prerel-linux-x86_64, r-prerel-solaris-sparc, r-prerel-solaris-x86, r-release-linux-x86_64

Version: 0.6-6
Check: Rd line widths
Result: NOTE
    Rd file 'lnre_bootstrap.Rd':
     \usage lines wider than 90 characters:
     lnre.bootstrap(model, N, ESTIMATOR, STATISTIC, replicates=100, simplify=FALSE, verbose=TRUE, ...)
    
    Rd file 'plot_spc.Rd':
     \examples lines wider than 100 characters:
     plot(zm.spc,log="x",main="Expected Spectrum with Confidence Interval",xlab="spectrum elements",ylab="expected type counts")
    
    These lines will be truncated in the PDF manual.
Flavors: r-devel-linux-x86_64-debian-clang, r-devel-linux-x86_64-debian-gcc, r-devel-linux-x86_64-fedora-clang, r-devel-linux-x86_64-fedora-gcc, r-prerel-linux-x86_64, r-release-linux-x86_64