CRAN Package Check Results for Package zipfR

Last updated on 2014-10-20 05:47:30.

Flavor Version Tinstall Tcheck Ttotal Status Flags
r-devel-linux-x86_64-debian-clang 0.6-6 1.76 31.25 33.02 NOTE
r-devel-linux-x86_64-debian-gcc 0.6-6 1.89 30.13 32.02 NOTE
r-devel-linux-x86_64-fedora-clang 0.6-6 57.35 NOTE
r-devel-linux-x86_64-fedora-gcc 0.6-6 41.56 NOTE
r-devel-osx-x86_64-clang 0.6-6 59.11 NOTE
r-devel-windows-ix86+x86_64 0.6-6 5.00 43.00 48.00 OK
r-patched-linux-x86_64 0.6-6 1.80 33.20 35.00 NOTE
r-patched-solaris-sparc 0.6-6 423.30 NOTE
r-patched-solaris-x86 0.6-6 80.20 NOTE
r-release-linux-ix86 0.6-6 2.47 42.76 45.22 NOTE
r-release-linux-x86_64 0.6-6 1.79 31.32 33.10 NOTE
r-release-osx-x86_64-mavericks 0.6-6 OK
r-release-windows-ix86+x86_64 0.6-6 7.00 64.00 71.00 OK
r-oldrel-windows-ix86+x86_64 0.6-6 5.00 49.00 54.00 OK

Check Details

Version: 0.6-6
Check: R code for possible problems
Result: NOTE
    Found an obsolete/platform-specific call in the following function:
     ‘zipfR.begin.plot’
    Found the platform-specific devices:
     ‘X11’ ‘quartz’
    dev.new() is the preferred way to open a new device, in the unlikely
    event one is needed.
Flavors: r-devel-linux-x86_64-debian-clang, r-devel-linux-x86_64-debian-gcc, r-devel-linux-x86_64-fedora-clang, r-devel-linux-x86_64-fedora-gcc, r-devel-osx-x86_64-clang, r-patched-linux-x86_64, r-patched-solaris-sparc, r-patched-solaris-x86, r-release-linux-ix86, r-release-linux-x86_64

Version: 0.6-6
Check: Rd line widths
Result: NOTE
    Rd file 'lnre_bootstrap.Rd':
     \usage lines wider than 90 characters:
     lnre.bootstrap(model, N, ESTIMATOR, STATISTIC, replicates=100, simplify=FALSE, verbose=TRUE, ...)
    
    Rd file 'plot_spc.Rd':
     \examples lines wider than 100 characters:
     plot(zm.spc,log="x",main="Expected Spectrum with Confidence Interval",xlab="spectrum elements",ylab="expected type counts")
    
    These lines will be truncated in the PDF manual.
Flavors: r-devel-linux-x86_64-debian-clang, r-devel-linux-x86_64-debian-gcc, r-devel-linux-x86_64-fedora-clang, r-devel-linux-x86_64-fedora-gcc, r-patched-linux-x86_64, r-release-linux-x86_64