CRAN Package Check Results for Package zipfR

Last updated on 2014-07-25 19:50:22.

Flavor Version Tinstall Tcheck Ttotal Status Flags
r-devel-linux-x86_64-debian-clang 0.6-6 1.79 30.14 31.94 NOTE
r-devel-linux-x86_64-debian-gcc 0.6-6 1.74 29.92 31.66 NOTE
r-devel-linux-x86_64-fedora-clang 0.6-6 59.23 NOTE
r-devel-linux-x86_64-fedora-gcc 0.6-6 54.58 NOTE
r-devel-osx-x86_64-clang 0.6-6 57.48 NOTE
r-devel-windows-ix86+x86_64 0.6-6 5.00 46.00 51.00 OK
r-patched-linux-x86_64 0.6-6 1.78 29.83 31.61 NOTE
r-patched-solaris-sparc 0.6-6 376.70 NOTE
r-patched-solaris-x86 0.6-6 81.30 NOTE
r-release-linux-ix86 0.6-6 2.45 41.26 43.71 NOTE
r-release-linux-x86_64 0.6-6 1.87 30.37 32.24 NOTE
r-release-osx-x86_64-mavericks 0.6-6 OK
r-release-windows-ix86+x86_64 0.6-6 7.00 64.00 71.00 OK
r-oldrel-windows-ix86+x86_64 0.6-6 5.00 49.00 54.00 OK

Check Details

Version: 0.6-6
Check: R code for possible problems
Result: NOTE
    Found an obsolete/platform-specific call in the following function:
     ‘zipfR.begin.plot’
    Found the platform-specific devices:
     ‘X11’ ‘quartz’
    dev.new() is the preferred way to open a new device, in the unlikely
    event one is needed.
Flavors: r-devel-linux-x86_64-debian-clang, r-devel-linux-x86_64-debian-gcc, r-devel-linux-x86_64-fedora-clang, r-devel-linux-x86_64-fedora-gcc, r-devel-osx-x86_64-clang, r-patched-linux-x86_64, r-patched-solaris-sparc, r-patched-solaris-x86, r-release-linux-ix86, r-release-linux-x86_64

Version: 0.6-6
Check: Rd line widths
Result: NOTE
    Rd file 'lnre_bootstrap.Rd':
     \usage lines wider than 90 characters:
     lnre.bootstrap(model, N, ESTIMATOR, STATISTIC, replicates=100, simplify=FALSE, verbose=TRUE, ...)
    
    Rd file 'plot_spc.Rd':
     \examples lines wider than 100 characters:
     plot(zm.spc,log="x",main="Expected Spectrum with Confidence Interval",xlab="spectrum elements",ylab="expected type counts")
    
    These lines will be truncated in the PDF manual.
Flavors: r-devel-linux-x86_64-fedora-clang, r-devel-linux-x86_64-fedora-gcc