CRAN Package Check Results for Package zoo

Last updated on 2017-03-25 17:50:05.

Flavor Version Tinstall Tcheck Ttotal Status Flags
r-devel-linux-x86_64-debian-clang 1.7-14 2.27 54.31 56.58 WARN
r-devel-linux-x86_64-debian-gcc 1.7-14 2.10 52.63 54.73 WARN
r-devel-linux-x86_64-fedora-clang 1.7-14 84.26 WARN --no-stop-on-test-error
r-devel-linux-x86_64-fedora-gcc 1.7-14 82.77 WARN --no-stop-on-test-error
r-devel-macos-x86_64-clang 1.7-14 81.38 WARN --no-stop-on-test-error
r-devel-windows-ix86+x86_64 1.7-14 10.00 146.00 156.00 WARN
r-patched-linux-x86_64 1.7-14 2.06 52.64 54.70 WARN
r-patched-solaris-sparc 1.7-14 571.50 WARN
r-patched-solaris-x86 1.7-14 120.90 WARN
r-release-linux-x86_64 1.7-14 1.86 41.06 42.92 OK
r-release-osx-x86_64-mavericks 1.7-14 OK
r-release-windows-ix86+x86_64 1.7-14 13.00 116.00 129.00 OK
r-oldrel-windows-ix86+x86_64 1.7-14 17.00 202.00 219.00 OK

Check Details

Version: 1.7-14
Check: S3 generic/method consistency
Result: WARN
    median:
     function(x, na.rm, ...)
    median.zoo:
     function(x, na.rm)
    
    median:
     function(x, na.rm, ...)
    median.zoo:
     function(x, na.rm)
    
    See section ‘Generic functions and methods’ in the ‘Writing R
    Extensions’ manual.
Flavors: r-devel-linux-x86_64-debian-clang, r-devel-linux-x86_64-debian-gcc, r-devel-windows-ix86+x86_64, r-patched-linux-x86_64, r-patched-solaris-sparc, r-patched-solaris-x86

Version: 1.7-14
Flags: --no-stop-on-test-error
Check: S3 generic/method consistency
Result: WARN
    median:
     function(x, na.rm, ...)
    median.zoo:
     function(x, na.rm)
    
    median:
     function(x, na.rm, ...)
    median.zoo:
     function(x, na.rm)
    
    See section ‘Generic functions and methods’ in the ‘Writing R
    Extensions’ manual.
Flavors: r-devel-linux-x86_64-fedora-clang, r-devel-linux-x86_64-fedora-gcc, r-devel-macos-x86_64-clang