CRAN Package Check Results for Package zoo

Last updated on 2015-05-25 03:47:57.

Flavor Version Tinstall Tcheck Ttotal Status Flags
r-devel-linux-x86_64-debian-clang 1.7-12 1.78 41.58 43.36 OK
r-devel-linux-x86_64-debian-gcc 1.7-12 1.78 39.62 41.39 OK
r-devel-linux-x86_64-fedora-clang 1.7-12 64.46 OK
r-devel-linux-x86_64-fedora-gcc 1.7-12 60.99 OK
r-devel-osx-x86_64-clang 1.7-12 77.80 OK
r-devel-windows-ix86+x86_64 1.7-12 13.00 78.00 91.00 OK
r-patched-linux-x86_64 1.7-12 2.52 38.64 41.16 OK
r-patched-solaris-sparc 1.7-12 471.70 OK
r-patched-solaris-x86 1.7-12 98.50 OK
r-release-linux-x86_64 1.7-12 1.79 41.22 43.01 OK
r-release-osx-x86_64-mavericks 1.7-12 OK
r-release-osx-x86_64-snowleopard 1.7-12 ERROR
r-release-windows-ix86+x86_64 1.7-12 11.00 90.00 101.00 OK
r-oldrel-windows-ix86+x86_64 1.7-12 9.00 91.00 100.00 OK

Check Details

Version: 1.7-12
Check: package dependencies
Result: NOTE
    Packages suggested but not available for checking:
     ‘DAAG’ ‘fts’ ‘its’ ‘ggplot2’ ‘mondate’ ‘scales’ ‘strucchange’
     ‘tseries’ ‘xts’
Flavor: r-release-osx-x86_64-snowleopard

Version: 1.7-12
Check: Rd cross-references
Result: NOTE
    Packages unavailable to check Rd xrefs: ‘its’, ‘fts’, ‘tseries’, ‘xts’, ‘ggplot2’, ‘latticeExtra’
Flavor: r-release-osx-x86_64-snowleopard

Version: 1.7-12
Check: tests
Result: ERROR
    Running the tests in ‘tests/as.Date.R’ failed.
    Last 13 lines of output:
     > as.Date(ti(20000101, "daily"))
     [1] "2000-01-01"
     > as.Date.jul <- tis:::as.Date.jul ## filed request for export
     > as.Date(jul(20000101))
     [1] "2000-01-01"
     > as.Date.timeDate <- timeDate:::as.Date.timeDate ## filed request for export
     > as.Date(timeDate("2000-01-01"))
     [1] "2000-01-01"
     >
     > ## with mondate attached (masking again as.Date)
     > library("mondate")
     Error in library("mondate") : there is no package called 'mondate'
     Execution halted
Flavor: r-release-osx-x86_64-snowleopard

Version: 1.7-12
Check: running R code from vignettes
Result: WARN
    Errors in running code in vignettes:
    when running code in ‘zoo-quickref.Rnw’
     ...
    The following objects are masked from ‘package:base’:
    
     as.Date, as.Date.numeric
    
    
    > library("tseries")
    
     When sourcing ‘zoo-quickref.R’:
    Error: there is no package called ‘tseries’
    Execution halted
    when running code in ‘zoo.Rnw’
     ...
    The following objects are masked from ‘package:base’:
    
     as.Date, as.Date.numeric
    
    
    > library("tseries")
    
     When sourcing ‘zoo.R’:
    Error: there is no package called ‘tseries’
    Execution halted
Flavor: r-release-osx-x86_64-snowleopard

Version: 1.7-12
Check: re-building of vignette outputs
Result: NOTE
    Error in re-building vignettes:
     ...
    
    Attaching package: ‘zoo’
    
    The following objects are masked from ‘package:base’:
    
     as.Date, as.Date.numeric
    
    
    Attaching package: ‘timeSeries’
    
    The following object is masked from ‘package:zoo’:
    
     time<-
    
    
    Error: processing vignette 'zoo-quickref.Rnw' failed with diagnostics:
     chunk 1 (label = preliminaries)
    Error in library("tseries") : there is no package called ‘tseries’
    Execution halted
Flavor: r-release-osx-x86_64-snowleopard