CRAN Package Check Results for Package zoo

Last updated on 2014-09-18 21:47:01.

Flavor Version Tinstall Tcheck Ttotal Status Flags
r-devel-linux-x86_64-debian-clang 1.7-11 1.69 45.80 47.49 NOTE
r-devel-linux-x86_64-debian-gcc 1.7-11 1.74 42.91 44.66 NOTE
r-devel-linux-x86_64-fedora-clang 1.7-11 67.68 NOTE
r-devel-linux-x86_64-fedora-gcc 1.7-11 68.30 NOTE
r-devel-osx-x86_64-clang 1.7-11 68.09 NOTE
r-devel-windows-ix86+x86_64 1.7-11 10.00 87.00 97.00 NOTE
r-patched-linux-x86_64 1.7-11 1.87 46.08 47.95 OK
r-patched-solaris-sparc 1.7-11 532.20 OK
r-patched-solaris-x86 1.7-11 117.80 OK
r-release-linux-ix86 1.7-11 2.46 62.78 65.24 OK
r-release-linux-x86_64 1.7-11 1.96 47.00 48.96 OK
r-release-osx-x86_64-mavericks 1.7-11 NOTE
r-release-osx-x86_64-snowleopard 1.7-11 OK
r-release-windows-ix86+x86_64 1.7-11 9.00 92.00 101.00 OK
r-oldrel-windows-ix86+x86_64 1.7-11 9.00 89.00 98.00 OK

Check Details

Version: 1.7-11
Check: R code for possible problems
Result: NOTE
    as.zoo.tis: no visible global function definition for ‘stripTis’
    as.zoo.tis: no visible global function definition for ‘ti’
    as.zoo.tis: no visible global function definition for ‘POSIXct’
    as.zooreg.tis: no visible global function definition for ‘stripTis’
    autoplot.zoo: no visible global function definition for ‘qplot’
    autoplot.zoo: no visible global function definition for ‘ylab’
    autoplot.zoo: no visible global function definition for ‘xlab’
    facet_free: no visible global function definition for ‘facet_grid’
    lines.ti: no visible global function definition for ‘POSIXct’
    plot.ti: no visible global function definition for ‘POSIXct’
    points.ti: no visible global function definition for ‘POSIXct’
    scale_x_yearmon: no visible global function definition for
     ‘scale_x_continuous’
    scale_x_yearqtr: no visible global function definition for
     ‘scale_x_continuous’
    scale_y_yearmon: no visible global function definition for
     ‘scale_y_continuous’
    scale_y_yearqtr: no visible global function definition for
     ‘scale_y_continuous’
    xyplot.tis: no visible binding for global variable ‘POSIXct’
    yearmon_trans : breaks.: no visible global function definition for
     ‘pretty_breaks’
    yearqtr_trans : breaks.: no visible global function definition for
     ‘pretty_breaks’
Flavors: r-devel-linux-x86_64-debian-clang, r-devel-linux-x86_64-debian-gcc, r-devel-linux-x86_64-fedora-clang, r-devel-linux-x86_64-fedora-gcc, r-devel-osx-x86_64-clang, r-devel-windows-ix86+x86_64

Version: 1.7-11
Check: R code for possible problems
Result: NOTE
    Error in library.dynam(lib, package, package.lib) :
     shared object ‘Rcpp.so’ not found
    Error in library.dynam(lib, package, package.lib) :
     shared object ‘Rcpp.so’ not found
    autoplot.zoo: no visible global function definition for ‘qplot’
    autoplot.zoo: no visible global function definition for ‘ylab’
    autoplot.zoo: no visible global function definition for ‘xlab’
    facet_free: no visible global function definition for ‘facet_grid’
    scale_x_yearmon: no visible global function definition for
     ‘scale_x_continuous’
    scale_x_yearqtr: no visible global function definition for
     ‘scale_x_continuous’
    scale_y_yearmon: no visible global function definition for
     ‘scale_y_continuous’
    scale_y_yearqtr: no visible global function definition for
     ‘scale_y_continuous’
    yearmon_trans : breaks.: no visible global function definition for
     ‘pretty_breaks’
    yearqtr_trans : breaks.: no visible global function definition for
     ‘pretty_breaks’
Flavor: r-release-osx-x86_64-mavericks