Last updated on 2022-06-26 22:50:42 CEST.
Flavor | Version | Tinstall | Tcheck | Ttotal | Status | Flags |
---|---|---|---|---|---|---|
r-devel-linux-x86_64-debian-clang | 1.8-10 | 9.51 | 90.58 | 100.09 | NOTE | |
r-devel-linux-x86_64-debian-gcc | 1.8-10 | 8.03 | 73.99 | 82.02 | NOTE | |
r-devel-linux-x86_64-fedora-clang | 1.8-10 | 141.98 | NOTE | |||
r-devel-linux-x86_64-fedora-gcc | 1.8-10 | 142.44 | NOTE | |||
r-devel-windows-x86_64 | 1.8-10 | 62.00 | 211.00 | 273.00 | OK | |
r-patched-linux-x86_64 | 1.8-10 | 10.55 | 84.02 | 94.57 | NOTE | |
r-release-linux-x86_64 | 1.8-10 | 8.63 | 84.76 | 93.39 | NOTE | |
r-release-macos-arm64 | 1.8-10 | 49.00 | OK | |||
r-release-macos-x86_64 | 1.8-10 | 76.00 | OK | |||
r-release-windows-x86_64 | 1.8-10 | 67.00 | 208.00 | 275.00 | OK | |
r-oldrel-macos-arm64 | 1.8-10 | 52.00 | OK | |||
r-oldrel-macos-x86_64 | 1.8-10 | 92.00 | OK | |||
r-oldrel-windows-ix86+x86_64 | 1.8-10 | 21.00 | 190.00 | 211.00 | OK |
Version: 1.8-10
Check: package dependencies
Result: NOTE
Package suggested but not available for checking: 'fts'
Flavors: r-devel-linux-x86_64-debian-clang, r-devel-linux-x86_64-debian-gcc, r-devel-linux-x86_64-fedora-clang, r-devel-linux-x86_64-fedora-gcc, r-patched-linux-x86_64, r-release-linux-x86_64
Version: 1.8-10
Check: Rd cross-references
Result: NOTE
Unknown package 'fts' in Rd xrefs
Flavors: r-devel-linux-x86_64-debian-clang, r-devel-linux-x86_64-debian-gcc, r-devel-linux-x86_64-fedora-clang, r-devel-linux-x86_64-fedora-gcc, r-patched-linux-x86_64, r-release-linux-x86_64