CRAN Package Check Results for Package zoo

Last updated on 2020-04-06 01:48:24 CEST.

Flavor Version Tinstall Tcheck Ttotal Status Flags
r-devel-linux-x86_64-debian-clang 1.8-7 9.08 71.59 80.67 OK
r-devel-linux-x86_64-debian-gcc 1.8-7 0.43 1.87 2.30 ERROR
r-devel-linux-x86_64-fedora-clang 1.8-7 115.13 OK
r-devel-linux-x86_64-fedora-gcc 1.8-7 105.89 OK
r-devel-windows-ix86+x86_64 1.8-7 20.00 141.00 161.00 OK
r-devel-windows-ix86+x86_64-gcc8 1.8-7 22.00 138.00 160.00 OK
r-patched-linux-x86_64 1.8-7 9.23 70.41 79.64 OK
r-patched-solaris-x86 1.8-7 142.10 OK
r-release-linux-x86_64 1.8-7 7.32 65.38 72.70 OK
r-release-windows-ix86+x86_64 1.8-7 18.00 212.00 230.00 OK
r-release-osx-x86_64 1.8-7 OK
r-oldrel-windows-ix86+x86_64 1.8-7 24.00 135.00 159.00 OK
r-oldrel-osx-x86_64 1.8-7 OK

Check Details

Version: 1.8-7
Check: whether package can be installed
Result: ERROR
    Installation failed.
Flavor: r-devel-linux-x86_64-debian-gcc