CRAN Package Check Results for Package zoo

Last updated on 2014-04-17 20:47:45.

Flavor Version Tinstall Tcheck Ttotal Status Flags
r-devel-linux-x86_64-debian-clang 1.7-11 2.14 44.28 46.42 OK
r-devel-linux-x86_64-debian-gcc 1.7-11 1.96 45.88 47.84 OK
r-devel-linux-x86_64-fedora-clang 1.7-11 71.07 OK
r-devel-linux-x86_64-fedora-gcc 1.7-11 65.05 OK
r-devel-macosx-x86_64-clang 1.7-11 76.79 OK
r-devel-macosx-x86_64-gcc 1.7-11 ERROR
r-devel-windows-ix86+x86_64 1.7-11 10.00 94.00 104.00 OK
r-patched-linux-x86_64 1.7-11 2.89 44.99 47.88 OK
r-patched-solaris-sparc 1.7-11 518.80 OK
r-patched-solaris-x86 1.7-11 115.90 OK
r-release-linux-ix86 1.7-11 5.00 84.00 89.00 OK
r-release-linux-x86_64 1.7-11 2.05 45.73 47.78 OK
r-release-macosx-x86_64 1.7-11 OK
r-release-windows-ix86+x86_64 1.7-11 8.00 97.00 105.00 OK
r-oldrel-windows-ix86+x86_64 1.7-11 9.00 93.00 102.00 OK

Check Details

Version: 1.7-11
Check: package dependencies
Result: NOTE
    Packages suggested but not available for checking:
     ‘DAAG’ ‘fts’ ‘its’ ‘ggplot2’ ‘mondate’ ‘scales’ ‘strucchange’
     ‘tseries’ ‘xts’
Flavor: r-devel-macosx-x86_64-gcc

Version: 1.7-11
Check: R code for possible problems
Result: NOTE
    autoplot.zoo: no visible global function definition for ‘qplot’
    autoplot.zoo: no visible global function definition for ‘ylab’
    autoplot.zoo: no visible global function definition for ‘xlab’
    facet_free: no visible global function definition for ‘facet_grid’
    scale_x_yearmon: no visible global function definition for
     ‘scale_x_continuous’
    scale_x_yearqtr: no visible global function definition for
     ‘scale_x_continuous’
    scale_y_yearmon: no visible global function definition for
     ‘scale_y_continuous’
    scale_y_yearqtr: no visible global function definition for
     ‘scale_y_continuous’
    yearmon_trans : breaks.: no visible global function definition for
     ‘pretty_breaks’
    yearqtr_trans : breaks.: no visible global function definition for
     ‘pretty_breaks’
Flavor: r-devel-macosx-x86_64-gcc

Version: 1.7-11
Check: Rd cross-references
Result: NOTE
    Packages unavailable to check Rd xrefs: ‘its’, ‘fts’, ‘tseries’, ‘xts’, ‘ggplot2’, ‘latticeExtra’
Flavor: r-devel-macosx-x86_64-gcc

Version: 1.7-11
Check: tests
Result: ERROR
    Running the tests in ‘tests/as.Date.R’ failed.
    Last 13 lines of output:
     > as.Date(ti(20000101, "daily"))
     [1] "2000-01-01"
     > as.Date.jul <- tis:::as.Date.jul ## filed request for export
     > as.Date(jul(20000101))
     [1] "2000-01-01"
     > as.Date.timeDate <- timeDate:::as.Date.timeDate ## filed request for export
     > as.Date(timeDate("2000-01-01"))
     [1] "2000-01-01"
     >
     > ## with mondate attached (masking again as.Date)
     > library("mondate")
     Error in library("mondate") : there is no package called 'mondate'
     Execution halted
Flavor: r-devel-macosx-x86_64-gcc