CRAN Package Check Results for Package zoo

Last updated on 2015-01-29 16:48:43.

Flavor Version Tinstall Tcheck Ttotal Status Flags
r-devel-linux-x86_64-debian-clang 1.7-11 1.81 40.76 42.57 NOTE
r-devel-linux-x86_64-debian-gcc 1.7-11 1.87 39.56 41.43 NOTE
r-devel-linux-x86_64-fedora-clang 1.7-11 68.64 NOTE
r-devel-linux-x86_64-fedora-gcc 1.7-11 68.04 NOTE
r-devel-osx-x86_64-clang 1.7-11 80.37 NOTE
r-devel-windows-ix86+x86_64 1.7-11 16.00 86.00 102.00 NOTE
r-patched-linux-x86_64 1.7-11 1.95 42.45 44.40 NOTE
r-patched-solaris-sparc 1.7-11 513.30 NOTE
r-patched-solaris-x86 1.7-11 108.70 NOTE
r-release-linux-ix86 1.7-11 2.47 56.65 59.12 NOTE
r-release-linux-x86_64 1.7-11 1.93 42.28 44.20 NOTE
r-release-osx-x86_64-mavericks 1.7-11 NOTE
r-release-osx-x86_64-snowleopard 1.7-11 OK
r-release-windows-ix86+x86_64 1.7-11 8.00 97.00 105.00 NOTE
r-oldrel-windows-ix86+x86_64 1.7-11 8.00 99.00 107.00 OK

Check Details

Version: 1.7-11
Check: dependencies in R code
Result: NOTE
    'library' or 'require' calls in package code:
     ‘coda’ ‘fts’ ‘ggplot2’ ‘its’ ‘timeDate’ ‘timeSeries’ ‘xts’
     Please use :: or requireNamespace() instead.
     See section 'Suggested packages' in the 'Writing R Extensions' manual.
Flavors: r-devel-linux-x86_64-debian-clang, r-devel-linux-x86_64-debian-gcc, r-devel-linux-x86_64-fedora-clang, r-devel-linux-x86_64-fedora-gcc, r-devel-osx-x86_64-clang, r-devel-windows-ix86+x86_64

Version: 1.7-11
Check: S3 generic/method consistency
Result: NOTE
    Found the following apparent S3 methods exported but not registered:
     as.Date.numeric as.Date.ts as.Date.yearmon as.Date.yearqtr
    See section ‘Registering S3 methods’ in the ‘Writing R Extensions’
    manual.
Flavors: r-devel-linux-x86_64-debian-clang, r-devel-linux-x86_64-debian-gcc, r-devel-linux-x86_64-fedora-clang, r-devel-linux-x86_64-fedora-gcc, r-devel-osx-x86_64-clang

Version: 1.7-11
Check: R code for possible problems
Result: NOTE
    as.zoo.tis: no visible global function definition for ‘stripTis’
    as.zoo.tis: no visible global function definition for ‘ti’
    as.zoo.tis: no visible global function definition for ‘POSIXct’
    as.zooreg.tis: no visible global function definition for ‘stripTis’
    autoplot.zoo: no visible global function definition for ‘qplot’
    autoplot.zoo: no visible global function definition for ‘ylab’
    autoplot.zoo: no visible global function definition for ‘xlab’
    facet_free: no visible global function definition for ‘facet_grid’
    lines.ti: no visible global function definition for ‘POSIXct’
    plot.ti: no visible global function definition for ‘POSIXct’
    points.ti: no visible global function definition for ‘POSIXct’
    scale_x_yearmon: no visible global function definition for
     ‘scale_x_continuous’
    scale_x_yearqtr: no visible global function definition for
     ‘scale_x_continuous’
    scale_y_yearmon: no visible global function definition for
     ‘scale_y_continuous’
    scale_y_yearqtr: no visible global function definition for
     ‘scale_y_continuous’
    xyplot.tis: no visible binding for global variable ‘POSIXct’
    yearmon_trans : breaks.: no visible global function definition for
     ‘pretty_breaks’
    yearqtr_trans : breaks.: no visible global function definition for
     ‘pretty_breaks’
Flavors: r-devel-linux-x86_64-debian-clang, r-devel-linux-x86_64-debian-gcc, r-devel-linux-x86_64-fedora-clang, r-devel-linux-x86_64-fedora-gcc, r-devel-osx-x86_64-clang, r-devel-windows-ix86+x86_64, r-patched-linux-x86_64, r-patched-solaris-sparc, r-patched-solaris-x86, r-release-linux-ix86, r-release-linux-x86_64, r-release-osx-x86_64-mavericks, r-release-windows-ix86+x86_64