CRAN Package Check Results for Package zoo

Last updated on 2014-07-25 03:49:56.

Flavor Version Tinstall Tcheck Ttotal Status Flags
r-devel-linux-x86_64-debian-clang 1.7-11 1.88 44.44 46.32 OK
r-devel-linux-x86_64-debian-gcc 1.7-11 1.82 43.37 45.19 OK
r-devel-linux-x86_64-fedora-clang 1.7-11 75.08 OK
r-devel-linux-x86_64-fedora-gcc 1.7-11 68.32 OK
r-devel-osx-x86_64-clang 1.7-11 76.26 OK
r-devel-windows-ix86+x86_64 1.7-11 9.00 91.00 100.00 OK
r-patched-linux-x86_64 1.7-11 1.97 46.24 48.21 OK
r-patched-solaris-sparc 1.7-11 518.80 OK
r-patched-solaris-x86 1.7-11 116.50 OK
r-release-linux-ix86 1.7-11 2.52 61.65 64.18 OK
r-release-linux-x86_64 1.7-11 2.27 43.59 45.86 OK
r-release-osx-x86_64-mavericks 1.7-11 NOTE
r-release-osx-x86_64-snowleopard 1.7-11 OK
r-release-windows-ix86+x86_64 1.7-11 9.00 91.00 100.00 OK
r-oldrel-windows-ix86+x86_64 1.7-11 10.00 94.00 104.00 OK

Check Details

Version: 1.7-11
Check: R code for possible problems
Result: NOTE
    Error in library.dynam(lib, package, package.lib) :
     shared object ‘Rcpp.so’ not found
    Error in library.dynam(lib, package, package.lib) :
     shared object ‘Rcpp.so’ not found
    autoplot.zoo: no visible global function definition for ‘qplot’
    autoplot.zoo: no visible global function definition for ‘ylab’
    autoplot.zoo: no visible global function definition for ‘xlab’
    facet_free: no visible global function definition for ‘facet_grid’
    scale_x_yearmon: no visible global function definition for
     ‘scale_x_continuous’
    scale_x_yearqtr: no visible global function definition for
     ‘scale_x_continuous’
    scale_y_yearmon: no visible global function definition for
     ‘scale_y_continuous’
    scale_y_yearqtr: no visible global function definition for
     ‘scale_y_continuous’
    yearmon_trans : breaks.: no visible global function definition for
     ‘pretty_breaks’
    yearqtr_trans : breaks.: no visible global function definition for
     ‘pretty_breaks’
Flavor: r-release-osx-x86_64-mavericks