CRAN Package Check Results for Package zoo

Last updated on 2020-10-25 17:50:45 CET.

Flavor Version Tinstall Tcheck Ttotal Status Flags
r-devel-linux-x86_64-debian-clang 1.8-8 9.03 75.87 84.90 OK
r-devel-linux-x86_64-debian-gcc 1.8-8 6.43 70.29 76.72 OK
r-devel-linux-x86_64-fedora-clang 1.8-8 125.57 NOTE
r-devel-linux-x86_64-fedora-gcc 1.8-8 103.96 OK
r-devel-windows-ix86+x86_64 1.8-8 18.00 163.00 181.00 OK
r-patched-linux-x86_64 1.8-8 8.98 72.60 81.58 OK
r-patched-solaris-x86 1.8-8 150.50 OK
r-release-linux-x86_64 1.8-8 9.15 72.35 81.50 OK
r-release-macos-x86_64 1.8-8 OK
r-release-windows-ix86+x86_64 1.8-8 17.00 129.00 146.00 OK
r-oldrel-macos-x86_64 1.8-8 OK
r-oldrel-windows-ix86+x86_64 1.8-8 16.00 121.00 137.00 OK

Check Details

Version: 1.8-8
Check: Rd cross-references
Result: NOTE
    Undeclared packages ‘stinepack’, ‘latticeExtra’ in Rd xrefs
Flavor: r-devel-linux-x86_64-fedora-clang