CRAN Package Check Results for Package zooimage

Last updated on 2015-07-31 23:48:09.

Flavor Version Tinstall Tcheck Ttotal Status Flags
r-devel-linux-x86_64-debian-clang 3.0-5 1.65 25.27 26.92 NOTE
r-devel-linux-x86_64-debian-gcc 3.0-5 2.02 23.98 26.00 NOTE
r-devel-linux-x86_64-fedora-clang 3.0-5 41.12 NOTE
r-devel-linux-x86_64-fedora-gcc 3.0-5 37.99 NOTE
r-devel-osx-x86_64-clang 3.0-5 41.45 OK
r-devel-windows-ix86+x86_64 3.0-5 11.00 47.00 58.00 NOTE
r-patched-linux-x86_64 3.0-5 2.21 26.06 28.26 OK
r-patched-solaris-sparc 3.0-5 311.50 OK
r-patched-solaris-x86 3.0-5 61.10 OK
r-release-linux-x86_64 3.0-5 1.50 24.20 25.69 OK
r-release-osx-x86_64-mavericks 3.0-5 OK
r-release-windows-ix86+x86_64 3.0-5 7.00 48.00 55.00 OK
r-oldrel-windows-ix86+x86_64 3.0-5 9.00 69.00 78.00 OK

Check Details

Version: 3.0-5
Check: R code for possible problems
Result: NOTE
    .getPath: no visible global function definition for ‘predict’
    ZIClass: no visible binding for global variable ‘na.omit’
    ZIClass: no visible global function definition for ‘predict’
    analyzeClass: no visible global function definition for ‘plot’
    calibrate : findmax: no visible global function definition for ‘lowess’
    calibrate: no visible global function definition for ‘lm’
    calibrate: no visible global function definition for ‘anova’
    calibrate: no visible global function definition for ‘coef’
    focusGraph: no visible global function definition for ‘dev.list’
    getTrain: no visible global function definition for ‘na.omit’
    makeClass : selectVars: no visible global function definition for
     ‘as.formula’
    predict.ZIClass: no visible global function definition for ‘predict’
    processSampleAll: no visible global function definition for ‘predict’
    viewResults: no visible global function definition for ‘par’
    viewResults: no visible global function definition for ‘plot’
    viewResults: no visible global function definition for ‘points’
    viewResults: no visible global function definition for ‘text’
    zidbDrawVignette: no visible global function definition for ‘dev.size’
    zidbDrawVignette: no visible global function definition for ‘par’
    zidbDrawVignette: no visible global function definition for ‘dev.cur’
    zidbDrawVignette: no visible global function definition for
     ‘rasterImage’
    zidbPlotNew: no visible global function definition for ‘par’
    zidbPlotNew: no visible global function definition for ‘plot’
    Undefined global functions or variables:
     anova as.formula coef dev.cur dev.list dev.size lm lowess na.omit par
     plot points predict rasterImage text
    Consider adding
     importFrom("grDevices", "dev.cur", "dev.list", "dev.size")
     importFrom("graphics", "par", "plot", "points", "rasterImage", "text")
     importFrom("stats", "anova", "as.formula", "coef", "lm", "lowess",
     "na.omit", "predict")
    to your NAMESPACE.
Flavors: r-devel-linux-x86_64-debian-clang, r-devel-linux-x86_64-debian-gcc, r-devel-linux-x86_64-fedora-clang, r-devel-linux-x86_64-fedora-gcc

Version: 3.0-5
Check: R code for possible problems
Result: NOTE
    .getPath: no visible global function definition for 'predict'
    ZIClass: no visible binding for global variable 'na.omit'
    ZIClass: no visible global function definition for 'predict'
    analyzeClass: no visible global function definition for 'plot'
    calibrate : findmax: no visible global function definition for 'lowess'
    calibrate: no visible global function definition for 'lm'
    calibrate: no visible global function definition for 'anova'
    calibrate: no visible global function definition for 'coef'
    focusGraph: no visible global function definition for 'dev.list'
    focusGraph: no visible global function definition for 'bringToTop'
    focusR: no visible global function definition for 'bringToTop'
    getTrain: no visible global function definition for 'na.omit'
    makeClass : selectVars: no visible global function definition for
     'as.formula'
    predict.ZIClass: no visible global function definition for 'predict'
    processSampleAll: no visible global function definition for 'predict'
    viewResults: no visible global function definition for 'par'
    viewResults: no visible global function definition for 'plot'
    viewResults: no visible global function definition for 'points'
    viewResults: no visible global function definition for 'text'
    zidbDrawVignette: no visible global function definition for 'dev.size'
    zidbDrawVignette: no visible global function definition for 'par'
    zidbDrawVignette: no visible global function definition for 'dev.cur'
    zidbDrawVignette: no visible global function definition for
     'rasterImage'
    zidbPlotNew: no visible global function definition for 'par'
    zidbPlotNew: no visible global function definition for 'plot'
    Undefined global functions or variables:
     anova as.formula bringToTop coef dev.cur dev.list dev.size lm lowess
     na.omit par plot points predict rasterImage text
    Consider adding
     importFrom("grDevices", "bringToTop", "dev.cur", "dev.list",
     "dev.size")
     importFrom("graphics", "par", "plot", "points", "rasterImage", "text")
     importFrom("stats", "anova", "as.formula", "coef", "lm", "lowess",
     "na.omit", "predict")
    to your NAMESPACE.
Flavor: r-devel-windows-ix86+x86_64