CRAN Package Check Results for Package zooimage

Last updated on 2014-04-23 17:47:57.

Flavor Version Tinstall Tcheck Ttotal Status Flags
r-devel-linux-x86_64-debian-clang 3.0-5 2.14 32.42 34.56 OK
r-devel-linux-x86_64-debian-gcc 3.0-5 2.03 32.40 34.43 OK
r-devel-linux-x86_64-fedora-clang 3.0-5 50.68 OK
r-devel-linux-x86_64-fedora-gcc 3.0-5 48.59 OK
r-devel-osx-x86_64-clang 3.0-5 55.61 OK
r-devel-osx-x86_64-gcc 3.0-5 OK
r-devel-windows-ix86+x86_64 3.0-5 7.00 58.00 65.00 OK
r-patched-linux-x86_64 3.0-5 2.06 32.28 34.33 OK
r-patched-solaris-sparc 3.0-5 375.30 OK
r-patched-solaris-x86 3.0-5 80.00 OK
r-release-linux-ix86 3.0-5 4.00 61.00 65.00 OK
r-release-linux-x86_64 3.0-5 2.08 32.48 34.56 OK
r-release-osx-x86_64-mavericks 3.0-5 WARN
r-release-osx-x86_64-snowleopard 3.0-5 OK
r-release-windows-ix86+x86_64 3.0-5 7.00 61.00 68.00 OK
r-oldrel-windows-ix86+x86_64 3.0-5 9.00 64.00 73.00 OK

Check Details

Version: 3.0-5
Check: PDF version of manual
Result: WARNING
    LaTeX errors when creating PDF version.
    This typically indicates Rd problems.
    LaTeX errors found:
    ! LaTeX Error: File `upquote.sty' not found.
    
    Type X to quit or <RETURN> to proceed,
    or enter new name. (Default extension: sty)
    
    502373e/Rd2.tex:8: ==> Fatal error occurred, no output PDF file produced!
Flavor: r-release-osx-x86_64-mavericks