CRAN Package Check Results for Package ABACUS

Last updated on 2023-01-28 19:52:08 CET.

Flavor Version Tinstall Tcheck Ttotal Status Flags
r-devel-linux-x86_64-debian-clang 1.0.0 6.01 60.46 66.47 NOTE
r-devel-linux-x86_64-debian-gcc 1.0.0 4.35 45.44 49.79 NOTE
r-devel-linux-x86_64-fedora-clang 1.0.0 87.18 NOTE
r-devel-linux-x86_64-fedora-gcc 1.0.0 102.92 NOTE
r-devel-windows-x86_64 1.0.0 29.00 112.00 141.00 NOTE
r-patched-linux-x86_64 1.0.0 6.77 60.85 67.62 NOTE
r-release-linux-x86_64 1.0.0 6.23 60.14 66.37 NOTE
r-release-macos-arm64 1.0.0 28.00 NOTE
r-release-macos-x86_64 1.0.0 52.00 NOTE
r-release-windows-x86_64 1.0.0 22.00 123.00 145.00 NOTE
r-oldrel-macos-arm64 1.0.0 33.00 NOTE
r-oldrel-macos-x86_64 1.0.0 56.00 NOTE
r-oldrel-windows-ix86+x86_64 1.0.0 18.00 90.00 108.00 NOTE

Check Details

Version: 1.0.0
Check: LazyData
Result: NOTE
     'LazyData' is specified without a 'data' directory
Flavors: r-devel-linux-x86_64-debian-clang, r-devel-linux-x86_64-debian-gcc, r-devel-linux-x86_64-fedora-clang, r-devel-linux-x86_64-fedora-gcc, r-devel-windows-x86_64, r-patched-linux-x86_64, r-release-linux-x86_64, r-release-macos-arm64, r-release-macos-x86_64, r-release-windows-x86_64, r-oldrel-macos-arm64, r-oldrel-macos-x86_64, r-oldrel-windows-ix86+x86_64