CRAN Package Check Results for Package ABACUS

Last updated on 2024-02-22 05:01:38 CET.

Flavor Version Tinstall Tcheck Ttotal Status Flags
r-devel-linux-x86_64-debian-clang 1.0.0 NOTE
r-devel-linux-x86_64-debian-gcc 1.0.0 5.24 44.31 49.55 NOTE
r-devel-linux-x86_64-fedora-clang 1.0.0 76.68 NOTE
r-devel-linux-x86_64-fedora-gcc 1.0.0 89.26 NOTE
r-devel-windows-x86_64 1.0.0 7.00 64.00 71.00 NOTE
r-patched-linux-x86_64 1.0.0 6.63 55.62 62.25 NOTE
r-release-linux-x86_64 1.0.0 4.08 57.04 61.12 NOTE
r-release-macos-arm64 1.0.0 35.00 NOTE
r-release-macos-x86_64 1.0.0 53.00 NOTE
r-release-windows-x86_64 1.0.0 8.00 73.00 81.00 NOTE
r-oldrel-macos-arm64 1.0.0 28.00 NOTE
r-oldrel-windows-x86_64 1.0.0 10.00 76.00 86.00 NOTE

Check Details

Version: 1.0.0
Check: LazyData
Result: NOTE 'LazyData' is specified without a 'data' directory Flavors: r-devel-linux-x86_64-debian-clang, r-devel-linux-x86_64-debian-gcc, r-devel-linux-x86_64-fedora-clang, r-devel-linux-x86_64-fedora-gcc, r-devel-windows-x86_64, r-patched-linux-x86_64, r-release-linux-x86_64, r-release-macos-arm64, r-release-macos-x86_64, r-release-windows-x86_64, r-oldrel-macos-arm64, r-oldrel-windows-x86_64