CRAN Package Check Results for Package ABHgenotypeR

Last updated on 2022-05-29 03:52:04 CEST.

Flavor Version Tinstall Tcheck Ttotal Status Flags
r-devel-linux-x86_64-debian-clang 1.0.1 5.10 81.16 86.26 NOTE
r-devel-linux-x86_64-debian-gcc 1.0.1 4.64 59.44 64.08 NOTE
r-devel-linux-x86_64-fedora-clang 1.0.1 99.96 NOTE
r-devel-linux-x86_64-fedora-gcc 1.0.1 108.72 NOTE
r-devel-windows-x86_64 1.0.1 29.00 122.00 151.00 NOTE
r-patched-linux-x86_64 1.0.1 5.01 75.56 80.57 NOTE
r-release-linux-x86_64 1.0.1 4.05 75.82 79.87 NOTE
r-release-macos-arm64 1.0.1 30.00 NOTE
r-release-macos-x86_64 1.0.1 63.00 NOTE
r-release-windows-x86_64 1.0.1 29.00 102.00 131.00 NOTE
r-oldrel-macos-arm64 1.0.1 38.00 NOTE
r-oldrel-macos-x86_64 1.0.1 72.00 NOTE
r-oldrel-windows-ix86+x86_64 1.0.1 15.00 90.00 105.00 NOTE

Check Details

Version: 1.0.1
Check: LazyData
Result: NOTE
     'LazyData' is specified without a 'data' directory
Flavors: r-devel-linux-x86_64-debian-clang, r-devel-linux-x86_64-debian-gcc, r-devel-linux-x86_64-fedora-clang, r-devel-linux-x86_64-fedora-gcc, r-devel-windows-x86_64, r-patched-linux-x86_64, r-release-linux-x86_64, r-release-macos-arm64, r-release-macos-x86_64, r-release-windows-x86_64, r-oldrel-macos-arm64, r-oldrel-macos-x86_64, r-oldrel-windows-ix86+x86_64