Last updated on 2023-05-30 21:58:35 CEST.
Flavor | Version | Tinstall | Tcheck | Ttotal | Status | Flags |
---|---|---|---|---|---|---|
r-devel-linux-x86_64-debian-clang | 0.3 | 105.66 | 35.29 | 140.95 | OK | |
r-devel-linux-x86_64-debian-gcc | 0.3 | 83.29 | 27.43 | 110.72 | OK | |
r-devel-linux-x86_64-fedora-clang | 0.3 | 223.17 | OK | |||
r-devel-linux-x86_64-fedora-gcc | 0.3 | 230.06 | OK | |||
r-devel-windows-x86_64 | 0.3 | 71.00 | 81.00 | 152.00 | OK | |
r-patched-linux-x86_64 | 0.3 | 93.61 | 34.27 | 127.88 | OK | |
r-release-linux-x86_64 | 0.3 | 84.87 | 35.51 | 120.38 | OK | |
r-release-macos-arm64 | 0.3 | 57.00 | NOTE | |||
r-release-macos-x86_64 | 0.3 | 91.00 | OK | |||
r-release-windows-x86_64 | 0.3 | 76.00 | 86.00 | 162.00 | OK | |
r-oldrel-macos-arm64 | 0.3 | 53.00 | OK | |||
r-oldrel-macos-x86_64 | 0.3 | 96.00 | OK | |||
r-oldrel-windows-x86_64 | 0.3 | 94.00 | 72.00 | 166.00 | OK |
Version: 0.3
Check: installed package size
Result: NOTE
installed size is 5.1Mb
sub-directories of 1Mb or more:
libs 4.7Mb
Flavor: r-release-macos-arm64