Last updated on 2022-08-12 18:49:36 CEST.
Flavor | Version | Tinstall | Tcheck | Ttotal | Status | Flags |
---|---|---|---|---|---|---|
r-devel-linux-x86_64-debian-clang | 1.0.4.1 | 20.59 | 101.54 | 122.13 | OK | |
r-devel-linux-x86_64-debian-gcc | 1.0.4.1 | 14.59 | 73.17 | 87.76 | OK | |
r-devel-linux-x86_64-fedora-clang | 1.0.4.1 | 154.31 | NOTE | |||
r-devel-linux-x86_64-fedora-gcc | 1.0.4.1 | 148.01 | NOTE | |||
r-devel-windows-x86_64 | 1.0.4.1 | 41.00 | 135.00 | 176.00 | OK | |
r-patched-linux-x86_64 | 1.0.4.1 | 21.57 | 92.28 | 113.85 | OK | |
r-release-linux-x86_64 | 1.0.4.1 | 15.93 | 94.60 | 110.53 | OK | |
r-release-macos-arm64 | 1.0.4.1 | 51.00 | OK | |||
r-release-macos-x86_64 | 1.0.4.1 | 66.00 | OK | |||
r-release-windows-x86_64 | 1.0.4.1 | 44.00 | 133.00 | 177.00 | OK | |
r-oldrel-macos-arm64 | 1.0.4.1 | 48.00 | OK | |||
r-oldrel-macos-x86_64 | 1.0.4.1 | 70.00 | OK | |||
r-oldrel-windows-ix86+x86_64 | 1.0.4.1 | 42.00 | 181.00 | 223.00 | OK |
Version: 1.0.4.1
Check: compiled code
Result: NOTE
File ‘ACDm/libs/ACDm.so’:
Found no calls to: ‘R_registerRoutines’, ‘R_useDynamicSymbols’
It is good practice to register native routines and to disable symbol
search.
See ‘Writing portable packages’ in the ‘Writing R Extensions’ manual.
Flavors: r-devel-linux-x86_64-fedora-clang, r-devel-linux-x86_64-fedora-gcc