Last updated on 2023-02-05 16:52:32 CET.
Flavor | Version | Tinstall | Tcheck | Ttotal | Status | Flags |
---|---|---|---|---|---|---|
r-devel-linux-x86_64-debian-clang | 1.0.4.2 | 17.83 | 95.58 | 113.41 | OK | |
r-devel-linux-x86_64-debian-gcc | 1.0.4.2 | 16.46 | 68.52 | 84.98 | OK | |
r-devel-linux-x86_64-fedora-clang | 1.0.4.2 | 143.43 | NOTE | |||
r-devel-linux-x86_64-fedora-gcc | 1.0.4.2 | 136.20 | NOTE | |||
r-devel-windows-x86_64 | 1.0.4.2 | 65.00 | 153.00 | 218.00 | OK | |
r-patched-linux-x86_64 | 1.0.4.2 | 22.55 | 90.91 | 113.46 | OK | |
r-release-linux-x86_64 | 1.0.4.2 | 19.24 | 89.39 | 108.63 | OK | |
r-release-macos-arm64 | 1.0.4.2 | 66.00 | OK | |||
r-release-macos-x86_64 | 1.0.4.2 | 67.00 | OK | |||
r-release-windows-x86_64 | 1.0.4.2 | 47.00 | 151.00 | 198.00 | OK | |
r-oldrel-macos-arm64 | 1.0.4.2 | 59.00 | OK | |||
r-oldrel-macos-x86_64 | 1.0.4.2 | 68.00 | OK | |||
r-oldrel-windows-ix86+x86_64 | 1.0.4.2 | 44.00 | 183.00 | 227.00 | OK |
Version: 1.0.4.2
Check: compiled code
Result: NOTE
File ‘ACDm/libs/ACDm.so’:
Found no calls to: ‘R_registerRoutines’, ‘R_useDynamicSymbols’
It is good practice to register native routines and to disable symbol
search.
See ‘Writing portable packages’ in the ‘Writing R Extensions’ manual.
Flavors: r-devel-linux-x86_64-fedora-clang, r-devel-linux-x86_64-fedora-gcc