CRAN Package Check Results for Package ACEP

Last updated on 2022-11-28 00:52:14 CET.

Flavor Version Tinstall Tcheck Ttotal Status Flags
r-devel-linux-x86_64-debian-clang 0.0.21 1.99 30.97 32.96 OK
r-devel-linux-x86_64-debian-gcc 0.0.21 1.69 23.88 25.57 OK
r-devel-linux-x86_64-fedora-clang 0.0.21 54.83 OK
r-devel-linux-x86_64-fedora-gcc 0.0.21 55.91 OK
r-devel-windows-x86_64 0.0.21 12.00 67.00 79.00 OK
r-patched-linux-x86_64 0.0.21 3.11 29.29 32.40 OK
r-release-linux-x86_64 0.0.21 3.02 31.36 34.38 OK
r-release-macos-arm64 0.0.21 28.00 OK
r-release-macos-x86_64 0.0.21 36.00 OK
r-release-windows-x86_64 0.0.21 17.00 66.00 83.00 OK
r-oldrel-macos-arm64 0.0.21 35.00 OK
r-oldrel-macos-x86_64 0.0.21 38.00 OK
r-oldrel-windows-ix86+x86_64 0.0.21 7.00 55.00 62.00 ERROR

Check Details

Version: 0.0.21
Check: examples
Result: ERROR
    Running examples in 'ACEP-Ex.R' failed
    The error most likely occurred in:
    
    > ### Name: acep_clean
    > ### Title: Limpieza de texto.
    > ### Aliases: acep_clean
    > ### Keywords: normalizacion
    >
    > ### ** Examples
    >
    > acep_clean("El SUTEBA fue al paro. Reclaman mejoras salariales.", rm_cesp = FALSE)
    Warning in readRDS(url("https://observatoriodeconflictividad.org/basesdatos/tildes.rds")) :
     InternetOpenUrl failed: 'Die Serververbindung konnte nicht hergestellt werden.'
    Error in readRDS(url("https://observatoriodeconflictividad.org/basesdatos/tildes.rds")) :
     cannot open the connection
    Calls: acep_clean -> tryCatch -> tryCatchList -> readRDS
    Execution halted
Flavor: r-oldrel-windows-ix86+x86_64