CRAN Package Check Results for Package ACNE

Last updated on 2019-01-16 20:49:53 CET.

Flavor Version Tinstall Tcheck Ttotal Status Flags
r-devel-linux-x86_64-debian-clang 0.8.1 4.84 56.84 61.68 OK
r-devel-linux-x86_64-debian-gcc 0.8.1 3.63 42.64 46.27 OK
r-devel-linux-x86_64-fedora-clang 0.8.1 74.09 OK
r-devel-linux-x86_64-fedora-gcc 0.8.1 82.55 OK
r-devel-windows-ix86+x86_64 0.8.1 7.00 70.00 77.00 OK
r-patched-linux-x86_64 0.8.1 4.75 55.40 60.15 OK
r-patched-solaris-x86 0.8.1 106.90 OK
r-release-linux-x86_64 0.8.1 4.15 54.71 58.86 OK
r-release-windows-ix86+x86_64 0.8.1 15.00 67.00 82.00 OK
r-release-osx-x86_64 0.8.1 OK
r-oldrel-windows-ix86+x86_64 0.8.1 10.00 135.00 145.00 OK
r-oldrel-osx-x86_64 0.8.1 ERROR

Check Details

Version: 0.8.1
Check: package dependencies
Result: ERROR
    Packages required but not available: ‘aroma.affymetrix’ ‘aroma.core’
    
    See section ‘The DESCRIPTION file’ in the ‘Writing R Extensions’
    manual.
Flavor: r-oldrel-osx-x86_64