CRAN Package Check Results for Package ACNE

Last updated on 2018-10-23 18:47:26 CEST.

Flavor Version Tinstall Tcheck Ttotal Status Flags
r-devel-linux-x86_64-debian-clang 0.8.1 4.71 58.75 63.46 OK
r-devel-linux-x86_64-debian-gcc 0.8.1 3.88 43.99 47.87 OK
r-devel-linux-x86_64-fedora-clang 0.8.1 75.70 OK
r-devel-linux-x86_64-fedora-gcc 0.8.1 73.79 OK
r-devel-windows-ix86+x86_64 0.8.1 14.00 100.00 114.00 OK
r-patched-linux-x86_64 0.8.1 2.84 54.49 57.33 OK
r-patched-solaris-x86 0.8.1 104.00 OK
r-release-linux-x86_64 0.8.1 4.41 54.65 59.06 OK
r-release-windows-ix86+x86_64 0.8.1 17.00 110.00 127.00 OK
r-release-osx-x86_64 0.8.1 OK
r-oldrel-windows-ix86+x86_64 0.8.1 12.00 113.00 125.00 OK
r-oldrel-osx-x86_64 0.8.1 ERROR

Check Details

Version: 0.8.1
Check: package dependencies
Result: ERROR
    Packages required but not available: ‘aroma.affymetrix’ ‘aroma.core’
    
    See section ‘The DESCRIPTION file’ in the ‘Writing R Extensions’
    manual.
Flavor: r-oldrel-osx-x86_64