CRAN Package Check Results for Package ACNE

Last updated on 2019-04-25 05:49:28 CEST.

Flavor Version Tinstall Tcheck Ttotal Status Flags
r-devel-linux-x86_64-debian-clang 0.8.1 6.00 55.73 61.73 OK
r-devel-linux-x86_64-debian-gcc 0.8.1 5.17 45.37 50.54 OK
r-devel-linux-x86_64-fedora-clang 0.8.1 83.16 OK
r-devel-linux-x86_64-fedora-gcc 0.8.1 79.15 OK
r-devel-windows-ix86+x86_64 0.8.1 19.00 108.00 127.00 OK
r-patched-linux-x86_64 0.8.1 5.44 56.81 62.25 OK
r-patched-solaris-x86 0.8.1 107.70 OK
r-release-linux-x86_64 0.8.1 4.50 55.40 59.90 OK
r-release-windows-ix86+x86_64 0.8.1 9.00 81.00 90.00 OK
r-release-osx-x86_64 0.8.1 OK
r-oldrel-windows-ix86+x86_64 0.8.1 12.00 109.00 121.00 OK
r-oldrel-osx-x86_64 0.8.1 ERROR

Check Details

Version: 0.8.1
Check: package dependencies
Result: ERROR
    Packages required but not available: ‘aroma.affymetrix’ ‘aroma.core’
    
    See section ‘The DESCRIPTION file’ in the ‘Writing R Extensions’
    manual.
Flavor: r-oldrel-osx-x86_64