CRAN Package Check Results for Package ACNE

Last updated on 2018-08-20 16:48:52 CEST.

Flavor Version Tinstall Tcheck Ttotal Status Flags
r-devel-linux-x86_64-debian-clang 0.8.1 4.39 57.58 61.97 OK
r-devel-linux-x86_64-debian-gcc 0.8.1 3.61 47.83 51.44 OK
r-devel-linux-x86_64-fedora-clang 0.8.1 74.92 OK
r-devel-linux-x86_64-fedora-gcc 0.8.1 84.54 OK
r-devel-windows-ix86+x86_64 0.8.1 11.00 106.00 117.00 OK
r-patched-linux-x86_64 0.8.1 2.84 54.55 57.39 OK
r-patched-solaris-x86 0.8.1 104.80 OK
r-release-linux-x86_64 0.8.1 4.93 54.45 59.38 OK
r-release-windows-ix86+x86_64 0.8.1 17.00 70.00 87.00 OK
r-release-osx-x86_64 0.8.1 OK
r-oldrel-windows-ix86+x86_64 0.8.1 13.00 139.00 152.00 OK
r-oldrel-osx-x86_64 0.8.1 ERROR

Check Details

Version: 0.8.1
Check: package dependencies
Result: ERROR
    Packages required but not available: ‘aroma.affymetrix’ ‘aroma.core’
    
    See section ‘The DESCRIPTION file’ in the ‘Writing R Extensions’
    manual.
Flavor: r-oldrel-osx-x86_64