CRAN Package Check Results for Package ACSNMineR

Last updated on 2021-07-30 22:57:15 CEST.

Flavor Version Tinstall Tcheck Ttotal Status Flags
r-devel-linux-x86_64-debian-clang 0.16.8.25 OK
r-devel-linux-x86_64-debian-gcc 0.16.8.25 4.01 41.88 45.89 OK
r-devel-linux-x86_64-fedora-clang 0.16.8.25 84.44 OK
r-devel-linux-x86_64-fedora-gcc 0.16.8.25 71.68 OK
r-devel-windows-x86_64 0.16.8.25 8.00 66.00 74.00 OK
r-devel-windows-x86_64-gcc10-UCRT 0.16.8.25 OK
r-patched-linux-x86_64 0.16.8.25 OK
r-patched-solaris-x86 0.16.8.25 99.10 OK
r-release-linux-x86_64 0.16.8.25 4.39 55.45 59.84 OK
r-release-macos-arm64 0.16.8.25 WARN
r-release-macos-x86_64 0.16.8.25 OK
r-release-windows-ix86+x86_64 0.16.8.25 16.00 78.00 94.00 OK
r-oldrel-macos-x86_64 0.16.8.25 OK
r-oldrel-windows-ix86+x86_64 0.16.8.25 9.00 81.00 90.00 OK

Check Details

Version: 0.16.8.25
Check: re-building of vignette outputs
Result: WARN
    Error(s) in re-building vignettes:
     ...
    --- re-building ‘ACSN-vignette.Rmd’ using rmarkdown
    Warning in engine$weave(file, quiet = quiet, encoding = enc) :
     Pandoc (>= 1.12.3) not available. Falling back to R Markdown v1.
    Quitting from lines 155-164 (ACSN-vignette.Rmd)
    Error: processing vignette 'ACSN-vignette.Rmd' failed with diagnostics:
    polygon edge not found
    --- failed re-building ‘ACSN-vignette.Rmd’
    
    --- re-building ‘ACSN_map_updating.Rmd’ using rmarkdown
    Warning in engine$weave(file, quiet = quiet, encoding = enc) :
     Pandoc (>= 1.12.3) not available. Falling back to R Markdown v1.
    --- finished re-building ‘ACSN_map_updating.Rmd’
    
    SUMMARY: processing the following file failed:
     ‘ACSN-vignette.Rmd’
    
    Error: Vignette re-building failed.
    Execution halted
Flavor: r-release-macos-arm64