CRAN Package Check Results for Package ACTCD

Last updated on 2018-02-20 03:49:29 CET.

Flavor Version Tinstall Tcheck Ttotal Status Flags
r-devel-linux-x86_64-debian-clang 1.1-0 6.03 33.52 39.55 NOTE
r-devel-linux-x86_64-debian-gcc 1.1-0 3.51 27.21 30.72 NOTE
r-devel-linux-x86_64-fedora-clang 1.1-0 54.23 NOTE
r-devel-linux-x86_64-fedora-gcc 1.1-0 58.14 NOTE
r-devel-windows-ix86+x86_64 1.1-0 16.00 77.00 93.00 OK
r-patched-linux-x86_64 1.1-0 6.00 36.70 42.70 NOTE
r-patched-solaris-x86 1.1-0 95.10 OK
r-release-linux-x86_64 1.1-0 7.50 37.32 44.82 NOTE
r-release-windows-ix86+x86_64 1.1-0 11.00 57.00 68.00 OK
r-release-osx-x86_64 1.1-0 OK
r-oldrel-windows-ix86+x86_64 1.1-0 10.00 51.00 61.00 OK
r-oldrel-osx-x86_64 1.1-0 OK

Check Details

Version: 1.1-0
Check: compiled code
Result: NOTE
    File ‘ACTCD/libs/ACTCD.so’:
     Found no calls to: ‘R_registerRoutines’, ‘R_useDynamicSymbols’
    
    It is good practice to register native routines and to disable symbol
    search.
    
    See ‘Writing portable packages’ in the ‘Writing R Extensions’ manual.
Flavors: r-devel-linux-x86_64-debian-clang, r-devel-linux-x86_64-debian-gcc, r-devel-linux-x86_64-fedora-clang, r-devel-linux-x86_64-fedora-gcc, r-patched-linux-x86_64, r-release-linux-x86_64