CRAN Package Check Results for Package ADAPTS

Last updated on 2019-11-14 21:46:55 CET.

Flavor Version Tinstall Tcheck Ttotal Status Flags
r-devel-linux-x86_64-debian-clang 0.9.26 4.35 72.49 76.84 OK
r-devel-linux-x86_64-debian-gcc 0.9.26 3.09 54.46 57.55 OK
r-devel-linux-x86_64-fedora-clang 0.9.26 94.40 OK
r-devel-linux-x86_64-fedora-gcc 0.9.26 96.17 OK
r-devel-windows-ix86+x86_64 0.9.26 25.00 92.00 117.00 OK
r-patched-linux-x86_64 0.9.26 3.03 68.70 71.73 OK
r-patched-solaris-x86 0.9.26 121.60 OK
r-release-linux-x86_64 0.9.26 3.49 69.59 73.08 OK
r-release-windows-ix86+x86_64 0.9.26 9.00 127.00 136.00 OK
r-release-osx-x86_64 0.9.26 ERROR
r-oldrel-windows-ix86+x86_64 0.9.26 7.00 114.00 121.00 OK
r-oldrel-osx-x86_64 0.9.26 ERROR

Check Details

Version: 0.9.26
Check: package dependencies
Result: ERROR
    Packages required but not available: 'WGCNA', 'DeconRNASeq'
    
    See section ‘The DESCRIPTION file’ in the ‘Writing R Extensions’
    manual.
Flavor: r-release-osx-x86_64

Version: 0.9.26
Check: package dependencies
Result: ERROR
    Package required but not available: ‘DeconRNASeq’
    
    See section ‘The DESCRIPTION file’ in the ‘Writing R Extensions’
    manual.
Flavor: r-oldrel-osx-x86_64