CRAN Package Check Results for Package ADCT

Last updated on 2023-01-28 20:54:21 CET.

Flavor Version Tinstall Tcheck Ttotal Status Flags
r-devel-linux-x86_64-debian-clang 0.1.0 2.20 30.33 32.53 NOTE
r-devel-linux-x86_64-debian-gcc 0.1.0 1.50 23.46 24.96 NOTE
r-devel-linux-x86_64-fedora-clang 0.1.0 41.10 NOTE
r-devel-linux-x86_64-fedora-gcc 0.1.0 42.61 NOTE
r-devel-windows-x86_64 0.1.0 9.00 74.00 83.00 NOTE
r-patched-linux-x86_64 0.1.0 2.01 29.77 31.78 NOTE
r-release-linux-x86_64 0.1.0 1.71 30.04 31.75 NOTE
r-release-macos-arm64 0.1.0 18.00 NOTE
r-release-macos-x86_64 0.1.0 24.00 NOTE
r-release-windows-x86_64 0.1.0 12.00 60.00 72.00 NOTE
r-oldrel-macos-arm64 0.1.0 22.00 NOTE
r-oldrel-macos-x86_64 0.1.0 29.00 NOTE
r-oldrel-windows-ix86+x86_64 0.1.0 5.00 55.00 60.00 NOTE

Check Details

Version: 0.1.0
Check: LazyData
Result: NOTE
     'LazyData' is specified without a 'data' directory
Flavors: r-devel-linux-x86_64-debian-clang, r-devel-linux-x86_64-debian-gcc, r-devel-linux-x86_64-fedora-clang, r-devel-linux-x86_64-fedora-gcc, r-devel-windows-x86_64, r-patched-linux-x86_64, r-release-linux-x86_64, r-release-macos-arm64, r-release-macos-x86_64, r-release-windows-x86_64, r-oldrel-macos-arm64, r-oldrel-macos-x86_64, r-oldrel-windows-ix86+x86_64