CRAN Package Check Results for Package ADCT

Last updated on 2024-02-23 21:56:40 CET.

Flavor Version Tinstall Tcheck Ttotal Status Flags
r-devel-linux-x86_64-debian-clang 0.1.0 NOTE
r-devel-linux-x86_64-debian-gcc 0.1.0 1.52 22.27 23.79 NOTE
r-devel-linux-x86_64-fedora-clang 0.1.0 28.68 NOTE
r-devel-linux-x86_64-fedora-gcc 0.1.0 26.19 NOTE
r-devel-windows-x86_64 0.1.0 3.00 43.00 46.00 NOTE
r-patched-linux-x86_64 0.1.0 1.97 28.17 30.14 NOTE
r-release-linux-x86_64 0.1.0 2.01 29.95 31.96 NOTE
r-release-macos-arm64 0.1.0 17.00 NOTE
r-release-macos-x86_64 0.1.0 23.00 NOTE
r-release-windows-x86_64 0.1.0 3.00 46.00 49.00 NOTE
r-oldrel-macos-arm64 0.1.0 21.00 NOTE
r-oldrel-windows-x86_64 0.1.0 4.00 49.00 53.00 NOTE

Check Details

Version: 0.1.0
Check: LazyData
Result: NOTE 'LazyData' is specified without a 'data' directory Flavors: r-devel-linux-x86_64-debian-clang, r-devel-linux-x86_64-debian-gcc, r-devel-linux-x86_64-fedora-clang, r-devel-linux-x86_64-fedora-gcc, r-devel-windows-x86_64, r-patched-linux-x86_64, r-release-linux-x86_64, r-release-macos-arm64, r-release-macos-x86_64, r-release-windows-x86_64, r-oldrel-macos-arm64, r-oldrel-windows-x86_64

Version: 0.1.0
Check: package dependencies
Result: NOTE Package suggested but not available for checking: ‘clinfun’ Flavor: r-release-macos-x86_64