CRAN Package Check Results for Package ADGofTest

Last updated on 2023-02-05 18:54:54 CET.

Flavor Version Tinstall Tcheck Ttotal Status Flags
r-devel-linux-x86_64-debian-clang 0.3 1.56 11.70 13.26 NOTE
r-devel-linux-x86_64-debian-gcc 0.3 1.61 11.62 13.23 NOTE
r-devel-linux-x86_64-fedora-clang 0.3 26.61 NOTE
r-devel-linux-x86_64-fedora-gcc 0.3 16.81 NOTE
r-devel-windows-x86_64 0.3 15.00 41.00 56.00 NOTE
r-patched-linux-x86_64 0.3 1.42 17.98 19.40 NOTE
r-release-linux-x86_64 0.3 1.66 11.67 13.33 NOTE
r-release-macos-arm64 0.3 12.00 NOTE
r-release-macos-x86_64 0.3 19.00 NOTE
r-release-windows-x86_64 0.3 3.00 38.00 41.00 NOTE
r-oldrel-macos-arm64 0.3 18.00 NOTE
r-oldrel-macos-x86_64 0.3 25.00 NOTE
r-oldrel-windows-ix86+x86_64 0.3 5.00 32.00 37.00 NOTE

Check Details

Version: 0.3
Check: DESCRIPTION meta-information
Result: NOTE
    Malformed Description field: should contain one or more complete sentences.
Flavors: r-devel-linux-x86_64-debian-clang, r-devel-linux-x86_64-debian-gcc, r-devel-linux-x86_64-fedora-clang, r-devel-linux-x86_64-fedora-gcc, r-devel-windows-x86_64, r-patched-linux-x86_64, r-release-linux-x86_64, r-release-macos-arm64, r-release-macos-x86_64, r-release-windows-x86_64, r-oldrel-macos-arm64, r-oldrel-macos-x86_64, r-oldrel-windows-ix86+x86_64