CRAN Package Check Results for Package ADGofTest

Last updated on 2023-06-05 19:54:43 CEST.

Flavor Version Tinstall Tcheck Ttotal Status Flags
r-devel-linux-x86_64-debian-clang 0.3 1.66 11.69 13.35 NOTE
r-devel-linux-x86_64-debian-gcc 0.3 1.55 12.81 14.36 NOTE
r-devel-linux-x86_64-fedora-clang 0.3 22.47 NOTE
r-devel-linux-x86_64-fedora-gcc 0.3 26.23 NOTE
r-devel-windows-x86_64 0.3 3.00 37.00 40.00 NOTE
r-patched-linux-x86_64 0.3 1.68 20.54 22.22 NOTE
r-release-linux-x86_64 0.3 1.82 11.11 12.93 NOTE
r-release-macos-arm64 0.3 16.00 NOTE
r-release-macos-x86_64 0.3 18.00 NOTE
r-release-windows-x86_64 0.3 4.00 32.00 36.00 NOTE
r-oldrel-macos-arm64 0.3 15.00 NOTE
r-oldrel-macos-x86_64 0.3 19.00 NOTE
r-oldrel-windows-x86_64 0.3 3.00 38.00 41.00 NOTE

Check Details

Version: 0.3
Check: DESCRIPTION meta-information
Result: NOTE
    Malformed Description field: should contain one or more complete sentences.
Flavors: r-devel-linux-x86_64-debian-clang, r-devel-linux-x86_64-debian-gcc, r-devel-linux-x86_64-fedora-clang, r-devel-linux-x86_64-fedora-gcc, r-devel-windows-x86_64, r-patched-linux-x86_64, r-release-linux-x86_64, r-release-macos-arm64, r-release-macos-x86_64, r-release-windows-x86_64, r-oldrel-macos-arm64, r-oldrel-macos-x86_64, r-oldrel-windows-x86_64