CRAN Package Check Results for Package ADGofTest

Last updated on 2024-04-19 05:10:36 CEST.

Flavor Version Tinstall Tcheck Ttotal Status Flags
r-devel-linux-x86_64-debian-clang 0.3 1.82 11.36 13.18 NOTE
r-devel-linux-x86_64-debian-gcc 0.3 1.58 9.58 11.16 NOTE
r-devel-linux-x86_64-fedora-clang 0.3 28.83 NOTE
r-devel-linux-x86_64-fedora-gcc 0.3 27.50 NOTE
r-prerel-macos-arm64 0.3 13.00 NOTE
r-prerel-windows-x86_64 0.3 5.00 36.00 41.00 NOTE
r-patched-linux-x86_64 0.3 2.02 15.02 17.04 NOTE
r-release-linux-x86_64 0.3 1.94 11.28 13.22 NOTE
r-release-macos-arm64 0.3 16.00 NOTE
r-release-macos-x86_64 0.3 18.00 NOTE
r-release-windows-x86_64 0.3 3.00 32.00 35.00 NOTE
r-oldrel-macos-arm64 0.3 15.00 NOTE
r-oldrel-windows-x86_64 0.3 3.00 38.00 41.00 NOTE

Check Details

Version: 0.3
Check: DESCRIPTION meta-information
Result: NOTE Malformed Description field: should contain one or more complete sentences. Flavors: r-devel-linux-x86_64-debian-clang, r-devel-linux-x86_64-debian-gcc, r-devel-linux-x86_64-fedora-clang, r-devel-linux-x86_64-fedora-gcc, r-prerel-macos-arm64, r-prerel-windows-x86_64, r-patched-linux-x86_64, r-release-linux-x86_64, r-release-macos-arm64, r-release-macos-x86_64, r-release-windows-x86_64, r-oldrel-macos-arm64, r-oldrel-windows-x86_64