Last updated on 2023-03-28 06:51:08 CEST.
Flavor | Version | Tinstall | Tcheck | Ttotal | Status | Flags |
---|---|---|---|---|---|---|
r-devel-linux-x86_64-debian-clang | 0.3.3 | 79.53 | 82.31 | 161.84 | NOTE | |
r-devel-linux-x86_64-debian-gcc | 0.3.3 | 59.01 | 63.25 | 122.26 | NOTE | |
r-devel-linux-x86_64-fedora-clang | 0.3.3 | 225.40 | NOTE | |||
r-devel-linux-x86_64-fedora-gcc | 0.3.3 | 198.02 | NOTE | |||
r-patched-linux-x86_64 | 0.3.3 | 65.50 | 81.94 | 147.44 | NOTE | |
r-release-linux-x86_64 | 0.3.3 | 62.34 | 74.85 | 137.19 | OK | |
r-release-macos-arm64 | 0.3.3 | 54.00 | NOTE | |||
r-release-macos-x86_64 | 0.3.3 | 67.00 | NOTE | |||
r-release-windows-x86_64 | 0.3.3 | 65.00 | 126.00 | 191.00 | OK | |
r-oldrel-macos-arm64 | 0.3.3 | 57.00 | NOTE | |||
r-oldrel-macos-x86_64 | 0.3.3 | 72.00 | NOTE | |||
r-oldrel-windows-ix86+x86_64 | 0.3.3 | 169.00 | 140.00 | 309.00 | OK |
Version: 0.3.3
Check: C++ specification
Result: NOTE
Specified C++11: please drop specification unless essential
Flavors: r-devel-linux-x86_64-debian-clang, r-devel-linux-x86_64-debian-gcc, r-devel-linux-x86_64-fedora-clang, r-devel-linux-x86_64-fedora-gcc, r-patched-linux-x86_64
Version: 0.3.3
Check: installed package size
Result: NOTE
installed size is 6.2Mb
sub-directories of 1Mb or more:
libs 6.0Mb
Flavors: r-release-macos-arm64, r-release-macos-x86_64, r-oldrel-macos-arm64, r-oldrel-macos-x86_64