CRAN Package Check Results for Package ADMM

Last updated on 2022-08-12 19:53:00 CEST.

Flavor Version Tinstall Tcheck Ttotal Status Flags
r-devel-linux-x86_64-debian-clang 0.3.3 70.76 74.05 144.81 OK
r-devel-linux-x86_64-debian-gcc 0.3.3 60.42 56.66 117.08 OK
r-devel-linux-x86_64-fedora-clang 0.3.3 215.32 OK
r-devel-linux-x86_64-fedora-gcc 0.3.3 197.34 OK
r-devel-windows-x86_64 0.3.3 63.00 118.00 181.00 OK
r-patched-linux-x86_64 0.3.3 68.60 70.16 138.76 OK
r-release-linux-x86_64 0.3.3 66.38 72.54 138.92 OK
r-release-macos-arm64 0.3.3 54.00 NOTE
r-release-macos-x86_64 0.3.3 67.00 NOTE
r-release-windows-x86_64 0.3.3 60.00 116.00 176.00 OK
r-oldrel-macos-arm64 0.3.3 57.00 NOTE
r-oldrel-macos-x86_64 0.3.3 72.00 NOTE
r-oldrel-windows-ix86+x86_64 0.3.3 171.00 132.00 303.00 OK

Check Details

Version: 0.3.3
Check: installed package size
Result: NOTE
     installed size is 6.2Mb
     sub-directories of 1Mb or more:
     libs 6.0Mb
Flavors: r-release-macos-arm64, r-release-macos-x86_64, r-oldrel-macos-arm64, r-oldrel-macos-x86_64