CRAN Package Check Results for Package ADMMnet

Last updated on 2023-01-31 17:53:56 CET.

Flavor Version Tinstall Tcheck Ttotal Status Flags
r-devel-linux-x86_64-debian-clang 0.1.1 41.14 78.35 119.49 OK
r-devel-linux-x86_64-debian-gcc 0.1.1 38.93 59.98 98.91 OK
r-devel-linux-x86_64-fedora-clang 0.1.1 163.83 NOTE
r-devel-linux-x86_64-fedora-gcc 0.1.1 178.72 NOTE
r-devel-windows-x86_64 0.1.1 46.00 118.00 164.00 OK
r-patched-linux-x86_64 0.1.1 40.54 76.95 117.49 OK
r-release-linux-x86_64 0.1.1 40.39 76.34 116.73 OK
r-release-macos-arm64 0.1.1 46.00 NOTE
r-release-macos-x86_64 0.1.1 60.00 NOTE
r-release-windows-x86_64 0.1.1 59.00 126.00 185.00 OK
r-oldrel-macos-arm64 0.1.1 57.00 NOTE
r-oldrel-macos-x86_64 0.1.1 88.00 NOTE
r-oldrel-windows-ix86+x86_64 0.1.1 98.00 134.00 232.00 OK

Check Details

Version: 0.1.1
Check: compiled code
Result: NOTE
    File ‘ADMMnet/libs/ADMMnet.so’:
     Found no calls to: ‘R_registerRoutines’, ‘R_useDynamicSymbols’
    
    It is good practice to register native routines and to disable symbol
    search.
    
    See ‘Writing portable packages’ in the ‘Writing R Extensions’ manual.
Flavors: r-devel-linux-x86_64-fedora-clang, r-devel-linux-x86_64-fedora-gcc

Version: 0.1.1
Check: installed package size
Result: NOTE
     installed size is 6.5Mb
     sub-directories of 1Mb or more:
     libs 6.3Mb
Flavors: r-release-macos-arm64, r-release-macos-x86_64, r-oldrel-macos-arm64, r-oldrel-macos-x86_64