CRAN Package Check Results for Package ADMMnet

Last updated on 2020-02-21 04:48:15 CET.

Flavor Version Tinstall Tcheck Ttotal Status Flags
r-devel-linux-x86_64-debian-clang 0.1 45.64 64.32 109.96 NOTE
r-devel-linux-x86_64-debian-gcc 0.1 33.70 50.69 84.39 NOTE
r-devel-linux-x86_64-fedora-clang 0.1 141.95 NOTE
r-devel-linux-x86_64-fedora-gcc 0.1 138.94 NOTE
r-devel-windows-ix86+x86_64 0.1 63.00 97.00 160.00 NOTE
r-devel-windows-ix86+x86_64-gcc8 0.1 105.00 134.00 239.00 NOTE
r-patched-linux-x86_64 0.1 37.52 56.44 93.96 NOTE
r-patched-solaris-x86 0.1 151.90 NOTE
r-release-linux-x86_64 0.1 35.15 56.35 91.50 NOTE
r-release-windows-ix86+x86_64 0.1 60.00 94.00 154.00 NOTE
r-release-osx-x86_64 0.1 NOTE
r-oldrel-windows-ix86+x86_64 0.1 57.00 95.00 152.00 OK
r-oldrel-osx-x86_64 0.1 NOTE

Check Details

Version: 0.1
Check: line endings in C/C++/Fortran sources/headers
Result: NOTE
    Found the following sources/headers with CR or CRLF line endings:
     inst/include/ADMMnet.h
     inst/include/ADMMnet_RcppExports.h
    Some Unix compilers require LF line endings.
Flavors: r-devel-linux-x86_64-debian-clang, r-devel-linux-x86_64-debian-gcc, r-devel-linux-x86_64-fedora-clang, r-devel-linux-x86_64-fedora-gcc, r-devel-windows-ix86+x86_64, r-devel-windows-ix86+x86_64-gcc8, r-patched-linux-x86_64, r-patched-solaris-x86, r-release-linux-x86_64, r-release-windows-ix86+x86_64, r-release-osx-x86_64

Version: 0.1
Check: installed package size
Result: NOTE
     installed size is 6.3Mb
     sub-directories of 1Mb or more:
     libs 6.1Mb
Flavors: r-devel-linux-x86_64-fedora-clang, r-release-osx-x86_64, r-oldrel-osx-x86_64

Version: 0.1
Check: compiled code
Result: NOTE
    File ‘ADMMnet/libs/ADMMnet.so’:
     Found no calls to: ‘R_registerRoutines’, ‘R_useDynamicSymbols’
    
    It is good practice to register native routines and to disable symbol
    search.
    
    See ‘Writing portable packages’ in the ‘Writing R Extensions’ manual.
Flavors: r-devel-linux-x86_64-fedora-clang, r-devel-linux-x86_64-fedora-gcc