Last updated on 2022-08-09 06:50:09 CEST.
Flavor | Version | Tinstall | Tcheck | Ttotal | Status | Flags |
---|---|---|---|---|---|---|
r-devel-linux-x86_64-debian-clang | 2.1 | 84.05 | 93.38 | 177.43 | NOTE | |
r-devel-linux-x86_64-debian-gcc | 2.1 | 66.05 | 67.51 | 133.56 | NOTE | |
r-devel-linux-x86_64-fedora-clang | 2.1 | 237.75 | NOTE | |||
r-devel-linux-x86_64-fedora-gcc | 2.1 | 216.49 | NOTE | |||
r-devel-windows-x86_64 | 2.1 | 208.00 | 170.00 | 378.00 | NOTE | |
r-patched-linux-x86_64 | 2.1 | 66.83 | 89.83 | 156.66 | NOTE | |
r-release-linux-x86_64 | 2.1 | NOTE | ||||
r-release-macos-arm64 | 2.1 | 71.00 | NOTE | |||
r-release-macos-x86_64 | 2.1 | 88.00 | NOTE | |||
r-release-windows-x86_64 | 2.1 | 167.00 | 161.00 | 328.00 | NOTE | |
r-oldrel-macos-arm64 | 2.1 | 83.00 | NOTE | |||
r-oldrel-macos-x86_64 | 2.1 | 97.00 | NOTE | |||
r-oldrel-windows-ix86+x86_64 | 2.1 | 201.00 | 154.00 | 355.00 | NOTE |
Version: 2.1
Check: LazyData
Result: NOTE
'LazyData' is specified without a 'data' directory
Flavors: r-devel-linux-x86_64-debian-clang, r-devel-linux-x86_64-debian-gcc, r-devel-linux-x86_64-fedora-clang, r-devel-linux-x86_64-fedora-gcc, r-devel-windows-x86_64, r-patched-linux-x86_64, r-release-linux-x86_64, r-release-macos-arm64, r-release-macos-x86_64, r-release-windows-x86_64, r-oldrel-macos-arm64, r-oldrel-macos-x86_64, r-oldrel-windows-ix86+x86_64
Version: 2.1
Check: installed package size
Result: NOTE
installed size is 5.0Mb
sub-directories of 1Mb or more:
libs 4.0Mb
Flavor: r-oldrel-macos-arm64