CRAN Package Check Results for Package ADPclust

Last updated on 2020-10-30 13:48:53 CET.

Flavor Version Tinstall Tcheck Ttotal Status Flags
r-devel-linux-x86_64-debian-clang 0.7 3.14 62.34 65.48 OK
r-devel-linux-x86_64-debian-gcc 0.7 2.62 45.83 48.45 OK
r-devel-linux-x86_64-fedora-clang 0.7 85.92 NOTE
r-devel-linux-x86_64-fedora-gcc 0.7 83.91 NOTE
r-devel-windows-ix86+x86_64 0.7 7.00 91.00 98.00 OK
r-patched-linux-x86_64 0.7 2.73 61.44 64.17 OK
r-patched-solaris-x86 0.7 131.40 NOTE
r-release-linux-x86_64 0.7 3.19 60.58 63.77 OK
r-release-macos-x86_64 0.7 NOTE
r-release-windows-ix86+x86_64 0.7 5.00 71.00 76.00 OK
r-oldrel-macos-x86_64 0.7 NOTE
r-oldrel-windows-ix86+x86_64 0.7 5.00 94.00 99.00 OK

Check Details

Version: 0.7
Check: dependencies in R code
Result: NOTE
    Namespaces in Imports field not imported from:
     ‘fields’ ‘knitr’
     All declared Imports should be used.
Flavors: r-devel-linux-x86_64-fedora-clang, r-devel-linux-x86_64-fedora-gcc, r-patched-solaris-x86, r-release-macos-x86_64, r-oldrel-macos-x86_64