CRAN Package Check Results for Package ADPclust

Last updated on 2023-01-31 16:54:33 CET.

Flavor Version Tinstall Tcheck Ttotal Status Flags
r-devel-linux-x86_64-debian-clang 0.7 3.34 67.77 71.11 OK
r-devel-linux-x86_64-debian-gcc 0.7 2.64 48.65 51.29 OK
r-devel-linux-x86_64-fedora-clang 0.7 88.24 NOTE
r-devel-linux-x86_64-fedora-gcc 0.7 110.17 NOTE
r-devel-windows-x86_64 0.7 24.00 107.00 131.00 OK
r-patched-linux-x86_64 0.7 3.39 64.45 67.84 OK
r-release-linux-x86_64 0.7 2.64 63.78 66.42 OK
r-release-macos-arm64 0.7 29.00 NOTE
r-release-macos-x86_64 0.7 48.00 NOTE
r-release-windows-x86_64 0.7 33.00 105.00 138.00 OK
r-oldrel-macos-arm64 0.7 37.00 NOTE
r-oldrel-macos-x86_64 0.7 41.00 NOTE
r-oldrel-windows-ix86+x86_64 0.7 8.00 117.00 125.00 OK

Check Details

Version: 0.7
Check: dependencies in R code
Result: NOTE
    Namespaces in Imports field not imported from:
     ‘fields’ ‘knitr’
     All declared Imports should be used.
Flavors: r-devel-linux-x86_64-fedora-clang, r-devel-linux-x86_64-fedora-gcc, r-release-macos-arm64, r-release-macos-x86_64, r-oldrel-macos-arm64, r-oldrel-macos-x86_64