CRAN Package Check Results for Package ADPclust

Last updated on 2021-09-26 16:49:05 CEST.

Flavor Version Tinstall Tcheck Ttotal Status Flags
r-devel-linux-x86_64-debian-clang 0.7 3.09 66.31 69.40 OK
r-devel-linux-x86_64-debian-gcc 0.7 2.46 46.57 49.03 OK
r-devel-linux-x86_64-fedora-clang 0.7 91.33 NOTE
r-devel-linux-x86_64-fedora-gcc 0.7 79.81 NOTE
r-devel-windows-x86_64 0.7 5.00 73.00 78.00 OK
r-devel-windows-x86_64-gcc10-UCRT 0.7 NOTE
r-patched-linux-x86_64 0.7 2.71 60.92 63.63 OK
r-patched-solaris-x86 0.7 131.30 NOTE
r-release-linux-x86_64 0.7 3.27 65.46 68.73 OK
r-release-macos-arm64 0.7 NOTE
r-release-macos-x86_64 0.7 NOTE
r-release-windows-ix86+x86_64 0.7 7.00 95.00 102.00 OK
r-oldrel-macos-x86_64 0.7 NOTE
r-oldrel-windows-ix86+x86_64 0.7 6.00 69.00 75.00 OK

Check Details

Version: 0.7
Check: dependencies in R code
Result: NOTE
    Namespaces in Imports field not imported from:
     ‘fields’ ‘knitr’
     All declared Imports should be used.
Flavors: r-devel-linux-x86_64-fedora-clang, r-devel-linux-x86_64-fedora-gcc, r-devel-windows-x86_64-gcc10-UCRT, r-patched-solaris-x86, r-release-macos-arm64, r-release-macos-x86_64, r-oldrel-macos-x86_64