CRAN Package Check Results for Package ADPclust

Last updated on 2020-07-16 18:50:32 CEST.

Flavor Version Tinstall Tcheck Ttotal Status Flags
r-devel-linux-x86_64-debian-clang 0.7 3.42 59.99 63.41 OK
r-devel-linux-x86_64-debian-gcc 0.7 2.54 44.58 47.12 OK
r-devel-linux-x86_64-fedora-clang 0.7 92.07 NOTE
r-devel-linux-x86_64-fedora-gcc 0.7 82.93 NOTE
r-devel-windows-ix86+x86_64 0.7 17.00 104.00 121.00 OK
r-patched-linux-x86_64 0.7 3.40 59.18 62.58 OK
r-patched-solaris-x86 0.7 129.30 NOTE
r-release-linux-x86_64 0.7 3.41 59.57 62.98 OK
r-release-windows-ix86+x86_64 0.7 10.00 103.00 113.00 OK
r-oldrel-macos-x86_64 0.7 NOTE
r-oldrel-windows-ix86+x86_64 0.7 7.00 103.00 110.00 OK

Check Details

Version: 0.7
Check: dependencies in R code
Result: NOTE
    Namespaces in Imports field not imported from:
     ‘fields’ ‘knitr’
     All declared Imports should be used.
Flavors: r-devel-linux-x86_64-fedora-clang, r-devel-linux-x86_64-fedora-gcc, r-patched-solaris-x86, r-oldrel-macos-x86_64