CRAN Package Check Results for Package ADPclust

Last updated on 2019-06-15 22:58:32 CEST.

Flavor Version Tinstall Tcheck Ttotal Status Flags
r-devel-linux-x86_64-debian-clang 0.7 2.26 61.09 63.35 OK
r-devel-linux-x86_64-debian-gcc 0.7 2.24 43.48 45.72 OK
r-devel-linux-x86_64-fedora-clang 0.7 78.45 NOTE
r-devel-linux-x86_64-fedora-gcc 0.7 70.78 NOTE
r-devel-windows-ix86+x86_64 0.7 9.00 104.00 113.00 OK
r-patched-linux-x86_64 0.7 2.75 56.98 59.73 OK
r-patched-solaris-x86 0.7 128.10 NOTE
r-release-linux-x86_64 0.7 2.78 56.92 59.70 OK
r-release-windows-ix86+x86_64 0.7 6.00 138.00 144.00 OK
r-release-osx-x86_64 0.7 NOTE
r-oldrel-windows-ix86+x86_64 0.7 3.00 98.00 101.00 OK
r-oldrel-osx-x86_64 0.7 NOTE

Check Details

Version: 0.7
Check: dependencies in R code
Result: NOTE
    Namespaces in Imports field not imported from:
     ‘fields’ ‘knitr’
     All declared Imports should be used.
Flavors: r-devel-linux-x86_64-fedora-clang, r-devel-linux-x86_64-fedora-gcc, r-patched-solaris-x86, r-release-osx-x86_64, r-oldrel-osx-x86_64