Last updated on 2022-08-16 20:53:07 CEST.
Flavor | Version | Tinstall | Tcheck | Ttotal | Status | Flags |
---|---|---|---|---|---|---|
r-devel-linux-x86_64-debian-clang | 0.7 | 3.53 | 68.97 | 72.50 | OK | |
r-devel-linux-x86_64-debian-gcc | 0.7 | 2.70 | 47.53 | 50.23 | OK | |
r-devel-linux-x86_64-fedora-clang | 0.7 | 94.61 | NOTE | |||
r-devel-linux-x86_64-fedora-gcc | 0.7 | 96.99 | NOTE | |||
r-devel-windows-x86_64 | 0.7 | 22.00 | 97.00 | 119.00 | OK | |
r-patched-linux-x86_64 | 0.7 | 3.61 | 69.84 | 73.45 | OK | |
r-release-linux-x86_64 | 0.7 | 2.16 | 67.40 | 69.56 | OK | |
r-release-macos-arm64 | 0.7 | 29.00 | NOTE | |||
r-release-macos-x86_64 | 0.7 | 48.00 | NOTE | |||
r-release-windows-x86_64 | 0.7 | 38.00 | 117.00 | 155.00 | OK | |
r-oldrel-macos-arm64 | 0.7 | 37.00 | NOTE | |||
r-oldrel-macos-x86_64 | 0.7 | 41.00 | NOTE | |||
r-oldrel-windows-ix86+x86_64 | 0.7 | 8.00 | 114.00 | 122.00 | OK |
Version: 0.7
Check: dependencies in R code
Result: NOTE
Namespaces in Imports field not imported from:
‘fields’ ‘knitr’
All declared Imports should be used.
Flavors: r-devel-linux-x86_64-fedora-clang, r-devel-linux-x86_64-fedora-gcc, r-release-macos-arm64, r-release-macos-x86_64, r-oldrel-macos-arm64, r-oldrel-macos-x86_64