CRAN Package Check Results for Package AEDForecasting

Last updated on 2024-07-22 20:55:37 CEST.

Flavor Version Tinstall Tcheck Ttotal Status Flags
r-devel-linux-x86_64-debian-clang 0.20.0 2.62 28.79 31.41 NOTE
r-devel-linux-x86_64-debian-gcc 0.20.0 2.02 21.14 23.16 NOTE
r-devel-linux-x86_64-fedora-clang 0.20.0 40.77 NOTE
r-devel-linux-x86_64-fedora-gcc 0.20.0 52.23 NOTE
r-devel-windows-x86_64 0.20.0 4.00 43.00 47.00 NOTE
r-patched-linux-x86_64 0.20.0 2.47 26.19 28.66 NOTE
r-release-linux-x86_64 0.20.0 1.51 29.28 30.79 NOTE
r-release-macos-arm64 0.20.0 22.00 NOTE
r-release-macos-x86_64 0.20.0 32.00 NOTE
r-release-windows-x86_64 0.20.0 4.00 43.00 47.00 NOTE
r-oldrel-macos-arm64 0.20.0 23.00 NOTE
r-oldrel-macos-x86_64 0.20.0 28.00 NOTE
r-oldrel-windows-x86_64 0.20.0 4.00 44.00 48.00 NOTE

Check Details

Version: 0.20.0
Check: LazyData
Result: NOTE 'LazyData' is specified without a 'data' directory Flavors: r-devel-linux-x86_64-debian-clang, r-devel-linux-x86_64-debian-gcc, r-devel-linux-x86_64-fedora-clang, r-devel-linux-x86_64-fedora-gcc, r-devel-windows-x86_64, r-patched-linux-x86_64, r-release-linux-x86_64, r-release-macos-arm64, r-release-macos-x86_64, r-release-windows-x86_64, r-oldrel-macos-arm64, r-oldrel-macos-x86_64, r-oldrel-windows-x86_64