CRAN Package Check Results for Package AEP

Last updated on 2024-02-29 07:52:27 CET.

Flavor Version Tinstall Tcheck Ttotal Status Flags
r-devel-linux-x86_64-debian-clang 0.1.4 2.74 14.97 17.71 NOTE
r-devel-linux-x86_64-debian-gcc 0.1.4 2.26 14.42 16.68 NOTE
r-devel-linux-x86_64-fedora-clang 0.1.4 36.21 NOTE
r-devel-linux-x86_64-fedora-gcc 0.1.4 36.01 NOTE
r-devel-windows-x86_64 0.1.4 4.00 44.00 48.00 OK
r-patched-linux-x86_64 0.1.4 3.33 14.89 18.22 OK
r-release-linux-x86_64 0.1.4 3.09 14.99 18.08 OK
r-release-macos-arm64 0.1.4 17.00 OK
r-release-macos-x86_64 0.1.4 22.00 OK
r-release-windows-x86_64 0.1.4 4.00 41.00 45.00 OK
r-oldrel-macos-arm64 0.1.4 20.00 OK
r-oldrel-windows-x86_64 0.1.4 16.00 46.00 62.00 OK

Check Details

Version: 0.1.4
Check: Rd files
Result: NOTE checkRd: (-1) fitaep.Rd:14: Lost braces 14 | \item A sequence of goodness-of-fit measures consist of Akaike Information Criterion (\code{AIC}), Consistent Akaike Information Criterion (\code{CAIC}), Bayesian Information Criterion (\code{BIC}), Hannan-Quinn information criterion (\code{HQIC}), Anderson-Darling (\code{AD}), Cram\'{e}er-von Misses (\code{CVM}), Kolmogorov-Smirnov (\code{KS}), and log-likelihood (\code{log-likelihood}) statistics. | ^ Flavors: r-devel-linux-x86_64-debian-clang, r-devel-linux-x86_64-debian-gcc, r-devel-linux-x86_64-fedora-clang, r-devel-linux-x86_64-fedora-gcc