Last updated on 2023-06-09 05:54:52 CEST.
Flavor | Version | Tinstall | Tcheck | Ttotal | Status | Flags |
---|---|---|---|---|---|---|
r-devel-linux-x86_64-debian-clang | 1.2-10 | 10.13 | 321.68 | 331.81 | OK | |
r-devel-linux-x86_64-debian-gcc | 1.2-10 | 8.55 | 250.25 | 258.80 | OK | |
r-devel-linux-x86_64-fedora-clang | 1.2-10 | 412.40 | OK | |||
r-devel-linux-x86_64-fedora-gcc | 1.2-10 | 420.84 | OK | |||
r-devel-windows-x86_64 | 1.2-10 | 13.00 | 414.00 | 427.00 | OK | |
r-patched-linux-x86_64 | 1.2-10 | 13.20 | 329.89 | 343.09 | OK | |
r-release-linux-x86_64 | 1.2-10 | 10.91 | 313.30 | 324.21 | OK | |
r-release-macos-arm64 | 1.2-10 | 157.00 | OK | |||
r-release-macos-x86_64 | 1.2-10 | 146.00 | NOTE | |||
r-release-windows-x86_64 | 1.2-10 | 16.00 | 413.00 | 429.00 | OK | |
r-oldrel-macos-arm64 | 1.2-10 | 129.00 | OK | |||
r-oldrel-macos-x86_64 | 1.2-10 | 191.00 | OK | |||
r-oldrel-windows-x86_64 | 1.2-10 | 17.00 | 408.00 | 425.00 | OK |
Version: 1.2-10
Check: package dependencies
Result: NOTE
Packages suggested but not available for checking:
'dynlm', 'sampleSelection', 'systemfit'
Flavor: r-release-macos-x86_64