Last updated on 2023-12-11 07:49:22 CET.
Flavor | Version | Tinstall | Tcheck | Ttotal | Status | Flags |
---|---|---|---|---|---|---|
r-devel-linux-x86_64-debian-clang | 2.0 | 31.87 | 112.11 | 143.98 | NOTE | |
r-devel-linux-x86_64-debian-gcc | 2.0 | 25.73 | 93.66 | 119.39 | NOTE | |
r-devel-linux-x86_64-fedora-clang | 2.0 | 323.41 | OK | |||
r-devel-linux-x86_64-fedora-gcc | 2.0 | 310.83 | OK | |||
r-devel-windows-x86_64 | 2.0 | 27.00 | 193.00 | 220.00 | OK | |
r-patched-linux-x86_64 | 2.0 | 34.81 | 106.86 | 141.67 | OK | |
r-release-linux-x86_64 | 2.0 | 22.39 | 106.86 | 129.25 | OK | |
r-release-macos-arm64 | 2.0 | 86.00 | OK | |||
r-release-macos-x86_64 | 2.0 | 144.00 | OK | |||
r-release-windows-x86_64 | 2.0 | 36.00 | 228.00 | 264.00 | OK | |
r-oldrel-macos-arm64 | 2.0 | 78.00 | OK | |||
r-oldrel-macos-x86_64 | 2.0 | 109.00 | OK | |||
r-oldrel-windows-x86_64 | 2.0 | 37.00 | 207.00 | 244.00 | OK |
Version: 2.0
Check: Rd files
Result: NOTE
checkRd: (-1) getNetworkGridLayout.Rd:6-11: Lost braces
6 | getCoordinatesFromVertexId2<-function(AFMImage, vId) {
| ^
Flavors: r-devel-linux-x86_64-debian-clang, r-devel-linux-x86_64-debian-gcc