CRAN Package Check Results for Package AFheritability

Last updated on 2022-11-28 14:51:55 CET.

Flavor Version Tinstall Tcheck Ttotal Status Flags
r-devel-linux-x86_64-debian-clang 0.1.0 6.98 62.74 69.72 NOTE
r-devel-linux-x86_64-debian-gcc 0.1.0 4.91 49.69 54.60 NOTE
r-devel-linux-x86_64-fedora-clang 0.1.0 100.58 NOTE
r-devel-linux-x86_64-fedora-gcc 0.1.0 108.10 NOTE
r-devel-windows-x86_64 0.1.0 21.00 88.00 109.00 NOTE
r-patched-linux-x86_64 0.1.0 6.66 60.64 67.30 NOTE
r-release-linux-x86_64 0.1.0 6.15 61.10 67.25 NOTE
r-release-macos-arm64 0.1.0 27.00 NOTE
r-release-macos-x86_64 0.1.0 39.00 NOTE
r-release-windows-x86_64 0.1.0 23.00 94.00 117.00 NOTE
r-oldrel-macos-arm64 0.1.0 35.00 NOTE
r-oldrel-macos-x86_64 0.1.0 45.00 NOTE
r-oldrel-windows-ix86+x86_64 0.1.0 19.00 88.00 107.00 NOTE

Check Details

Version: 0.1.0
Check: LazyData
Result: NOTE
     'LazyData' is specified without a 'data' directory
Flavors: r-devel-linux-x86_64-debian-clang, r-devel-linux-x86_64-debian-gcc, r-devel-linux-x86_64-fedora-clang, r-devel-linux-x86_64-fedora-gcc, r-devel-windows-x86_64, r-patched-linux-x86_64, r-release-linux-x86_64, r-release-macos-arm64, r-release-macos-x86_64, r-release-windows-x86_64, r-oldrel-macos-arm64, r-oldrel-macos-x86_64, r-oldrel-windows-ix86+x86_64