CRAN Package Check Results for Package AFheritability

Last updated on 2022-08-12 19:53:00 CEST.

Flavor Version Tinstall Tcheck Ttotal Status Flags
r-devel-linux-x86_64-debian-clang 0.1.0 7.86 66.07 73.93 NOTE
r-devel-linux-x86_64-debian-gcc 0.1.0 5.86 48.69 54.55 NOTE
r-devel-linux-x86_64-fedora-clang 0.1.0 99.00 NOTE
r-devel-linux-x86_64-fedora-gcc 0.1.0 93.63 NOTE
r-devel-windows-x86_64 0.1.0 25.00 94.00 119.00 NOTE
r-patched-linux-x86_64 0.1.0 5.40 61.69 67.09 NOTE
r-release-linux-x86_64 0.1.0 7.00 61.98 68.98 NOTE
r-release-macos-arm64 0.1.0 27.00 NOTE
r-release-macos-x86_64 0.1.0 39.00 NOTE
r-release-windows-x86_64 0.1.0 30.00 87.00 117.00 NOTE
r-oldrel-macos-arm64 0.1.0 35.00 NOTE
r-oldrel-macos-x86_64 0.1.0 45.00 NOTE
r-oldrel-windows-ix86+x86_64 0.1.0 19.00 83.00 102.00 NOTE

Check Details

Version: 0.1.0
Check: LazyData
Result: NOTE
     'LazyData' is specified without a 'data' directory
Flavors: r-devel-linux-x86_64-debian-clang, r-devel-linux-x86_64-debian-gcc, r-devel-linux-x86_64-fedora-clang, r-devel-linux-x86_64-fedora-gcc, r-devel-windows-x86_64, r-patched-linux-x86_64, r-release-linux-x86_64, r-release-macos-arm64, r-release-macos-x86_64, r-release-windows-x86_64, r-oldrel-macos-arm64, r-oldrel-macos-x86_64, r-oldrel-windows-ix86+x86_64