CRAN Package Check Results for Package AGPRIS

Last updated on 2022-08-09 06:50:09 CEST.

Flavor Version Tinstall Tcheck Ttotal Status Flags
r-devel-linux-x86_64-debian-clang 1.0 3.99 45.26 49.25 NOTE
r-devel-linux-x86_64-debian-gcc 1.0 4.05 34.40 38.45 NOTE
r-devel-linux-x86_64-fedora-clang 1.0 71.41 NOTE
r-devel-linux-x86_64-fedora-gcc 1.0 69.19 NOTE
r-devel-windows-x86_64 1.0 19.00 73.00 92.00 NOTE
r-patched-linux-x86_64 1.0 4.36 44.14 48.50 NOTE
r-release-linux-x86_64 1.0 NOTE
r-release-macos-arm64 1.0 22.00 NOTE
r-release-macos-x86_64 1.0 31.00 NOTE
r-release-windows-x86_64 1.0 20.00 73.00 93.00 NOTE
r-oldrel-macos-arm64 1.0 25.00 NOTE
r-oldrel-macos-x86_64 1.0 35.00 NOTE
r-oldrel-windows-ix86+x86_64 1.0 10.00 69.00 79.00 OK

Check Details

Version: 1.0
Check: package dependencies
Result: NOTE
    Package suggested but not available for checking: 'INLA'
Flavors: r-devel-linux-x86_64-debian-clang, r-devel-linux-x86_64-debian-gcc, r-devel-windows-x86_64, r-patched-linux-x86_64, r-release-linux-x86_64, r-release-macos-arm64, r-release-macos-x86_64, r-release-windows-x86_64, r-oldrel-macos-arm64, r-oldrel-macos-x86_64

Version: 1.0
Check: dependencies in R code
Result: NOTE
    Namespace in Imports field not imported from: ‘rgdal’
     All declared Imports should be used.
Flavors: r-devel-linux-x86_64-fedora-clang, r-devel-linux-x86_64-fedora-gcc, r-release-macos-arm64, r-release-macos-x86_64, r-oldrel-macos-arm64, r-oldrel-macos-x86_64