Last updated on 2023-01-28 19:52:08 CET.
Flavor | Version | Tinstall | Tcheck | Ttotal | Status | Flags |
---|---|---|---|---|---|---|
r-devel-linux-x86_64-debian-clang | 2.3.4 | 5.98 | 59.55 | 65.53 | NOTE | |
r-devel-linux-x86_64-debian-gcc | 2.3.4 | 5.02 | 44.39 | 49.41 | NOTE | |
r-devel-linux-x86_64-fedora-clang | 2.3.4 | 88.05 | NOTE | |||
r-devel-linux-x86_64-fedora-gcc | 2.3.4 | 101.99 | NOTE | |||
r-devel-windows-x86_64 | 2.3.4 | 30.00 | 127.00 | 157.00 | NOTE | |
r-patched-linux-x86_64 | 2.3.4 | 6.72 | 57.27 | 63.99 | OK | |
r-release-linux-x86_64 | 2.3.4 | 6.74 | 56.92 | 63.66 | OK | |
r-release-macos-arm64 | 2.3.4 | 31.00 | OK | |||
r-release-macos-x86_64 | 2.3.4 | 46.00 | OK | |||
r-release-windows-x86_64 | 2.3.4 | 26.00 | 102.00 | 128.00 | OK | |
r-oldrel-macos-arm64 | 2.3.4 | 27.00 | OK | |||
r-oldrel-macos-x86_64 | 2.3.4 | 43.00 | OK | |||
r-oldrel-windows-ix86+x86_64 | 2.3.4 | 15.00 | 109.00 | 124.00 | OK |
Version: 2.3.4
Check: Rd files
Result: NOTE
checkRd: (-1) adapt.Rd:41: Escaped LaTeX specials: \$
Flavors: r-devel-linux-x86_64-debian-clang, r-devel-linux-x86_64-debian-gcc, r-devel-linux-x86_64-fedora-clang, r-devel-linux-x86_64-fedora-gcc, r-devel-windows-x86_64