CRAN Package Check Results for Package AHM

Last updated on 2022-12-08 14:50:19 CET.

Flavor Version Tinstall Tcheck Ttotal Status Flags
r-devel-linux-x86_64-debian-clang 1.0.1 19.45 128.71 148.16 OK
r-devel-linux-x86_64-debian-gcc 1.0.1 17.19 98.45 115.64 OK
r-devel-linux-x86_64-fedora-clang 1.0.1 198.97 NOTE
r-devel-linux-x86_64-fedora-gcc 1.0.1 199.37 NOTE
r-devel-windows-x86_64 1.0.1 31.00 175.00 206.00 OK
r-patched-linux-x86_64 1.0.1 14.74 125.08 139.82 OK
r-release-linux-x86_64 1.0.1 16.00 124.49 140.49 OK
r-release-macos-arm64 1.0.1 49.00 NOTE
r-release-macos-x86_64 1.0.1 100.00 NOTE
r-release-windows-x86_64 1.0.1 41.00 154.00 195.00 OK
r-oldrel-macos-arm64 1.0.1 52.00 NOTE
r-oldrel-macos-x86_64 1.0.1 94.00 NOTE
r-oldrel-windows-ix86+x86_64 1.0.1 42.00 146.00 188.00 OK

Check Details

Version: 1.0.1
Check: dependencies in R code
Result: NOTE
    Namespaces in Imports field not imported from:
     ‘devtools’ ‘mixexp’
     All declared Imports should be used.
Flavors: r-devel-linux-x86_64-fedora-clang, r-devel-linux-x86_64-fedora-gcc, r-release-macos-arm64, r-release-macos-x86_64, r-oldrel-macos-arm64, r-oldrel-macos-x86_64