CRAN Package Check Results for Package AICcmodavg

Last updated on 2021-06-17 18:49:29 CEST.

Flavor Version Tinstall Tcheck Ttotal Status Flags
r-devel-linux-x86_64-debian-clang 2.3-1 80.90 442.47 523.37 OK
r-devel-linux-x86_64-debian-gcc 2.3-1 63.10 319.20 382.30 OK
r-devel-linux-x86_64-fedora-clang 2.3-1 635.48 NOTE
r-devel-linux-x86_64-fedora-gcc 2.3-1 629.38 OK
r-devel-windows-x86_64 2.3-1 117.00 447.00 564.00 OK
r-devel-windows-x86_64-gcc10-UCRT 2.3-1 OK
r-patched-linux-x86_64 2.3-1 80.74 420.11 500.85 OK
r-patched-solaris-x86 2.3-1 711.40 OK
r-release-linux-x86_64 2.3-1 71.33 426.24 497.57 OK
r-release-macos-arm64 2.3-1 NOTE
r-release-macos-x86_64 2.3-1 OK
r-release-windows-ix86+x86_64 2.3-1 137.00 436.00 573.00 OK
r-oldrel-macos-x86_64 2.3-1 OK
r-oldrel-windows-ix86+x86_64 2.3-1 88.00 385.00 473.00 OK

Check Details

Version: 2.3-1
Check: Rd cross-references
Result: NOTE
    Undeclared packages ‘multcomp’, ‘gmodels’ in Rd xrefs
Flavor: r-devel-linux-x86_64-fedora-clang

Version: 2.3-1
Check: package dependencies
Result: NOTE
    Packages suggested but not available for checking: 'R2jags', 'jagsUI'
Flavor: r-release-macos-arm64