CRAN Package Check Results for Package AICcmodavg

Last updated on 2020-07-05 18:51:47 CEST.

Flavor Version Tinstall Tcheck Ttotal Status Flags
r-devel-linux-x86_64-debian-clang 2.2-2 71.42 342.20 413.62 OK
r-devel-linux-x86_64-debian-gcc 2.3-0 68.55 285.85 354.40 OK
r-devel-linux-x86_64-fedora-clang 2.3-0 563.53 NOTE
r-devel-linux-x86_64-fedora-gcc 2.3-0 346.96 OK
r-devel-windows-ix86+x86_64 2.3-0 75.00 346.00 421.00 OK
r-patched-linux-x86_64 2.2-2 68.73 344.84 413.57 OK
r-patched-solaris-x86 2.3-0 646.20 OK
r-release-linux-x86_64 2.3-0 81.10 378.78 459.88 OK
r-release-osx-x86_64 2.2-2 OK
r-release-windows-ix86+x86_64 2.2-2 80.00 303.00 383.00 OK
r-oldrel-osx-x86_64 2.3-0 OK
r-oldrel-windows-ix86+x86_64 2.2-2 111.00 390.00 501.00 OK

Check Details

Version: 2.3-0
Check: Rd cross-references
Result: NOTE
    Undeclared packages ‘multcomp’, ‘gmodels’ in Rd xrefs
Flavor: r-devel-linux-x86_64-fedora-clang