CRAN Package Check Results for Package AIG

Last updated on 2020-07-11 17:49:20 CEST.

Flavor Version Tinstall Tcheck Ttotal Status Flags
r-devel-linux-x86_64-debian-clang 0.1.9 12.02 51.20 63.22 NOTE
r-devel-linux-x86_64-debian-gcc 0.1.9 10.95 42.92 53.87 NOTE
r-devel-linux-x86_64-fedora-clang 0.1.9 151.74 NOTE
r-devel-linux-x86_64-fedora-gcc 0.1.9 122.88 NOTE
r-devel-windows-ix86+x86_64 0.1.9 22.00 109.00 131.00 OK
r-patched-linux-x86_64 0.1.9 11.96 49.04 61.00 NOTE
r-patched-solaris-x86 0.1.9 169.00 NOTE
r-release-linux-x86_64 0.1.9 12.62 51.03 63.65 NOTE
r-release-macos-x86_64 0.1.9 OK
r-release-windows-ix86+x86_64 0.1.9 37.00 140.00 177.00 OK
r-oldrel-macos-x86_64 0.1.9 WARN
r-oldrel-windows-ix86+x86_64 0.1.9 22.00 90.00 112.00 OK

Check Details

Version: 0.1.9
Check: for non-standard things in the check directory
Result: NOTE
    Found the following files/directories:
     'ans_19-2.jpg' 'display2d_19-2.jpg' 'dist(3)_19-2.jpg'
     'dist(4)_19-2.jpg' 'dist(mirror)_19-2.jpg' 'dist(mirror2)_19-2.jpg'
Flavors: r-devel-linux-x86_64-debian-clang, r-devel-linux-x86_64-debian-gcc, r-devel-linux-x86_64-fedora-clang, r-devel-linux-x86_64-fedora-gcc, r-patched-linux-x86_64, r-patched-solaris-x86, r-release-linux-x86_64

Version: 0.1.9
Check: whether package can be installed
Result: WARN
    Found the following significant warnings:
     Warning: 'rgl_init' failed, running with rgl.useNULL = TRUE
Flavor: r-oldrel-macos-x86_64