CRAN Package Check Results for Package ALSCPC

Last updated on 2020-09-30 21:49:11 CEST.

Flavor Version Tinstall Tcheck Ttotal Status Flags
r-devel-linux-x86_64-debian-clang 1.0 1.92 19.68 21.60 NOTE
r-devel-linux-x86_64-debian-gcc 1.0 1.51 15.70 17.21 NOTE
r-devel-linux-x86_64-fedora-clang 1.0 35.28 NOTE
r-devel-linux-x86_64-fedora-gcc 1.0 26.61 NOTE
r-devel-windows-ix86+x86_64 1.0 4.00 32.00 36.00 NOTE
r-patched-linux-x86_64 1.0 1.61 18.99 20.60 NOTE
r-patched-solaris-x86 1.0 38.30 NOTE
r-release-linux-x86_64 1.0 1.79 18.82 20.61 NOTE
r-release-macos-x86_64 1.0 NOTE
r-release-windows-ix86+x86_64 1.0 5.00 28.00 33.00 NOTE
r-oldrel-macos-x86_64 1.0 NOTE
r-oldrel-windows-ix86+x86_64 1.0 4.00 47.00 51.00 NOTE

Check Details

Version: 1.0
Check: DESCRIPTION meta-information
Result: NOTE
    Malformed Title field: should not end in a period.
Flavors: r-devel-linux-x86_64-debian-clang, r-devel-linux-x86_64-debian-gcc, r-devel-linux-x86_64-fedora-clang, r-devel-linux-x86_64-fedora-gcc, r-devel-windows-ix86+x86_64, r-patched-linux-x86_64, r-patched-solaris-x86, r-release-linux-x86_64, r-release-macos-x86_64, r-release-windows-ix86+x86_64, r-oldrel-macos-x86_64, r-oldrel-windows-ix86+x86_64