CRAN Package Check Results for Package ALSCPC

Last updated on 2022-08-12 01:49:57 CEST.

Flavor Version Tinstall Tcheck Ttotal Status Flags
r-devel-linux-x86_64-debian-clang 1.0 2.13 22.40 24.53 NOTE
r-devel-linux-x86_64-debian-gcc 1.0 1.70 11.62 13.32 NOTE
r-devel-linux-x86_64-fedora-clang 1.0 40.07 NOTE
r-devel-linux-x86_64-fedora-gcc 1.0 38.53 NOTE
r-devel-windows-x86_64 1.0 7.00 43.00 50.00 NOTE
r-patched-linux-x86_64 1.0 2.18 21.56 23.74 NOTE
r-release-linux-x86_64 1.0 2.14 21.01 23.15 NOTE
r-release-macos-arm64 1.0 14.00 NOTE
r-release-macos-x86_64 1.0 21.00 NOTE
r-release-windows-x86_64 1.0 4.00 42.00 46.00 NOTE
r-oldrel-macos-arm64 1.0 19.00 NOTE
r-oldrel-macos-x86_64 1.0 26.00 NOTE
r-oldrel-windows-ix86+x86_64 1.0 4.00 35.00 39.00 NOTE

Check Details

Version: 1.0
Check: DESCRIPTION meta-information
Result: NOTE
    Malformed Title field: should not end in a period.
Flavors: r-devel-linux-x86_64-debian-clang, r-devel-linux-x86_64-debian-gcc, r-devel-linux-x86_64-fedora-clang, r-devel-linux-x86_64-fedora-gcc, r-devel-windows-x86_64, r-patched-linux-x86_64, r-release-linux-x86_64, r-release-macos-arm64, r-release-macos-x86_64, r-release-windows-x86_64, r-oldrel-macos-arm64, r-oldrel-macos-x86_64, r-oldrel-windows-ix86+x86_64