Last updated on 2023-01-28 20:54:22 CET.
Flavor | Version | Tinstall | Tcheck | Ttotal | Status | Flags |
---|---|---|---|---|---|---|
r-devel-linux-x86_64-debian-clang | 1.0 | 1.90 | 21.98 | 23.88 | NOTE | |
r-devel-linux-x86_64-debian-gcc | 1.0 | 1.72 | 12.97 | 14.69 | NOTE | |
r-devel-linux-x86_64-fedora-clang | 1.0 | 33.77 | NOTE | |||
r-devel-linux-x86_64-fedora-gcc | 1.0 | 32.72 | NOTE | |||
r-devel-windows-x86_64 | 1.0 | 12.00 | 45.00 | 57.00 | NOTE | |
r-patched-linux-x86_64 | 1.0 | 2.08 | 22.26 | 24.34 | NOTE | |
r-release-linux-x86_64 | 1.0 | 1.52 | 21.74 | 23.26 | NOTE | |
r-release-macos-arm64 | 1.0 | 14.00 | NOTE | |||
r-release-macos-x86_64 | 1.0 | 21.00 | NOTE | |||
r-release-windows-x86_64 | 1.0 | 4.00 | 42.00 | 46.00 | NOTE | |
r-oldrel-macos-arm64 | 1.0 | 19.00 | NOTE | |||
r-oldrel-macos-x86_64 | 1.0 | 26.00 | NOTE | |||
r-oldrel-windows-ix86+x86_64 | 1.0 | 4.00 | 35.00 | 39.00 | NOTE |
Version: 1.0
Check: DESCRIPTION meta-information
Result: NOTE
Malformed Title field: should not end in a period.
Flavors: r-devel-linux-x86_64-debian-clang, r-devel-linux-x86_64-debian-gcc, r-devel-linux-x86_64-fedora-clang, r-devel-linux-x86_64-fedora-gcc, r-devel-windows-x86_64, r-patched-linux-x86_64, r-release-linux-x86_64, r-release-macos-arm64, r-release-macos-x86_64, r-release-windows-x86_64, r-oldrel-macos-arm64, r-oldrel-macos-x86_64, r-oldrel-windows-ix86+x86_64