CRAN Package Check Results for Package ALSM

Last updated on 2024-02-25 12:51:40 CET.

Flavor Version Tinstall Tcheck Ttotal Status Flags
r-devel-linux-x86_64-debian-clang 0.2.0 4.77 40.55 45.32 NOTE
r-devel-linux-x86_64-debian-gcc 0.2.0 4.05 31.05 35.10 NOTE
r-devel-linux-x86_64-fedora-clang 0.2.0 58.11 NOTE
r-devel-linux-x86_64-fedora-gcc 0.2.0 56.30 NOTE
r-devel-windows-x86_64 0.2.0 6.00 61.00 67.00 NOTE
r-patched-linux-x86_64 0.2.0 4.78 41.09 45.87 OK
r-release-linux-x86_64 0.2.0 3.37 39.05 42.42 OK
r-release-macos-arm64 0.2.0 23.00 OK
r-release-macos-x86_64 0.2.0 29.00 OK
r-release-windows-x86_64 0.2.0 8.00 67.00 75.00 OK
r-oldrel-macos-arm64 0.2.0 21.00 OK
r-oldrel-windows-x86_64 0.2.0 7.00 70.00 77.00 OK

Check Details

Version: 0.2.0
Check: Rd files
Result: NOTE checkRd: (-1) 6_ci.reg.Rd:23: Lost braces 23 | Interval Estimation of E{Y_h} | ^ Flavors: r-devel-linux-x86_64-debian-clang, r-devel-linux-x86_64-debian-gcc, r-devel-linux-x86_64-fedora-clang, r-devel-linux-x86_64-fedora-gcc

Version: 0.2.0
Check: Rd contents
Result: NOTE Argument items with no description in Rd file 'MLS.Rd': ‘MSE1’ Flavors: r-devel-linux-x86_64-debian-clang, r-devel-linux-x86_64-debian-gcc, r-devel-linux-x86_64-fedora-clang, r-devel-linux-x86_64-fedora-gcc, r-devel-windows-x86_64