Last updated on 2022-05-17 17:50:55 CEST.
Flavor | Version | Tinstall | Tcheck | Ttotal | Status | Flags |
---|---|---|---|---|---|---|
r-devel-linux-x86_64-debian-clang | 0.2.1 | 53.66 | 87.48 | 141.14 | OK | |
r-devel-linux-x86_64-debian-gcc | 0.2.1 | 36.54 | 64.93 | 101.47 | OK | |
r-devel-linux-x86_64-fedora-clang | 0.2.1 | 184.46 | OK | |||
r-devel-linux-x86_64-fedora-gcc | 0.2.1 | 166.08 | OK | |||
r-devel-windows-x86_64 | 0.2.1 | 172.00 | 165.00 | 337.00 | OK | |
r-patched-linux-x86_64 | 0.2.1 | 41.92 | 83.02 | 124.94 | OK | |
r-release-linux-x86_64 | 0.2.1 | 41.07 | 86.40 | 127.47 | OK | |
r-release-macos-arm64 | 0.2.1 | 48.00 | OK | |||
r-release-macos-x86_64 | 0.2.1 | 78.00 | OK | |||
r-release-windows-x86_64 | 0.2.1 | 177.00 | 161.00 | 338.00 | OK | |
r-oldrel-macos-arm64 | 0.2.1 | 64.00 | OK | |||
r-oldrel-macos-x86_64 | 0.2.1 | 105.00 | OK | |||
r-oldrel-windows-ix86+x86_64 | 0.2.1 | 126.00 | 158.00 | 284.00 | NOTE |
Version: 0.2.1
Check: installed package size
Result: NOTE
installed size is 5.1Mb
sub-directories of 1Mb or more:
doc 2.4Mb
libs 2.1Mb
Flavor: r-oldrel-windows-ix86+x86_64