CRAN Package Check Results for Package AMCTestmakeR

Last updated on 2024-04-13 03:52:12 CEST.

Flavor Version Tinstall Tcheck Ttotal Status Flags
r-devel-linux-x86_64-debian-clang 1.0.0 2.33 28.54 30.87 NOTE
r-devel-linux-x86_64-debian-gcc 1.0.0 1.63 22.06 23.69 NOTE
r-devel-linux-x86_64-fedora-clang 1.0.0 38.94 NOTE
r-devel-linux-x86_64-fedora-gcc 1.0.0 53.13 NOTE
r-devel-windows-x86_64 1.0.0 4.00 50.00 54.00 NOTE
r-patched-linux-x86_64 1.0.0 2.24 27.37 29.61 NOTE
r-release-linux-x86_64 1.0.0 2.34 27.79 30.13 NOTE
r-release-macos-arm64 1.0.0 24.00 NOTE
r-release-macos-x86_64 1.0.0 33.00 NOTE
r-release-windows-x86_64 1.0.0 4.00 48.00 52.00 NOTE
r-oldrel-macos-arm64 1.0.0 19.00 NOTE
r-oldrel-windows-x86_64 1.0.0 4.00 71.00 75.00 NOTE

Check Details

Version: 1.0.0
Check: LazyData
Result: NOTE 'LazyData' is specified without a 'data' directory Flavors: r-devel-linux-x86_64-debian-clang, r-devel-linux-x86_64-debian-gcc, r-devel-linux-x86_64-fedora-clang, r-devel-linux-x86_64-fedora-gcc, r-devel-windows-x86_64, r-patched-linux-x86_64, r-release-linux-x86_64, r-release-macos-arm64, r-release-macos-x86_64, r-release-windows-x86_64, r-oldrel-macos-arm64, r-oldrel-windows-x86_64