Last updated on 2023-02-08 19:57:54 CET.
Flavor | Version | Tinstall | Tcheck | Ttotal | Status | Flags |
---|---|---|---|---|---|---|
r-devel-linux-x86_64-debian-clang | 1.0.0 | 1.93 | 26.14 | 28.07 | NOTE | |
r-devel-linux-x86_64-debian-gcc | 1.0.0 | 1.49 | 20.30 | 21.79 | NOTE | |
r-devel-linux-x86_64-fedora-clang | 1.0.0 | 36.09 | NOTE | |||
r-devel-linux-x86_64-fedora-gcc | 1.0.0 | 46.85 | NOTE | |||
r-devel-windows-x86_64 | 1.0.0 | 22.00 | 64.00 | 86.00 | NOTE | |
r-patched-linux-x86_64 | 1.0.0 | 2.41 | 25.62 | 28.03 | NOTE | |
r-release-linux-x86_64 | 1.0.0 | 1.56 | 26.21 | 27.77 | NOTE | |
r-release-macos-arm64 | 1.0.0 | 17.00 | NOTE | |||
r-release-macos-x86_64 | 1.0.0 | 25.00 | NOTE | |||
r-release-windows-x86_64 | 1.0.0 | 22.00 | 65.00 | 87.00 | NOTE | |
r-oldrel-macos-arm64 | 1.0.0 | 24.00 | NOTE | |||
r-oldrel-macos-x86_64 | 1.0.0 | 28.00 | NOTE | |||
r-oldrel-windows-ix86+x86_64 | 1.0.0 | 5.00 | 52.00 | 57.00 | NOTE |
Version: 1.0.0
Check: LazyData
Result: NOTE
'LazyData' is specified without a 'data' directory
Flavors: r-devel-linux-x86_64-debian-clang, r-devel-linux-x86_64-debian-gcc, r-devel-linux-x86_64-fedora-clang, r-devel-linux-x86_64-fedora-gcc, r-devel-windows-x86_64, r-patched-linux-x86_64, r-release-linux-x86_64, r-release-macos-arm64, r-release-macos-x86_64, r-release-windows-x86_64, r-oldrel-macos-arm64, r-oldrel-macos-x86_64, r-oldrel-windows-ix86+x86_64