CRAN Package Check Results for Package AMPLE

Last updated on 2021-04-19 03:49:05 CEST.

Flavor Version Tinstall Tcheck Ttotal Status Flags
r-devel-linux-x86_64-debian-clang 0.0.2 8.38 81.87 90.25 NOTE
r-devel-linux-x86_64-debian-gcc 0.0.2 5.65 59.76 65.41 NOTE
r-devel-linux-x86_64-fedora-clang 0.0.2 114.50 NOTE
r-devel-linux-x86_64-fedora-gcc 0.0.2 103.85 NOTE
r-devel-windows-ix86+x86_64 0.0.2 14.00 81.00 95.00 NOTE
r-devel-windows-x86_64-gcc10-UCRT 0.0.2 NOTE
r-patched-linux-x86_64 0.0.2 6.20 76.21 82.41 OK
r-patched-solaris-x86 0.0.2 147.30 NOTE
r-release-linux-x86_64 0.0.2 6.90 78.62 85.52 OK
r-release-macos-x86_64 0.0.2 NOTE
r-release-windows-ix86+x86_64 0.0.2 18.00 102.00 120.00 OK
r-oldrel-macos-x86_64 0.0.2 NOTE
r-oldrel-windows-ix86+x86_64 0.0.2 10.00 88.00 98.00 OK

Check Details

Version: 0.0.2
Check: LazyData
Result: NOTE
     'LazyData' is specified without a 'data' directory
Flavors: r-devel-linux-x86_64-debian-clang, r-devel-linux-x86_64-debian-gcc, r-devel-linux-x86_64-fedora-clang, r-devel-linux-x86_64-fedora-gcc, r-devel-windows-ix86+x86_64, r-devel-windows-x86_64-gcc10-UCRT

Version: 0.0.2
Check: dependencies in R code
Result: NOTE
    Namespace in Imports field not imported from: ‘shinyjs’
     All declared Imports should be used.
Flavors: r-devel-linux-x86_64-fedora-clang, r-devel-linux-x86_64-fedora-gcc, r-devel-windows-x86_64-gcc10-UCRT, r-patched-solaris-x86, r-release-macos-x86_64, r-oldrel-macos-x86_64