CRAN Package Check Results for Package AMR

Last updated on 2020-12-03 14:46:40 CET.

Flavor Version Tinstall Tcheck Ttotal Status Flags
r-devel-linux-x86_64-debian-clang 1.4.0 23.61 183.22 206.83 OK
r-devel-linux-x86_64-debian-gcc 1.4.0 19.48 143.87 163.35 OK
r-devel-linux-x86_64-fedora-clang 1.4.0 278.35 NOTE
r-devel-linux-x86_64-fedora-gcc 1.4.0 265.48 OK
r-devel-windows-ix86+x86_64 1.4.0 54.00 247.00 301.00 NOTE
r-patched-linux-x86_64 1.4.0 24.41 171.09 195.50 OK
r-patched-solaris-x86 1.4.0 316.80 NOTE
r-release-linux-x86_64 1.4.0 21.78 172.16 193.94 OK
r-release-macos-x86_64 1.4.0 NOTE
r-release-windows-ix86+x86_64 1.4.0 42.00 187.00 229.00 NOTE
r-oldrel-macos-x86_64 1.4.0 NOTE
r-oldrel-windows-ix86+x86_64 1.4.0 40.00 246.00 286.00 NOTE

Check Details

Version: 1.4.0
Check: installed package size
Result: NOTE
     installed size is 5.2Mb
     sub-directories of 1Mb or more:
     R 1.1Mb
     data 3.3Mb
Flavors: r-devel-linux-x86_64-fedora-clang, r-devel-windows-ix86+x86_64, r-patched-solaris-x86, r-release-macos-x86_64, r-release-windows-ix86+x86_64, r-oldrel-macos-x86_64, r-oldrel-windows-ix86+x86_64