Last updated on 2023-11-28 14:48:11 CET.
Flavor | Version | Tinstall | Tcheck | Ttotal | Status | Flags |
---|---|---|---|---|---|---|
r-devel-linux-x86_64-debian-clang | 2.3.4 | 482.29 | 79.91 | 562.20 | NOTE | |
r-devel-linux-x86_64-debian-gcc | 2.3.4 | 325.88 | 68.49 | 394.37 | NOTE | |
r-devel-linux-x86_64-fedora-clang | 2.3.4 | 892.21 | NOTE | |||
r-devel-linux-x86_64-fedora-gcc | 2.3.4 | 767.65 | NOTE | |||
r-devel-windows-x86_64 | 2.3.4 | 285.00 | 114.00 | 399.00 | NOTE | |
r-patched-linux-x86_64 | 2.3.4 | 326.31 | 76.24 | 402.55 | NOTE | |
r-release-linux-x86_64 | 2.3.4 | 360.18 | 74.67 | 434.85 | NOTE | |
r-release-macos-arm64 | 2.3.4 | 264.00 | NOTE | |||
r-release-macos-x86_64 | 2.3.4 | 406.00 | NOTE | |||
r-release-windows-x86_64 | 2.3.4 | 402.00 | 133.00 | 535.00 | NOTE | |
r-oldrel-macos-arm64 | 2.3.4 | 229.00 | NOTE | |||
r-oldrel-macos-x86_64 | 2.3.4 | 415.00 | NOTE | |||
r-oldrel-windows-x86_64 | 2.3.4 | 388.00 | 119.00 | 507.00 | NOTE |
Version: 2.3.4
Check: C++ specification
Result: NOTE
Specified C++11: please drop specification unless essential
Flavors: r-devel-linux-x86_64-debian-clang, r-devel-linux-x86_64-debian-gcc, r-devel-linux-x86_64-fedora-clang, r-devel-linux-x86_64-fedora-gcc, r-devel-windows-x86_64, r-patched-linux-x86_64, r-release-linux-x86_64, r-release-macos-arm64, r-release-macos-x86_64, r-release-windows-x86_64
Version: 2.3.4
Check: LazyData
Result: NOTE
'LazyData' is specified without a 'data' directory
Flavors: r-devel-linux-x86_64-debian-clang, r-devel-linux-x86_64-debian-gcc, r-devel-linux-x86_64-fedora-clang, r-devel-linux-x86_64-fedora-gcc, r-devel-windows-x86_64, r-patched-linux-x86_64, r-release-linux-x86_64, r-release-macos-arm64, r-release-macos-x86_64, r-release-windows-x86_64, r-oldrel-macos-arm64, r-oldrel-macos-x86_64, r-oldrel-windows-x86_64
Version: 2.3.4
Check: installed package size
Result: NOTE
installed size is 32.9Mb
sub-directories of 1Mb or more:
cereal 1.4Mb
libs 31.4Mb
Flavors: r-release-macos-arm64, r-release-macos-x86_64, r-oldrel-macos-arm64, r-oldrel-macos-x86_64